000
CDUS42 KGSP 222147
CLIGSP

CLIMATE REPORT
NATIONAL WEATHER SERVICE GREENVILLE-SPARTANBURG SC
447 PM EST MON DEC 22 2014


...................................

...THE GREENVILLE-SPARTANBURG SC CLIMATE SUMMARY FOR DECEMBER 22 2014...
VALID TODAY AS OF 0445 PM LOCAL TIME.

CLIMATE NORMAL PERIOD 1981 TO 2010
CLIMATE RECORD PERIOD 1884 TO 2014


WEATHER ITEM   OBSERVED TIME   RECORD YEAR NORMAL DEPARTURE LAST
                VALUE   (LST)  VALUE       VALUE  FROM      YEAR
                                                  NORMAL
..................................................................
TEMPERATURE (F)
 TODAY
  MAXIMUM         44    105 AM  70    2013  53     -9       70
                                      1970
  MINIMUM         40    342 PM   9    1901  33      7       60
  AVERAGE         42                        43     -1       65

PRECIPITATION (IN)
  TODAY            0.04          2.18 1908   0.13  -0.09     1.48
  MONTH TO DATE    0.64                      2.99  -2.35     4.44
  SINCE DEC 1      0.64                      2.99  -2.35     4.44
  SINCE JAN 1     47.21                     46.07   1.14    67.33

SNOWFALL (IN)
  TODAY            0.0           5.3  1929   0.0    0.0      0.0
  MONTH TO DATE    0.0                       0.2   -0.2      0.0
  SINCE DEC 1      0.0                       0.2   -0.2      0.0
  SINCE JUL 1      T                         0.3   -0.3      0.1
  SNOW DEPTH       0

DEGREE DAYS
 HEATING
  TODAY           23                        22      1        0
  MONTH TO DATE  368                       447    -79      356
  SINCE DEC 1    368                       447    -79      356
  SINCE JUL 1   1005                      1000      5      960

 COOLING
  TODAY            0                         0      0        0
  MONTH TO DATE    0                         0      0        6
  SINCE DEC 1      0                         0      0        6
  SINCE JAN 1   1693                      1715    -22     1533
..................................................................


WIND (MPH)
  HIGHEST WIND SPEED    16   HIGHEST WIND DIRECTION    NE (30)
  HIGHEST GUST SPEED    22   HIGHEST GUST DIRECTION    NE (30)
  AVERAGE WIND SPEED    10.2


SKY COVER
  POSSIBLE SUNSHINE  MM
  AVERAGE SKY COVER 1.0


WEATHER CONDITIONS
 THE FOLLOWING WEATHER WAS RECORDED TODAY.
  LIGHT RAIN
  FOG


RELATIVE HUMIDITY (PERCENT)
 HIGHEST   100           900 AM
 LOWEST     89          1200 AM
 AVERAGE    95

..........................................................


THE GREENVILLE-SPARTANBURG SC CLIMATE NORMALS FOR TOMORROW
                         NORMAL    RECORD    YEAR
 MAXIMUM TEMPERATURE (F)   52        70      1970
                                             1933
 MINIMUM TEMPERATURE (F)   33        10      1989


SUNRISE AND SUNSET
DECEMBER 22 2014......SUNRISE   733 AM EST   SUNSET   522 PM EST
DECEMBER 23 2014......SUNRISE   734 AM EST   SUNSET   522 PM EST


-  INDICATES NEGATIVE NUMBERS.
R  INDICATES RECORD WAS SET OR TIED.
MM INDICATES DATA IS MISSING.
T  INDICATES TRACE AMOUNT.

$$

OUTLAW
