000
CDUS42 KGSP 220637
CLIGSP

CLIMATE REPORT
NATIONAL WEATHER SERVICE GREENVILLE-SPARTANBURG SC
135 AM EST THU FEB 22 2018


...................................

...THE GREENVILLE-SPARTANBURG SC CLIMATE SUMMARY FOR FEBRUARY 21 2018...

CLIMATE NORMAL PERIOD 1981 TO 2010
CLIMATE RECORD PERIOD 1884 TO 2018


WEATHER ITEM   OBSERVED TIME   RECORD YEAR NORMAL DEPARTURE LAST
                VALUE   (LST)  VALUE       VALUE  FROM      YEAR
                                                  NORMAL
..................................................................
TEMPERATURE (F)
 YESTERDAY
  MAXIMUM         77R   407 PM  75    1917  58     19       69
  MINIMUM         62    211 AM   9    1896  36     26       48
  AVERAGE         70                        47     23       59

PRECIPITATION (IN)
  YESTERDAY        0.00          2.07 1961   0.15  -0.15     0.01
  MONTH TO DATE    4.91                      2.92   1.99     1.04
  SINCE DEC 1     10.68                     10.85  -0.17     8.25
  SINCE JAN 1      7.77                      6.74   1.03     5.56

SNOWFALL (IN)
  YESTERDAY        0.0           0.4  1978   0.1   -0.1      0.0
  MONTH TO DATE    0.0                       0.8   -0.8      0.0
  SINCE DEC 1      4.7                       3.5    1.2      3.1
  SINCE JUL 1      4.7                       3.6    1.1      3.1
  SNOW DEPTH       0

DEGREE DAYS
 HEATING
  YESTERDAY        0                        18    -18        6
  MONTH TO DATE  295                       419   -124      252
  SINCE DEC 1   1740                      1776    -36     1344
  SINCE JUL 1   2234                      2329    -95     1670

 COOLING
  YESTERDAY        5                         0      5        0
  MONTH TO DATE   10                         0     10        6
  SINCE DEC 1     10                         1      9        6
  SINCE JAN 1     10                         0     10        6
..................................................................


WIND (MPH)
  HIGHEST WIND SPEED    16   HIGHEST WIND DIRECTION    SW (210)
  HIGHEST GUST SPEED    22   HIGHEST GUST DIRECTION    SW (230)
  AVERAGE WIND SPEED     5.7


SKY COVER
  POSSIBLE SUNSHINE  MM
  AVERAGE SKY COVER 0.8


WEATHER CONDITIONS
 THE FOLLOWING WEATHER WAS RECORDED YESTERDAY.
  NO SIGNIFICANT WEATHER WAS OBSERVED.


RELATIVE HUMIDITY (PERCENT)
 HIGHEST   100           200 AM
 LOWEST     69           400 PM
 AVERAGE    85

..........................................................


THE GREENVILLE-SPARTANBURG SC CLIMATE NORMALS FOR TODAY
                         NORMAL    RECORD    YEAR
 MAXIMUM TEMPERATURE (F)   58        76      2011
 MINIMUM TEMPERATURE (F)   36        10      1963


SUNRISE AND SUNSET
FEBRUARY 22 2018......SUNRISE   707 AM EST   SUNSET   618 PM EST
FEBRUARY 23 2018......SUNRISE   706 AM EST   SUNSET   619 PM EST


-  INDICATES NEGATIVE NUMBERS.
R  INDICATES RECORD WAS SET OR TIED.
MM INDICATES DATA IS MISSING.
T  INDICATES TRACE AMOUNT.




$$
