138
CDUS45 KTFX 270937
CLIGTF


CLIMATE REPORT
NATIONAL WEATHER SERVICE GREAT FALLS MT
337 AM MDT WED JUL 27 2016


...................................

...THE GREAT FALLS MT CLIMATE SUMMARY FOR JULY 26 2016...

CLIMATE NORMAL PERIOD 1981 TO 2010
CLIMATE RECORD PERIOD 1886 TO 2016


WEATHER ITEM   OBSERVED TIME   RECORD YEAR NORMAL DEPARTURE LAST
                VALUE   (LST)  VALUE       VALUE  FROM      YEAR
                                                  NORMAL
..................................................................
TEMPERATURE (F)
 YESTERDAY
  MAXIMUM         92    232 PM 103    1933  86      6       85
  MINIMUM         52    445 AM  41    2005  53     -1       53
  AVERAGE         72                        69      3       69

PRECIPITATION (IN)
  YESTERDAY        T             1.03 1909   0.04  -0.04     0.15
  MONTH TO DATE    1.20                      1.31  -0.11     0.68
  SINCE OCT 1     13.28                     11.57   1.71     9.87
  SINCE JAN 1      8.18                      9.57  -1.39     6.92

SNOWFALL (IN)
  YESTERDAY        0.0           0.0  2002   0.0    0.0      0.0
  MONTH TO DATE    T                         0.0    0.0      0.0
  SINCE JUN 1      T                         0.3   -0.3      0.0
  SINCE JUL 1      T                         0.0    0.0      0.0
  SNOW DEPTH       0

DEGREE DAYS
 HEATING
  YESTERDAY        0                         1     -1        0
  MONTH TO DATE   44                        45     -1       34
  SINCE JUN 1    152                       236    -84      116
  SINCE JUL 1     44                        45     -1       34

 COOLING
  YESTERDAY        7                         5      2        4
  MONTH TO DATE   89                       100    -11      118
  SINCE JUN 1    132                       132      0      212
  SINCE JAN 1    132                       139     -7      212
..................................................................


WIND (MPH)
  HIGHEST WIND SPEED    35   HIGHEST WIND DIRECTION     N (340)
  HIGHEST GUST SPEED    43   HIGHEST GUST DIRECTION     N (350)
  AVERAGE WIND SPEED     8.6


SKY COVER
  AVERAGE SKY COVER 0.1


WEATHER CONDITIONS
 THE FOLLOWING WEATHER WAS RECORDED YESTERDAY.
  THUNDERSTORM
  LIGHT RAIN
  HAZE


RELATIVE HUMIDITY (PERCENT)
 HIGHEST    83           400 AM
 LOWEST     18           400 PM
 AVERAGE    51

..........................................................


THE GREAT FALLS MT CLIMATE NORMALS FOR TODAY
                         NORMAL    RECORD    YEAR
 MAXIMUM TEMPERATURE (F)   86       104      1975
 MINIMUM TEMPERATURE (F)   53        40      1892


SUNRISE AND SUNSET
JULY 27 2016..........SUNRISE   558 AM MDT   SUNSET   905 PM MDT
JULY 28 2016..........SUNRISE   559 AM MDT   SUNSET   904 PM MDT


-  INDICATES NEGATIVE NUMBERS.
R  INDICATES RECORD WAS SET OR TIED.
MM INDICATES DATA IS MISSING.
T  INDICATES TRACE AMOUNT.




$$
