000
CDUS45 KTFX 270832
CLIGTF


CLIMATE REPORT
NATIONAL WEATHER SERVICE GREAT FALLS MT
230 AM MDT THU JUL 27 2017


...................................

...THE GREAT FALLS MT CLIMATE SUMMARY FOR JULY 26 2017...

CLIMATE NORMAL PERIOD 1981 TO 2010
CLIMATE RECORD PERIOD 1886 TO 2017


WEATHER ITEM   OBSERVED TIME   RECORD YEAR NORMAL DEPARTURE LAST
                VALUE   (LST)  VALUE       VALUE  FROM      YEAR
                                                  NORMAL
..................................................................
TEMPERATURE (F)
 YESTERDAY
  MAXIMUM         93    428 PM 103    1933  86      7       92
  MINIMUM         52    532 AM  41    2005  53     -1       52
  AVERAGE         73                        69      4       72

PRECIPITATION (IN)
  YESTERDAY        0.00          1.03 1909   0.04  -0.04      T
  MONTH TO DATE    0.08                      1.31  -1.23     1.20
  SINCE OCT 1     12.53                     11.57   0.96    13.28
  SINCE JAN 1      9.60                      9.57   0.03     8.18

SNOWFALL (IN)
  YESTERDAY        0.0           0.0  2002   0.0    0.0      0.0
  MONTH TO DATE    0.0                       0.0    0.0       T
  SINCE JUN 1      0.0                       0.3   -0.3       T
  SINCE JUL 1      0.0                       0.0    0.0       T
  SNOW DEPTH       0

DEGREE DAYS
 HEATING
  YESTERDAY        0                         1     -1        0
  MONTH TO DATE    1                        45    -44       44
  SINCE JUN 1    126                       236   -110      152
  SINCE JUL 1      1                        45    -44       44

 COOLING
  YESTERDAY        8                         5      3        7
  MONTH TO DATE  214                       100    114       89
  SINCE JUN 1    248                       132    116      132
  SINCE JAN 1    255                       139    116      132
..................................................................


WIND (MPH)
  HIGHEST WIND SPEED    13   HIGHEST WIND DIRECTION     S (200)
  HIGHEST GUST SPEED    17   HIGHEST GUST DIRECTION     W (260)
  AVERAGE WIND SPEED     6.7


SKY COVER
  AVERAGE SKY COVER 0.0


WEATHER CONDITIONS
 THE FOLLOWING WEATHER WAS RECORDED YESTERDAY.
  NO SIGNIFICANT WEATHER WAS OBSERVED.


RELATIVE HUMIDITY (PERCENT)
 HIGHEST    63           500 AM
 LOWEST     14           200 PM
 AVERAGE    39

..........................................................


THE GREAT FALLS MT CLIMATE NORMALS FOR TODAY
                         NORMAL    RECORD    YEAR
 MAXIMUM TEMPERATURE (F)   86       104      1975
 MINIMUM TEMPERATURE (F)   53        40      1892


SUNRISE AND SUNSET
JULY 27 2017..........SUNRISE   558 AM MDT   SUNSET   906 PM MDT
JULY 28 2017..........SUNRISE   559 AM MDT   SUNSET   904 PM MDT


-  INDICATES NEGATIVE NUMBERS.
R  INDICATES RECORD WAS SET OR TIED.
MM INDICATES DATA IS MISSING.
T  INDICATES TRACE AMOUNT.




$$
