000
CDUS45 KTFX 200916
CLIGTF


CLIMATE REPORT
NATIONAL WEATHER SERVICE GREAT FALLS MT
315 AM MDT WED AUG 20 2014


...................................

...THE GREAT FALLS MT CLIMATE SUMMARY FOR AUGUST 19 2014...

CLIMATE NORMAL PERIOD 1981 TO 2010
CLIMATE RECORD PERIOD 1886 TO 2014


WEATHER ITEM   OBSERVED TIME   RECORD YEAR NORMAL DEPARTURE LAST
                VALUE   (LST)  VALUE       VALUE  FROM      YEAR
                                                  NORMAL
..................................................................
TEMPERATURE (F)
 YESTERDAY
  MAXIMUM         89    229 PM  97    1967  82      7       93
                                      1942
  MINIMUM         54    553 AM  40    2005  50      4       56
                                      1973
                                      1913
  AVERAGE         72                        66      6       75

PRECIPITATION (IN)
  YESTERDAY        0.05          1.21 1912   0.05   0.00     0.00
  MONTH TO DATE    0.53                      0.90  -0.37     0.89
  SINCE OCT 1     14.65                     12.66   1.99    12.04
  SINCE JAN 1     12.60                     10.66   1.94     8.70

SNOWFALL (IN)
  YESTERDAY        0.0           0.0  2002   0.0    0.0      0.0
  MONTH TO DATE    0.0                       0.1   -0.1      0.0
  SINCE JUN 1      0.0                       0.4   -0.4      0.0
  SINCE JUL 1      0.0                       0.1   -0.1      0.0
  SNOW DEPTH       0

DEGREE DAYS
 HEATING
  YESTERDAY        0                         2     -2        0
  MONTH TO DATE    0                        28    -28        8
  SINCE JUN 1    228                       269    -41      196
  SINCE JUL 1      5                        78    -73       24

 COOLING
  YESTERDAY        7                         3      4       10
  MONTH TO DATE  137                        84     53       83
  SINCE JUN 1    316                       240     76      284
  SINCE JAN 1    316                       247     69      287
..................................................................


WIND (MPH)
  HIGHEST WIND SPEED    26   HIGHEST WIND DIRECTION     N (350)
  HIGHEST GUST SPEED    32   HIGHEST GUST DIRECTION     N (360)
  AVERAGE WIND SPEED     8.1


SKY COVER
  AVERAGE SKY COVER 0.1


WEATHER CONDITIONS
 THE FOLLOWING WEATHER WAS RECORDED YESTERDAY.
  THUNDERSTORM
  LIGHT RAIN


RELATIVE HUMIDITY (PERCENT)
 HIGHEST    71           600 AM
 LOWEST     16           300 PM
 AVERAGE    44

..........................................................


THE GREAT FALLS MT CLIMATE NORMALS FOR TODAY
                         NORMAL    RECORD    YEAR
 MAXIMUM TEMPERATURE (F)   82        99      1931
 MINIMUM TEMPERATURE (F)   50        39      1916


SUNRISE AND SUNSET
AUGUST 20 2014........SUNRISE   628 AM MDT   SUNSET   828 PM MDT
AUGUST 21 2014........SUNRISE   630 AM MDT   SUNSET   827 PM MDT


-  INDICATES NEGATIVE NUMBERS.
R  INDICATES RECORD WAS SET OR TIED.
MM INDICATES DATA IS MISSING.
T  INDICATES TRACE AMOUNT.




$$
