203
CDUS45 KTFX 301015
CLIGTF


CLIMATE REPORT
NATIONAL WEATHER SERVICE GREAT FALLS MT
414 AM MDT THU MAR 30 2017


...................................

...THE GREAT FALLS MT CLIMATE SUMMARY FOR MARCH 29 2017...

CLIMATE NORMAL PERIOD 1981 TO 2010
CLIMATE RECORD PERIOD 1886 TO 2017


WEATHER ITEM   OBSERVED TIME   RECORD YEAR NORMAL DEPARTURE LAST
                VALUE   (LST)  VALUE       VALUE  FROM      YEAR
                                                  NORMAL
..................................................................
TEMPERATURE (F)
 YESTERDAY
  MAXIMUM         58    355 PM  78    1978  50      8       44
  MINIMUM         36    538 AM  -4    1954  27      9       25
  AVERAGE         47                        38      9       35

PRECIPITATION (IN)
  YESTERDAY        T             1.06 1977   0.04  -0.04      T
  MONTH TO DATE    0.41                      0.84  -0.43     0.41
  SINCE OCT 1      4.76                      3.82   0.94     6.16
  SINCE JAN 1      1.83                      1.82   0.01     1.06

SNOWFALL (IN)
  YESTERDAY        0.0          10.5  1977   0.4   -0.4       T
  MONTH TO DATE    5.6                      11.1   -5.5      1.8
  SINCE MAR 1      5.6                      11.1   -5.5      1.8
  SINCE JUL 1     43.4                      51.1   -7.7     39.7
  SNOW DEPTH       0

DEGREE DAYS
 HEATING
  YESTERDAY       18                        27     -9       30
  MONTH TO DATE  801                       901   -100      729
  SINCE MAR 1    801                       901   -100      729
  SINCE JUL 1   6499                      6406     93     5667

 COOLING
  YESTERDAY        0                         0      0        0
  MONTH TO DATE    0                         0      0        0
  SINCE MAR 1      0                         0      0        0
  SINCE JAN 1      0                         0      0        0
..................................................................


WIND (MPH)
  HIGHEST WIND SPEED    31   HIGHEST WIND DIRECTION    SW (230)
  HIGHEST GUST SPEED    39   HIGHEST GUST DIRECTION    SW (230)
  AVERAGE WIND SPEED    18.1


SKY COVER
  AVERAGE SKY COVER 0.3


WEATHER CONDITIONS
 THE FOLLOWING WEATHER WAS RECORDED YESTERDAY.
  NO SIGNIFICANT WEATHER WAS OBSERVED.


RELATIVE HUMIDITY (PERCENT)
 HIGHEST    76           100 PM
 LOWEST     40           400 PM
 AVERAGE    58

..........................................................


THE GREAT FALLS MT CLIMATE NORMALS FOR TODAY
                         NORMAL    RECORD    YEAR
 MAXIMUM TEMPERATURE (F)   50        78      2004
 MINIMUM TEMPERATURE (F)   27       -14      1936


SUNRISE AND SUNSET
MARCH 30 2017.........SUNRISE   708 AM MDT   SUNSET   753 PM MDT
MARCH 31 2017.........SUNRISE   706 AM MDT   SUNSET   754 PM MDT


-  INDICATES NEGATIVE NUMBERS.
R  INDICATES RECORD WAS SET OR TIED.
MM INDICATES DATA IS MISSING.
T  INDICATES TRACE AMOUNT.




$$
