000
CDUS45 KTFX 272218
CLIGTF


CLIMATE REPORT
NATIONAL WEATHER SERVICE GREAT FALLS MT
416 PM MDT FRI MAR 27 2015


...................................

...THE GREAT FALLS MT CLIMATE SUMMARY FOR MARCH 27 2015...
VALID TODAY AS OF 0400 PM LOCAL TIME.

CLIMATE NORMAL PERIOD 1981 TO 2010
CLIMATE RECORD PERIOD 1886 TO 2015


WEATHER ITEM   OBSERVED TIME   RECORD YEAR NORMAL DEPARTURE LAST
                VALUE   (LST)  VALUE       VALUE  FROM      YEAR
                                                  NORMAL
..................................................................
TEMPERATURE (F)
 TODAY
  MAXIMUM         74R   234 PM  73    1986  49     25       29
  MINIMUM         38    611 AM  -8    1898  26     12       20
  AVERAGE         56                        38     18       25

PRECIPITATION (IN)
  TODAY            0.00          0.59 1961   0.03  -0.03     0.21
  MONTH TO DATE    0.09                      0.76  -0.67     1.30
  SINCE OCT 1      4.44                      3.74   0.70     5.77
  SINCE JAN 1      1.49                      1.74  -0.25     3.72

SNOWFALL (IN)
  TODAY            0.0           6.4  1961   0.4   -0.4      1.2
  MONTH TO DATE    0.8                      10.3   -9.5     12.4
  SINCE MAR 1      0.8                      10.3   -9.5     12.4
  SINCE JUL 1     57.1                      50.3    6.8     69.9
  SNOW DEPTH       0

DEGREE DAYS
 HEATING
  TODAY            9                        27    -18       40
  MONTH TO DATE  610                       847   -237      970
  SINCE MAR 1    610                       847   -237      970
  SINCE JUL 1   5748                      6352   -604     6624

 COOLING
  TODAY            0                         0      0        0
  MONTH TO DATE    0                         0      0        0
  SINCE MAR 1      0                         0      0        0
  SINCE JAN 1      0                         0      0        0
..................................................................


WIND (MPH)
  HIGHEST WIND SPEED    26   HIGHEST WIND DIRECTION     W (270)
  HIGHEST GUST SPEED    35   HIGHEST GUST DIRECTION     W (280)
  AVERAGE WIND SPEED    14.6


SKY COVER
  AVERAGE SKY COVER 0.1


WEATHER CONDITIONS
 THE FOLLOWING WEATHER WAS RECORDED TODAY.
  NO SIGNIFICANT WEATHER WAS OBSERVED.


RELATIVE HUMIDITY (PERCENT)
 HIGHEST    65          1200 AM
 LOWEST     14           200 PM
 AVERAGE    40

..........................................................


THE GREAT FALLS MT CLIMATE NORMALS FOR TOMORROW
                         NORMAL    RECORD    YEAR
 MAXIMUM TEMPERATURE (F)   50        71      1986
 MINIMUM TEMPERATURE (F)   26        -7      1954


SUNRISE AND SUNSET
MARCH 27 2015.........SUNRISE   715 AM MDT   SUNSET   748 PM MDT
MARCH 28 2015.........SUNRISE   713 AM MDT   SUNSET   749 PM MDT


-  INDICATES NEGATIVE NUMBERS.
R  INDICATES RECORD WAS SET OR TIED.
MM INDICATES DATA IS MISSING.
T  INDICATES TRACE AMOUNT.




$$
