000
CDUS45 KTFX 040944
CLIGTF


CLIMATE REPORT
NATIONAL WEATHER SERVICE GREAT FALLS MT
343 AM MDT FRI SEP 4 2015


...................................

...THE GREAT FALLS MT CLIMATE SUMMARY FOR SEPTEMBER 3 2015...

CLIMATE NORMAL PERIOD 1981 TO 2010
CLIMATE RECORD PERIOD 1886 TO 2015


WEATHER ITEM   OBSERVED TIME   RECORD YEAR NORMAL DEPARTURE LAST
                VALUE   (LST)  VALUE       VALUE  FROM      YEAR
                                                  NORMAL
..................................................................
TEMPERATURE (F)
 YESTERDAY
  MAXIMUM         63    113 PM  95    1978  76    -13       65
  MINIMUM         49   1159 PM  34    1956  46      3       46
  AVERAGE         56                        61     -5       56

PRECIPITATION (IN)
  YESTERDAY        0.44          0.97 1909   0.06   0.38      T
  MONTH TO DATE    0.44                      0.16   0.28      T
  SINCE OCT 1     11.44                     13.49  -2.05    18.51
  SINCE JAN 1      8.49                     11.49  -3.00    16.46

SNOWFALL (IN)
  YESTERDAY        0.0           T    1956   0.0    0.0      0.0
  MONTH TO DATE    0.0                       0.0    0.0      0.0
  SINCE SEP 1      0.0                       0.0    0.0      0.0
  SINCE JUL 1      0.0                       0.3   -0.3      0.0
  SNOW DEPTH       0

DEGREE DAYS
 HEATING
  YESTERDAY        9                         6      3        9
  MONTH TO DATE    9                        16     -7       17
  SINCE SEP 1      9                        16     -7       17
  SINCE JUL 1    105                       137    -32       87

 COOLING
  YESTERDAY        0                         1     -1        0
  MONTH TO DATE    8                         5      3        0
  SINCE SEP 1      8                         5      3        0
  SINCE JAN 1    399                       281    118      324
..................................................................


WIND (MPH)
  HIGHEST WIND SPEED    24   HIGHEST WIND DIRECTION     E (90)
  HIGHEST GUST SPEED    30   HIGHEST GUST DIRECTION     E (90)
  AVERAGE WIND SPEED     9.6


SKY COVER
  AVERAGE SKY COVER 0.7


WEATHER CONDITIONS
 THE FOLLOWING WEATHER WAS RECORDED YESTERDAY.
  RAIN
  LIGHT RAIN
  FOG


RELATIVE HUMIDITY (PERCENT)
 HIGHEST   100          1000 PM
 LOWEST     42          1200 AM
 AVERAGE    71

..........................................................


THE GREAT FALLS MT CLIMATE NORMALS FOR TODAY
                         NORMAL    RECORD    YEAR
 MAXIMUM TEMPERATURE (F)   75        94      2003
                                             2001
                                             1998
 MINIMUM TEMPERATURE (F)   46        33      1929


SUNRISE AND SUNSET
SEPTEMBER  4 2015.....SUNRISE   648 AM MDT   SUNSET   800 PM MDT
SEPTEMBER  5 2015.....SUNRISE   649 AM MDT   SUNSET   758 PM MDT


-  INDICATES NEGATIVE NUMBERS.
R  INDICATES RECORD WAS SET OR TIED.
MM INDICATES DATA IS MISSING.
T  INDICATES TRACE AMOUNT.




$$
