000
CDUS45 KTFX 121022
CLIGTF


CLIMATE REPORT
NATIONAL WEATHER SERVICE GREAT FALLS MT
422 AM MDT SAT JUL 12 2014


...................................

...THE GREAT FALLS MT CLIMATE SUMMARY FOR JULY 11 2014...

CLIMATE NORMAL PERIOD 1981 TO 2010
CLIMATE RECORD PERIOD 1886 TO 2014


WEATHER ITEM   OBSERVED TIME   RECORD YEAR NORMAL DEPARTURE LAST
                VALUE   (LST)  VALUE       VALUE  FROM      YEAR
                                                  NORMAL
..................................................................
TEMPERATURE (F)
 YESTERDAY
  MAXIMUM         77    541 PM  99    2002  83     -6       91
  MINIMUM         58    307 AM  39    2008  51      7       58
  AVERAGE         68                        67      1       75

PRECIPITATION (IN)
  YESTERDAY        0.00          1.00 1976   0.06  -0.06      T
  MONTH TO DATE    0.01                      0.64  -0.63     0.07
  SINCE OCT 1     13.35                     10.90   2.45    10.85
  SINCE JAN 1     11.30                      8.90   2.40     7.51

SNOWFALL (IN)
  YESTERDAY        0.0           0.0  2002   0.0    0.0      0.0
  MONTH TO DATE    0.0                       0.0    0.0      0.0
  SINCE JUN 1      0.0                       0.3   -0.3      0.0
  SINCE JUL 1      0.0                       0.0    0.0      0.0
  SNOW DEPTH       0

DEGREE DAYS
 HEATING
  YESTERDAY        0                         2     -2        0
  MONTH TO DATE    3                        27    -24        6
  SINCE JUN 1    226                       218      8      178
  SINCE JUL 1      3                        27    -24        6

 COOLING
  YESTERDAY        3                         4     -1       10
  MONTH TO DATE   62                        32     30       72
  SINCE JUN 1     62                        64     -2       99
  SINCE JAN 1     62                        71     -9      102
..................................................................


WIND (MPH)
  HIGHEST WIND SPEED    17   HIGHEST WIND DIRECTION     N (20)
  HIGHEST GUST SPEED    22   HIGHEST GUST DIRECTION     N (20)
  AVERAGE WIND SPEED     7.7


SKY COVER
  AVERAGE SKY COVER 0.5


WEATHER CONDITIONS
 THE FOLLOWING WEATHER WAS RECORDED YESTERDAY.
  NO SIGNIFICANT WEATHER WAS OBSERVED.


RELATIVE HUMIDITY (PERCENT)
 HIGHEST    80           300 AM
 LOWEST     46           300 PM
 AVERAGE    63

..........................................................


THE GREAT FALLS MT CLIMATE NORMALS FOR TODAY
                         NORMAL    RECORD    YEAR
 MAXIMUM TEMPERATURE (F)   83       102      2002
 MINIMUM TEMPERATURE (F)   51        40      2008
                                             2004


SUNRISE AND SUNSET
JULY 12 2014..........SUNRISE   541 AM MDT   SUNSET   921 PM MDT
JULY 13 2014..........SUNRISE   542 AM MDT   SUNSET   920 PM MDT


-  INDICATES NEGATIVE NUMBERS.
R  INDICATES RECORD WAS SET OR TIED.
MM INDICATES DATA IS MISSING.
T  INDICATES TRACE AMOUNT.




$$
