000
CDUS45 KTFX 232225
CLIGTF


CLIMATE REPORT
NATIONAL WEATHER SERVICE GREAT FALLS MT
425 PM MDT TUE SEP 23 2014


...................................

...THE GREAT FALLS MT CLIMATE SUMMARY FOR SEPTEMBER 23 2014...
VALID TODAY AS OF 0400 PM LOCAL TIME.

CLIMATE NORMAL PERIOD 1981 TO 2010
CLIMATE RECORD PERIOD 1886 TO 2014


WEATHER ITEM   OBSERVED TIME   RECORD YEAR NORMAL DEPARTURE LAST
                VALUE   (LST)  VALUE       VALUE  FROM      YEAR
                                                  NORMAL
..................................................................
TEMPERATURE (F)
 TODAY
  MAXIMUM         81    244 PM  93    1966  67     14       63
  MINIMUM         58    644 AM  16    2000  40     18       45
  AVERAGE         70                        53     17       54

PRECIPITATION (IN)
  TODAY            0.00          0.90 2007   0.05  -0.05     0.00
  MONTH TO DATE    0.30                      1.13  -0.83     0.44
  SINCE OCT 1     18.81                     14.46   4.35    12.67
  SINCE JAN 1     16.76                     12.46   4.30     9.33

SNOWFALL (IN)
  TODAY            0.0           5.5  1984   0.0    0.0      0.0
  MONTH TO DATE    T                         0.7   -0.7      0.0
  SINCE SEP 1      T                         0.7   -0.7      0.0
  SINCE JUL 1      T                         1.0   -1.0      0.0
  SNOW DEPTH       0

DEGREE DAYS
 HEATING
  TODAY            0                        12    -12       11
  MONTH TO DATE  200                       193      7       58
  SINCE SEP 1    200                       193      7       58
  SINCE JUL 1    270                       314    -44       82

 COOLING
  TODAY            5                         0      5        0
  MONTH TO DATE   12                        20     -8       80
  SINCE SEP 1     12                        20     -8       80
  SINCE JAN 1    336                       296     40      449
..................................................................


WIND (MPH)
  HIGHEST WIND SPEED    16   HIGHEST WIND DIRECTION     W (260)
  HIGHEST GUST SPEED    21   HIGHEST GUST DIRECTION    SW (220)
  AVERAGE WIND SPEED    12.3


SKY COVER
  AVERAGE SKY COVER 0.0


WEATHER CONDITIONS
 THE FOLLOWING WEATHER WAS RECORDED TODAY.
  HAZE


RELATIVE HUMIDITY (PERCENT)
 HIGHEST    64           300 AM
 LOWEST     28           200 PM
 AVERAGE    46

..........................................................


THE GREAT FALLS MT CLIMATE NORMALS FOR TOMORROW
                         NORMAL    RECORD    YEAR
 MAXIMUM TEMPERATURE (F)   67        93      2009
 MINIMUM TEMPERATURE (F)   39        10      1926


SUNRISE AND SUNSET
SEPTEMBER 23 2014.....SUNRISE   714 AM MDT   SUNSET   721 PM MDT
SEPTEMBER 24 2014.....SUNRISE   715 AM MDT   SUNSET   719 PM MDT


-  INDICATES NEGATIVE NUMBERS.
R  INDICATES RECORD WAS SET OR TIED.
MM INDICATES DATA IS MISSING.
T  INDICATES TRACE AMOUNT.




$$
