000
CDGM40 PGUM 091845
CLIGUM


CLIMATE REPORT
NATIONAL WEATHER SERVICE TIYAN, GUAM
445 AM CHST WED FEB 10 2016


...................................

...THE GUAM INTERNATIONAL AIRPORT GU CLIMATE SUMMARY FOR FEBRUARY 9 2016...

CLIMATE NORMAL PERIOD 1981 TO 2010
CLIMATE RECORD PERIOD 1945 TO 2016


WEATHER ITEM   OBSERVED TIME   RECORD YEAR NORMAL DEPARTURE LAST
                VALUE   (LST)  VALUE       VALUE  FROM      YEAR
                                                  NORMAL
..................................................................
TEMPERATURE (F)
 YESTERDAY
  MAXIMUM         88    111 PM  89    1989  85      3       88
                                      1985
                                      1984
  MINIMUM         73    355 AM  68    1969  75     -2       74
  AVERAGE         81                        80      1       81

PRECIPITATION (IN)
  YESTERDAY        0.01          2.63 1971   0.16  -0.15     0.01
  MONTH TO DATE    0.41                      1.41  -1.00     0.06
  SINCE DEC 1      6.80                     12.35  -5.55    12.49
  SINCE JAN 1      3.03                      6.37  -3.34     8.62

SNOWFALL (IN)
  YESTERDAY        0.0
  MONTH TO DATE    0.0
  SINCE DEC 1      0.0
  SINCE JUL 1      0.0
  SNOW DEPTH       0

DEGREE DAYS
 HEATING
  YESTERDAY        0                         0      0        0
  MONTH TO DATE    0                         0      0        0
  SINCE DEC 1      0                         0      0        0
  SINCE JUL 1      0                         0      0        0

 COOLING
  YESTERDAY       16                        15      1       16
  MONTH TO DATE  150                       135     15      141
  SINCE DEC 1   1215                      1108    107     1236
  SINCE JAN 1    657                       606     51      658
..................................................................


WIND (MPH)
  RESULTANT WIND SPEED  11   RESULTANT WIND DIRECTION  NE (60)
  HIGHEST WIND SPEED    24   HIGHEST WIND DIRECTION    NE (30)
  HIGHEST GUST SPEED    28   HIGHEST GUST DIRECTION    NE (40)
  AVERAGE WIND SPEED    11.2


SKY COVER
  POSSIBLE SUNSHINE  MM
  AVERAGE SKY COVER 0.5


WEATHER CONDITIONS
 THE FOLLOWING WEATHER WAS RECORDED YESTERDAY.
  NO SIGNIFICANT WEATHER WAS OBSERVED.


RELATIVE HUMIDITY (PERCENT)
 HIGHEST    82           500 AM
 LOWEST     55           100 PM
 AVERAGE    69

..........................................................


THE GUAM INTERNATIONAL AIRPORT GU CLIMATE NORMALS FOR TODAY
                         NORMAL    RECORD    YEAR
 MAXIMUM TEMPERATURE (F)   85        90      1972
 MINIMUM TEMPERATURE (F)   75        68      1969


SUNRISE AND SUNSET
FEBRUARY 10 2016......SUNRISE   646 AM CHST  SUNSET   624 PM CHST
FEBRUARY 11 2016......SUNRISE   645 AM CHST  SUNSET   625 PM CHST


-  INDICATES NEGATIVE NUMBERS.
R  INDICATES RECORD WAS SET OR TIED.
MM INDICATES DATA IS MISSING.
T  INDICATES TRACE AMOUNT.




$$
