000
CDGM40 PGUM 231845
CLIGUM


CLIMATE REPORT
NATIONAL WEATHER SERVICE TIYAN, GUAM
445 AM CHST FRI FEB 24 2017


...................................

...THE GUAM INTERNATIONAL AIRPORT GU CLIMATE SUMMARY FOR FEBRUARY 23 2017...

CLIMATE NORMAL PERIOD 1981 TO 2010
CLIMATE RECORD PERIOD 1945 TO 2017


WEATHER ITEM   OBSERVED TIME   RECORD YEAR NORMAL DEPARTURE LAST
                VALUE   (LST)  VALUE       VALUE  FROM      YEAR
                                                  NORMAL
..................................................................
TEMPERATURE (F)
 YESTERDAY
  MAXIMUM         89   1240 PM  90    1985  85      4       85
  MINIMUM         77   1159 PM  71    2003  75      2       75
                                      1998
                                      1987
  AVERAGE         83                        80      3       80

PRECIPITATION (IN)
  YESTERDAY        T             1.65 1980   0.17  -0.17     1.25
  MONTH TO DATE    4.92                      3.74   1.18     2.26
  SINCE DEC 1     19.82                     14.68   5.14     8.65
  SINCE JAN 1     11.14                      8.70   2.44     4.88

SNOWFALL (IN)
  YESTERDAY        0.0
  MONTH TO DATE    0.0
  SINCE DEC 1      0.0
  SINCE JUL 1      0.0
  SNOW DEPTH       0

DEGREE DAYS
 HEATING
  YESTERDAY        0                         0      0        0
  MONTH TO DATE    0                         0      0        0
  SINCE DEC 1      0                         0      0        0
  SINCE JUL 1      0                         0      0        0

 COOLING
  YESTERDAY       18                        15      3       15
  MONTH TO DATE  378                       345     33      372
  SINCE DEC 1   1452                      1318    134     1437
  SINCE JAN 1    899                       816     83      879
..................................................................


WIND (MPH)
  RESULTANT WIND SPEED  14   RESULTANT WIND DIRECTION   E (70)
  HIGHEST WIND SPEED    24   HIGHEST WIND DIRECTION     E (80)
  HIGHEST GUST SPEED    31   HIGHEST GUST DIRECTION     E (90)
  AVERAGE WIND SPEED    14.5


SKY COVER
  POSSIBLE SUNSHINE  MM
  AVERAGE SKY COVER 0.6


WEATHER CONDITIONS
 THE FOLLOWING WEATHER WAS RECORDED YESTERDAY.
  LIGHT RAIN
  FOG


RELATIVE HUMIDITY (PERCENT)
 HIGHEST    91          1100 PM
 LOWEST     65           200 PM
 AVERAGE    78

..........................................................


THE GUAM INTERNATIONAL AIRPORT GU CLIMATE NORMALS FOR TODAY
                         NORMAL    RECORD    YEAR
 MAXIMUM TEMPERATURE (F)   85        92      1994
 MINIMUM TEMPERATURE (F)   75        68      2003


SUNRISE AND SUNSET
FEBRUARY 24 2017......SUNRISE   640 AM CHST  SUNSET   628 PM CHST
FEBRUARY 25 2017......SUNRISE   639 AM CHST  SUNSET   629 PM CHST


-  INDICATES NEGATIVE NUMBERS.
R  INDICATES RECORD WAS SET OR TIED.
MM INDICATES DATA IS MISSING.
T  INDICATES TRACE AMOUNT.




$$
