000
CDUS44 KAMA 210627
CLIGUY


CLIMATE REPORT
NATIONAL WEATHER SERVICE AMARILLO TX
127 AM CDT MON APR 21 2014


...................................

...THE GUYMON CLIMATE SUMMARY FOR APRIL 20 2014...

CLIMATE NORMAL PERIOD 1981 TO 2010
CLIMATE RECORD PERIOD 1998 TO 2014


WEATHER ITEM   OBSERVED TIME   NORMAL DEPARTURE LAST
                VALUE   (LST)  VALUE  FROM      YEAR
                                      NORMAL
......................................................
TEMPERATURE (F)
 YESTERDAY
  MAXIMUM         79    227 PM  72      7       69
  MINIMUM         47    552 AM  41      6       37
  AVERAGE         63            57      6       53

PRECIPITATION (IN)
  YESTERDAY        T             0.07  -0.07     0.00
  MONTH TO DATE    0.53          0.99  -0.46     0.18
  SINCE MAR 1      0.74          2.42  -1.68     0.32
  SINCE JAN 1      1.08          3.29  -2.21     1.88

SNOWFALL (IN)
  YESTERDAY        0.0                           0.0
  MONTH TO DATE    2.0                            T
  SINCE MAR 1      3.5                           2.5
  SINCE JUL 1     16.2                          22.0
  SNOW DEPTH       0

DEGREE DAYS
 HEATING
  YESTERDAY        2             9     -7       12
  MONTH TO DATE  229           233     -4      320
  SINCE MAR 1    834           814     20      878
  SINCE JUL 1   4400          4281    119     4111

 COOLING
  YESTERDAY        0             0      0        0
  MONTH TO DATE    6             0      6        6
  SINCE MAR 1      7             2      5        6
  SINCE JAN 1      7             2      5        6
......................................................


WIND (MPH)
  RESULTANT WIND SPEED   9   RESULTANT WIND DIRECTION   S (200)
  HIGHEST WIND SPEED    31   HIGHEST WIND DIRECTION    SW (210)
  HIGHEST GUST SPEED    39   HIGHEST GUST DIRECTION     S (200)
  AVERAGE WIND SPEED    12.8


SKY COVER
  AVERAGE SKY COVER 0.1


WEATHER CONDITIONS
 THE FOLLOWING WEATHER WAS RECORDED YESTERDAY.
  THUNDERSTORM
  LIGHT RAIN


RELATIVE HUMIDITY (PERCENT)
 HIGHEST    93           500 AM
 LOWEST     28           100 PM
 AVERAGE    61

..........................................................


THE GUYMON CLIMATE NORMALS FOR TODAY
                         NORMAL
 MAXIMUM TEMPERATURE (F)   72
 MINIMUM TEMPERATURE (F)   42


SUNRISE AND SUNSET
APRIL 21 2014.........SUNRISE   704 AM CDT   SUNSET   826 PM CDT
APRIL 22 2014.........SUNRISE   703 AM CDT   SUNSET   827 PM CDT


-  INDICATES NEGATIVE NUMBERS.
R  INDICATES RECORD WAS SET OR TIED.
MM INDICATES DATA IS MISSING.
T  INDICATES TRACE AMOUNT.




$$
