000
CDUS44 KAMA 012227
CLIGUY


CLIMATE REPORT
NATIONAL WEATHER SERVICE AMARILLO TX
427 PM CST SUN FEB 1 2015


...................................

...THE GUYMON CLIMATE SUMMARY FOR FEBRUARY 1 2015...
VALID TODAY AS OF 0400 PM LOCAL TIME.

CLIMATE NORMAL PERIOD 1981 TO 2010
CLIMATE RECORD PERIOD 1998 TO 2015


WEATHER ITEM   OBSERVED TIME   RECORD YEAR NORMAL DEPARTURE LAST
                VALUE   (LST)  VALUE       VALUE  FROM      YEAR
                                                  NORMAL
..................................................................
TEMPERATURE (F)
 TODAY
  MAXIMUM         40    327 AM  MM      MM  52    -12       34
  MINIMUM         30   1002 AM  MM      MM  22      8       18
  AVERAGE         35                        37     -2       26

PRECIPITATION (IN)
  TODAY            T            MM      MM   0.01  -0.01     0.00
  MONTH TO DATE    T                         0.01  -0.01     0.00
  SINCE DEC 1      2.04                      1.05   0.99     0.49
  SINCE JAN 1      1.21                      0.41   0.80     0.18

SNOWFALL (IN)
  TODAY            0.0          MM      MM  MM     MM        0.0
  MONTH TO DATE    0.0                      MM     MM        0.0
  SINCE DEC 1      7.3                      MM     MM        6.5
  SINCE JUL 1     10.3                      MM     MM       10.2
  SNOW DEPTH       0

DEGREE DAYS
 HEATING
  TODAY           30                        28      2       39
  MONTH TO DATE   30                        28      2       39
  SINCE DEC 1   1707                      1865   -158     1869
  SINCE JUL 1   2514                      2756   -242     2755

 COOLING
  TODAY            0                         0      0        0
  MONTH TO DATE    0                         0      0        0
  SINCE DEC 1      0                         0      0        0
  SINCE JAN 1      0                         0      0        0
..................................................................


WIND (MPH)
  RESULTANT WIND SPEED  23   RESULTANT WIND DIRECTION   N (350)
  HIGHEST WIND SPEED    37   HIGHEST WIND DIRECTION     N (350)
  HIGHEST GUST SPEED    44   HIGHEST GUST DIRECTION     N (350)
  AVERAGE WIND SPEED    23.3


SKY COVER
  AVERAGE SKY COVER 0.6


WEATHER CONDITIONS
 THE FOLLOWING WEATHER WAS RECORDED TODAY.
  LIGHT RAIN


RELATIVE HUMIDITY (PERCENT)
 HIGHEST    92           200 AM
 LOWEST     52           200 PM
 AVERAGE    72

..........................................................


THE GUYMON CLIMATE NORMALS FOR TOMORROW
                         NORMAL    RECORD    YEAR
 MAXIMUM TEMPERATURE (F)   52        MM        MM
 MINIMUM TEMPERATURE (F)   22        MM        MM


SUNRISE AND SUNSET
FEBRUARY  1 2015......SUNRISE   748 AM CST   SUNSET   612 PM CST
FEBRUARY  2 2015......SUNRISE   747 AM CST   SUNSET   613 PM CST


-  INDICATES NEGATIVE NUMBERS.
R  INDICATES RECORD WAS SET OR TIED.
MM INDICATES DATA IS MISSING.
T  INDICATES TRACE AMOUNT.




$$
