000
CDUS44 KAMA 171509
CLIGUY


CLIMATE REPORT
NATIONAL WEATHER SERVICE AMARILLO TX
909 AM CST SAT FEB 17 2018


...................................

...THE GUYMON CLIMATE SUMMARY FOR FEBRUARY 17 2018...
VALID AS OF 0900 AM LOCAL TIME.

CLIMATE NORMAL PERIOD 1981 TO 2010
CLIMATE RECORD PERIOD 1998 TO 2018


WEATHER ITEM   OBSERVED TIME   RECORD YEAR NORMAL DEPARTURE LAST
                VALUE   (LST)  VALUE       VALUE  FROM      YEAR
                                                  NORMAL
..................................................................
TEMPERATURE (F)
 TODAY
  MINIMUM         35    806 AM  MM      MM  24     11       27

PRECIPITATION (IN)
  TODAY            0.00         MM      MM   0.01  -0.01     0.00
  MONTH TO DATE    T                         0.25  -0.25     0.01
  SINCE DEC 1      0.04                      1.29  -1.25     2.46
  SINCE JAN 1      0.01                      0.65  -0.64     2.02

SNOWFALL (IN)
  TODAY            0.0          MM      MM  MM     MM        0.0
  MONTH TO DATE    T                        MM     MM        0.0
  SINCE DEC 1      T                        MM     MM        0.8
  SINCE JUL 1      T                        MM     MM        0.8
  SNOW DEPTH       0

..................................................................


WIND (MPH)
  RESULTANT WIND SPEED   8   RESULTANT WIND DIRECTION   W (250)
  HIGHEST WIND SPEED    22   HIGHEST WIND DIRECTION     W (250)
  HIGHEST GUST SPEED    26   HIGHEST GUST DIRECTION     W (260)
  AVERAGE WIND SPEED    13.7


SKY COVER
  AVERAGE SKY COVER 0.0


WEATHER CONDITIONS
 THE FOLLOWING WEATHER WAS RECORDED TODAY.
  NO SIGNIFICANT WEATHER WAS OBSERVED.


RELATIVE HUMIDITY (PERCENT)
 HIGHEST    79           300 AM
 LOWEST     52           800 AM
 AVERAGE    66

..........................................................


THE GUYMON CLIMATE NORMALS FOR TOMORROW
                         NORMAL    RECORD    YEAR
 MAXIMUM TEMPERATURE (F)   54        MM        MM
 MINIMUM TEMPERATURE (F)   24        MM        MM


SUNRISE AND SUNSET
FEBRUARY 17 2018......SUNRISE   732 AM CST   SUNSET   629 PM CST
FEBRUARY 18 2018......SUNRISE   731 AM CST   SUNSET   630 PM CST


-  INDICATES NEGATIVE NUMBERS.
R  INDICATES RECORD WAS SET OR TIED.
MM INDICATES DATA IS MISSING.
T  INDICATES TRACE AMOUNT.




$$
