000
CDUS44 KAMA 200626
CLIGUY


CLIMATE REPORT
NATIONAL WEATHER SERVICE AMARILLO TX
125 AM CDT WED SEP 20 2017


...................................

...THE GUYMON CLIMATE SUMMARY FOR SEPTEMBER 19 2017...

CLIMATE NORMAL PERIOD 1981 TO 2010
CLIMATE RECORD PERIOD 1998 TO 2017


WEATHER ITEM   OBSERVED TIME   RECORD YEAR NORMAL DEPARTURE LAST
                VALUE   (LST)  VALUE       VALUE  FROM      YEAR
                                                  NORMAL
..................................................................
TEMPERATURE (F)
 YESTERDAY
  MAXIMUM         97    326 PM  MM      MM  84     13       98
  MINIMUM         60   1149 PM  MM      MM  55      5       48
  AVERAGE         79                        69     10       73

PRECIPITATION (IN)
  YESTERDAY        0.00         MM      MM   0.05  -0.05     0.00
  MONTH TO DATE    0.19                      1.16  -0.97     0.01
  SINCE SEP 1      0.19                      1.16  -0.97     0.01
  SINCE JAN 1     15.75                     15.93  -0.18    14.45

SNOWFALL (IN)
  YESTERDAY        0.0          MM      MM  MM     MM        0.0
  MONTH TO DATE    0.0                      MM     MM        0.0
  SINCE SEP 1      0.0                      MM     MM        0.0
  SINCE JUL 1      0.0                      MM     MM        0.0
  SNOW DEPTH       0

DEGREE DAYS
 HEATING
  YESTERDAY        0                         2     -2        0
  MONTH TO DATE    0                        10    -10        2
  SINCE SEP 1      0                        10    -10        2
  SINCE JUL 1      0                        11    -11        2

 COOLING
  YESTERDAY       14                         6      8        8
  MONTH TO DATE  180                       160     20      193
  SINCE SEP 1    180                       160     20      193
  SINCE JAN 1   1501                      1409     92     1630
..................................................................


WIND (MPH)
  RESULTANT WIND SPEED  15   RESULTANT WIND DIRECTION   S (200)
  HIGHEST WIND SPEED    37   HIGHEST WIND DIRECTION     S (200)
  HIGHEST GUST SPEED    49   HIGHEST GUST DIRECTION     S (200)
  AVERAGE WIND SPEED    15.7


SKY COVER
  AVERAGE SKY COVER 0.0


WEATHER CONDITIONS
 THE FOLLOWING WEATHER WAS RECORDED YESTERDAY.
  NO SIGNIFICANT WEATHER WAS OBSERVED.


RELATIVE HUMIDITY (PERCENT)
 HIGHEST   100           400 AM
 LOWEST      9           200 PM
 AVERAGE    55

..........................................................


THE GUYMON CLIMATE NORMALS FOR TODAY
                         NORMAL    RECORD    YEAR
 MAXIMUM TEMPERATURE (F)   84        MM        MM
 MINIMUM TEMPERATURE (F)   54        MM        MM


SUNRISE AND SUNSET
SEPTEMBER 20 2017.....SUNRISE   732 AM CDT   SUNSET   745 PM CDT
SEPTEMBER 21 2017.....SUNRISE   733 AM CDT   SUNSET   744 PM CDT


-  INDICATES NEGATIVE NUMBERS.
R  INDICATES RECORD WAS SET OR TIED.
MM INDICATES DATA IS MISSING.
T  INDICATES TRACE AMOUNT.




$$
