000
CDUS44 KAMA 170629
CLIGUY


CLIMATE REPORT
NATIONAL WEATHER SERVICE AMARILLO TX
128 AM CDT WED SEP 17 2014


...................................

...THE GUYMON CLIMATE SUMMARY FOR SEPTEMBER 16 2014...

CLIMATE NORMAL PERIOD 1981 TO 2010
CLIMATE RECORD PERIOD 1998 TO 2014


WEATHER ITEM   OBSERVED TIME   NORMAL DEPARTURE LAST
                VALUE   (LST)  VALUE  FROM      YEAR
                                      NORMAL
......................................................
TEMPERATURE (F)
 YESTERDAY
  MAXIMUM         86    417 PM  85      1       72
  MINIMUM         58    714 AM  56      2       61
  AVERAGE         72            71      1       67

PRECIPITATION (IN)
  YESTERDAY        0.00          0.05  -0.05     0.44
  MONTH TO DATE    1.70          0.99   0.71     2.10
  SINCE SEP 1      1.70          0.99   0.71     2.10
  SINCE JAN 1     10.14         15.76  -5.62    12.65

SNOWFALL (IN)
  YESTERDAY        0.0                           0.0
  MONTH TO DATE    0.0                           0.0
  SINCE SEP 1      0.0                           0.0
  SINCE JUL 1      0.0                           0.0
  SNOW DEPTH       0

DEGREE DAYS
 HEATING
  YESTERDAY        0             1     -1        0
  MONTH TO DATE   26             6     20        0
  SINCE SEP 1     26             6     20        0
  SINCE JUL 1     30             7     23        0

 COOLING
  YESTERDAY        7             7      0        2
  MONTH TO DATE  121           142    -21      193
  SINCE SEP 1    121           142    -21      193
  SINCE JAN 1   1567          1391    176     1744
......................................................


WIND (MPH)
  RESULTANT WIND SPEED   9   RESULTANT WIND DIRECTION   S (200)
  HIGHEST WIND SPEED    23   HIGHEST WIND DIRECTION    SW (210)
  HIGHEST GUST SPEED    28   HIGHEST GUST DIRECTION     S (200)
  AVERAGE WIND SPEED     9.7


SKY COVER
  AVERAGE SKY COVER 0.4


WEATHER CONDITIONS
 THE FOLLOWING WEATHER WAS RECORDED YESTERDAY.
  NO SIGNIFICANT WEATHER WAS OBSERVED.


RELATIVE HUMIDITY (PERCENT)
 HIGHEST    93           700 AM
 LOWEST     42           300 PM
 AVERAGE    68

..........................................................


THE GUYMON CLIMATE NORMALS FOR TODAY
                         NORMAL
 MAXIMUM TEMPERATURE (F)   85
 MINIMUM TEMPERATURE (F)   55


SUNRISE AND SUNSET
SEPTEMBER 17 2014.....SUNRISE   730 AM CDT   SUNSET   750 PM CDT
SEPTEMBER 18 2014.....SUNRISE   731 AM CDT   SUNSET   749 PM CDT


-  INDICATES NEGATIVE NUMBERS.
R  INDICATES RECORD WAS SET OR TIED.
MM INDICATES DATA IS MISSING.
T  INDICATES TRACE AMOUNT.




$$
