000
CDUS42 KFFC 260819
CLIGVL


CLIMATE REPORT
NATIONAL WEATHER SERVICE PEACHTREE CITY GA
419 AM EDT TUE MAY 26 2015


...................................

...THE GAINESVILLE   CLIMATE SUMMARY FOR MAY 25 2015...

CLIMATE NORMAL PERIOD 1981 TO 2010
CLIMATE RECORD PERIOD 9999 TO 9999


WEATHER ITEM   OBSERVED TIME   RECORD YEAR NORMAL DEPARTURE LAST
                VALUE   (LST)  VALUE       VALUE  FROM      YEAR
                                                  NORMAL
..................................................................
TEMPERATURE (F)
 YESTERDAY
  MAXIMUM         80    307 PM  MM      MM  80      0       87
  MINIMUM         61    339 AM  MM      MM  61      0       66
  AVERAGE         71                        71      0       77

PRECIPITATION (IN)
  YESTERDAY        0.52         MM      MM   0.14   0.38     0.00
  MONTH TO DATE    1.14                      3.19  -2.05     3.34
  SINCE MAR 1      8.12                     12.17  -4.05    12.35
  SINCE JAN 1     16.30                     22.07  -5.77    18.34

DEGREE DAYS
 COOLING
  YESTERDAY        6                         6      0       12
  MONTH TO DATE  156                        94     62      136
  SINCE MAR 1    202                       133     69      170
  SINCE JAN 1    202                       133     69      170
..................................................................


WIND (MPH)
  RESULTANT WIND SPEED   6   RESULTANT WIND DIRECTION   E (90)
  HIGHEST WIND SPEED    13   HIGHEST WIND DIRECTION     S (180)
  HIGHEST GUST SPEED    18   HIGHEST GUST DIRECTION    SW (230)
  AVERAGE WIND SPEED     6.3


SKY COVER
  AVERAGE SKY COVER 0.7


WEATHER CONDITIONS
 THE FOLLOWING WEATHER WAS RECORDED YESTERDAY.
  THUNDERSTORM
  HEAVY RAIN
  RAIN
  LIGHT RAIN
  FOG


RELATIVE HUMIDITY (PERCENT)
 HIGHEST    90           600 AM
 LOWEST     58           200 PM
 AVERAGE    74

..........................................................


THE GAINESVILLE   CLIMATE NORMALS FOR TODAY
                         NORMAL    RECORD    YEAR
 MAXIMUM TEMPERATURE (F)   80        MM        MM
 MINIMUM TEMPERATURE (F)   61        MM        MM


SUNRISE AND SUNSET
MAY 26 2015...........SUNRISE   627 AM EDT   SUNSET   838 PM EDT
MAY 27 2015...........SUNRISE   626 AM EDT   SUNSET   839 PM EDT


-  INDICATES NEGATIVE NUMBERS.
R  INDICATES RECORD WAS SET OR TIED.
MM INDICATES DATA IS MISSING.
T  INDICATES TRACE AMOUNT.




$$
