000
CDUS42 KFFC 220824
CLIGVL


CLIMATE REPORT
NATIONAL WEATHER SERVICE PEACHTREE CITY GA
424 AM EDT MON SEP 22 2014


...................................

...THE GAINESVILLE   CLIMATE SUMMARY FOR SEPTEMBER 21 2014...

CLIMATE NORMAL PERIOD 1981 TO 2010
CLIMATE RECORD PERIOD 9999 TO 9999


WEATHER ITEM   OBSERVED TIME   RECORD YEAR NORMAL DEPARTURE LAST
                VALUE   (LST)  VALUE       VALUE  FROM      YEAR
                                                  NORMAL
..................................................................
TEMPERATURE (F)
 YESTERDAY
  MAXIMUM         85    314 PM  MM      MM  79      6       72
  MINIMUM         60    623 AM  MM      MM  61     -1       63
  AVERAGE         73                        70      3       68

PRECIPITATION (IN)
  YESTERDAY        T            MM      MM   0.16  -0.16     1.02
  MONTH TO DATE    4.12                      3.27   0.85     1.04
  SINCE SEP 1      4.12                      3.27   0.85     1.04
  SINCE JAN 1     32.91                     39.52  -6.61    42.94

DEGREE DAYS
 HEATING
  YESTERDAY        0                         1     -1        0
  MONTH TO DATE    0                         1     -1        0
  SINCE SEP 1      0                         1     -1        0
  SINCE JUL 1      0                         1     -1        2

 COOLING
  YESTERDAY        8                         6      2        3
  MONTH TO DATE  233                       178     55      203
  SINCE SEP 1    233                       178     55      203
  SINCE JAN 1   1580                      1504     76     1355
..................................................................


WIND (MPH)
  RESULTANT WIND SPEED   7   RESULTANT WIND DIRECTION   W (270)
  HIGHEST WIND SPEED    17   HIGHEST WIND DIRECTION     W (250)
  HIGHEST GUST SPEED    23   HIGHEST GUST DIRECTION     W (250)
  AVERAGE WIND SPEED     7.5


SKY COVER
  AVERAGE SKY COVER 0.1


WEATHER CONDITIONS
 THE FOLLOWING WEATHER WAS RECORDED YESTERDAY.
  LIGHT RAIN


RELATIVE HUMIDITY (PERCENT)
 HIGHEST    93           300 AM
 LOWEST     44           300 PM
 AVERAGE    69

..........................................................


THE GAINESVILLE   CLIMATE NORMALS FOR TODAY
                         NORMAL    RECORD    YEAR
 MAXIMUM TEMPERATURE (F)   79        MM        MM
 MINIMUM TEMPERATURE (F)   61        MM        MM


SUNRISE AND SUNSET
SEPTEMBER 22 2014.....SUNRISE   723 AM EDT   SUNSET   732 PM EDT
SEPTEMBER 23 2014.....SUNRISE   724 AM EDT   SUNSET   731 PM EDT


-  INDICATES NEGATIVE NUMBERS.
R  INDICATES RECORD WAS SET OR TIED.
MM INDICATES DATA IS MISSING.
T  INDICATES TRACE AMOUNT.




$$
