000
CDUS42 KFFC 310824
CLIGVL


CLIMATE REPORT
NATIONAL WEATHER SERVICE PEACHTREE CITY GA
423 AM EDT SUN AUG 31 2014


...................................

...THE GAINESVILLE   CLIMATE SUMMARY FOR AUGUST 30 2014...

CLIMATE NORMAL PERIOD 1981 TO 2010
CLIMATE RECORD PERIOD 9999 TO 9999


WEATHER ITEM   OBSERVED TIME   RECORD YEAR NORMAL DEPARTURE LAST
                VALUE   (LST)  VALUE       VALUE  FROM      YEAR
                                                  NORMAL
..................................................................
TEMPERATURE (F)
 YESTERDAY
  MAXIMUM         89    400 PM  MM      MM  85      4       85
  MINIMUM         70    426 AM  MM      MM  68      2       73
  AVERAGE         80                        77      3       79

PRECIPITATION (IN)
  YESTERDAY        0.93         MM      MM   0.12   0.81     0.00
  MONTH TO DATE    3.57                      4.31  -0.74     7.11
  SINCE JUN 1      9.60                     13.21  -3.61    25.29
  SINCE JAN 1     28.77                     36.13  -7.36    40.21

DEGREE DAYS
 COOLING
  YESTERDAY       15                        12      3       14
  MONTH TO DATE  375                       396    -21      319
  SINCE JUN 1   1104                      1143    -39      993
  SINCE JAN 1   1333                      1318     15     1138
..................................................................


WIND (MPH)
  RESULTANT WIND SPEED   6   RESULTANT WIND DIRECTION   E (100)
  HIGHEST WIND SPEED    20   HIGHEST WIND DIRECTION     W (290)
  HIGHEST GUST SPEED    30   HIGHEST GUST DIRECTION     W (290)
  AVERAGE WIND SPEED     6.5


SKY COVER
  AVERAGE SKY COVER 0.4


WEATHER CONDITIONS
 THE FOLLOWING WEATHER WAS RECORDED YESTERDAY.
  THUNDERSTORM
  HEAVY RAIN
  RAIN
  LIGHT RAIN
  FOG


RELATIVE HUMIDITY (PERCENT)
 HIGHEST    87          1000 PM
 LOWEST     55           100 PM
 AVERAGE    71

..........................................................


THE GAINESVILLE   CLIMATE NORMALS FOR TODAY
                         NORMAL    RECORD    YEAR
 MAXIMUM TEMPERATURE (F)   85        MM        MM
 MINIMUM TEMPERATURE (F)   68        MM        MM


SUNRISE AND SUNSET
AUGUST 31 2014........SUNRISE   708 AM EDT   SUNSET   803 PM EDT
SEPTEMBER  1 2014.....SUNRISE   709 AM EDT   SUNSET   801 PM EDT


-  INDICATES NEGATIVE NUMBERS.
R  INDICATES RECORD WAS SET OR TIED.
MM INDICATES DATA IS MISSING.
T  INDICATES TRACE AMOUNT.




$$
