000
CDUS42 KFFC 010817
CLIGVL


CLIMATE REPORT
NATIONAL WEATHER SERVICE PEACHTREE CITY GA
417 AM EDT WED JUL 1 2015


...................................

...THE GAINESVILLE   CLIMATE SUMMARY FOR JUNE 30 2015...

CLIMATE NORMAL PERIOD 1981 TO 2010
CLIMATE RECORD PERIOD 9999 TO 9999


WEATHER ITEM   OBSERVED TIME   RECORD YEAR NORMAL DEPARTURE LAST
                VALUE   (LST)  VALUE       VALUE  FROM      YEAR
                                                  NORMAL
..................................................................
TEMPERATURE (F)
 YESTERDAY
  MAXIMUM         84   1049 AM  MM      MM  87     -3       84
  MINIMUM         72    417 AM  MM      MM  69      3       68
  AVERAGE         78                        78      0       76

PRECIPITATION (IN)
  YESTERDAY        0.27         MM      MM   0.15   0.12     0.42
  MONTH TO DATE    3.47                      4.39  -0.92     1.76
  SINCE JUN 1      3.47                      4.39  -0.92     1.76
  SINCE JAN 1     20.79                     27.31  -6.52    20.93

DEGREE DAYS
 COOLING
  YESTERDAY       13                        13      0       11
  MONTH TO DATE  396                       321     75      357
  SINCE JUN 1    396                       321     75      357
  SINCE JAN 1    649                       496    153      586
..................................................................


WIND (MPH)
  RESULTANT WIND SPEED   7   RESULTANT WIND DIRECTION   W (260)
  HIGHEST WIND SPEED    17   HIGHEST WIND DIRECTION    NW (330)
  HIGHEST GUST SPEED    22   HIGHEST GUST DIRECTION    NW (330)
  AVERAGE WIND SPEED     8.1


SKY COVER
  AVERAGE SKY COVER 0.4


WEATHER CONDITIONS
 THE FOLLOWING WEATHER WAS RECORDED YESTERDAY.
  THUNDERSTORM
  HEAVY RAIN
  LIGHT RAIN
  FOG
  HAZE


RELATIVE HUMIDITY (PERCENT)
 HIGHEST    79           600 AM
 LOWEST     55           300 PM
 AVERAGE    67

..........................................................


THE GAINESVILLE   CLIMATE NORMALS FOR TODAY
                         NORMAL    RECORD    YEAR
 MAXIMUM TEMPERATURE (F)   87        MM        MM
 MINIMUM TEMPERATURE (F)   69        MM        MM


SUNRISE AND SUNSET
JULY  1 2015..........SUNRISE   627 AM EDT   SUNSET   851 PM EDT
JULY  2 2015..........SUNRISE   627 AM EDT   SUNSET   851 PM EDT


-  INDICATES NEGATIVE NUMBERS.
R  INDICATES RECORD WAS SET OR TIED.
MM INDICATES DATA IS MISSING.
T  INDICATES TRACE AMOUNT.




$$
