000
CDUS44 KJAN 230637
CLIGWO


CLIMATE REPORT
NATIONAL WEATHER SERVICE JACKSON MS
1235 AM CST SUN NOV 23 2014


...................................

...THE GREENWOOD CLIMATE SUMMARY FOR NOVEMBER 22 2014...

CLIMATE NORMAL PERIOD 1981 TO 2010
CLIMATE RECORD PERIOD 1948 TO 2014


WEATHER ITEM   OBSERVED TIME   RECORD YEAR NORMAL DEPARTURE LAST
                VALUE   (LST)  VALUE       VALUE  FROM      YEAR
                                                  NORMAL
..................................................................
TEMPERATURE (F)
 YESTERDAY
  MAXIMUM         73    136 PM  81    2010  64      9       63
  MINIMUM         52    437 AM  23    1964  41     11       49
  AVERAGE         63                        52     11       56

PRECIPITATION (IN)
  YESTERDAY        T             1.93 1979   0.17  -0.17     0.85
  MONTH TO DATE    2.71                      3.10  -0.39     2.14
  SINCE SEP 1      9.49                     10.63  -1.14    13.60
  SINCE JAN 1     50.25                     44.70   5.55    51.85

SNOWFALL (IN)
  YESTERDAY        0.0

DEGREE DAYS
 HEATING
  YESTERDAY        2                        13    -11        9
  MONTH TO DATE  377                       221    156      236
  SINCE SEP 1    471                       352    119      352
  SINCE JUL 1    471                       352    119      352

 COOLING
  YESTERDAY        0                         0      0        0
  MONTH TO DATE    0                        14    -14        6
  SINCE SEP 1    484                       414     70      476
  SINCE JAN 1   2040                      2156   -116     2098
..................................................................


WIND (MPH)
  HIGHEST WIND SPEED    21   HIGHEST WIND DIRECTION    SE (140)
  HIGHEST GUST SPEED    27   HIGHEST GUST DIRECTION     S (170)
  AVERAGE WIND SPEED     9.0


SKY COVER
  POSSIBLE SUNSHINE  MM
  AVERAGE SKY COVER 0.4


WEATHER CONDITIONS
 THE FOLLOWING WEATHER WAS RECORDED YESTERDAY.
  LIGHT RAIN
  HAZE


RELATIVE HUMIDITY (PERCENT)
 HIGHEST    77           300 AM
 LOWEST     38           100 PM
 AVERAGE    58

..........................................................


THE GREENWOOD CLIMATE NORMALS FOR TODAY
                         NORMAL    RECORD    YEAR
 MAXIMUM TEMPERATURE (F)   63        79      2010
                                             1973
 MINIMUM TEMPERATURE (F)   40        22      1976


SUNRISE AND SUNSET
NOVEMBER 23 2014......SUNRISE   639 AM CST   SUNSET   454 PM CST
NOVEMBER 24 2014......SUNRISE   640 AM CST   SUNSET   454 PM CST


-  INDICATES NEGATIVE NUMBERS.
R  INDICATES RECORD WAS SET OR TIED.
MM INDICATES DATA IS MISSING.
T  INDICATES TRACE AMOUNT.




$$
