000
CDUS44 KJAN 070648
CLIGWO


CLIMATE REPORT
NATIONAL WEATHER SERVICE JACKSON MS
1247 AM CST SUN FEB 7 2016


...................................

...THE GREENWOOD CLIMATE SUMMARY FOR FEBRUARY 6 2016...

CLIMATE NORMAL PERIOD 1981 TO 2010
CLIMATE RECORD PERIOD 1948 TO 2016


WEATHER ITEM   OBSERVED TIME   RECORD YEAR NORMAL DEPARTURE LAST
                VALUE   (LST)  VALUE       VALUE  FROM      YEAR
                                                  NORMAL
..................................................................
TEMPERATURE (F)
 YESTERDAY
  MAXIMUM         58    311 PM  74    1973  56      2       54
  MINIMUM         30   1156 PM  18    1988  35     -5       20
  AVERAGE         44                        45     -1       37

PRECIPITATION (IN)
  YESTERDAY        0.00          1.19 1987   0.16  -0.16     0.00
  MONTH TO DATE    0.43                      0.95  -0.52     0.22
  SINCE DEC 1      8.71                     11.12  -2.41    10.18
  SINCE JAN 1      3.61                      5.47  -1.86     4.66

SNOWFALL (IN)
  YESTERDAY        0.0

DEGREE DAYS
 HEATING
  YESTERDAY       21                        20      1       28
  MONTH TO DATE   93                       121    -28      151
  SINCE DEC 1   1088                      1392   -304     1364
  SINCE JUL 1   1316                      1860   -544     1952

 COOLING
  YESTERDAY        0                         0      0        0
  MONTH TO DATE    4                         0      4        0
  SINCE DEC 1     70                         7     63        1
  SINCE JAN 1      5                         2      3        0
..................................................................


WIND (MPH)
  HIGHEST WIND SPEED    10   HIGHEST WIND DIRECTION     E (80)
  HIGHEST GUST SPEED    13   HIGHEST GUST DIRECTION     E (80)
  AVERAGE WIND SPEED     2.3


SKY COVER
  POSSIBLE SUNSHINE  MM
  AVERAGE SKY COVER 0.0


WEATHER CONDITIONS
 THE FOLLOWING WEATHER WAS RECORDED YESTERDAY.
  NO SIGNIFICANT WEATHER WAS OBSERVED.


RELATIVE HUMIDITY (PERCENT)
 HIGHEST    89           400 AM
 LOWEST     20           200 PM
 AVERAGE    55

..........................................................


THE GREENWOOD CLIMATE NORMALS FOR TODAY
                         NORMAL    RECORD    YEAR
 MAXIMUM TEMPERATURE (F)   56        76      1994
 MINIMUM TEMPERATURE (F)   35        13      1988


SUNRISE AND SUNSET
FEBRUARY  7 2016......SUNRISE   652 AM CST   SUNSET   537 PM CST
FEBRUARY  8 2016......SUNRISE   651 AM CST   SUNSET   538 PM CST


-  INDICATES NEGATIVE NUMBERS.
R  INDICATES RECORD WAS SET OR TIED.
MM INDICATES DATA IS MISSING.
T  INDICATES TRACE AMOUNT.




$$
