140
CDUS44 KJAN 250703
CLIGWO


CLIMATE REPORT
NATIONAL WEATHER SERVICE JACKSON MS
159 AM CDT SUN JUN 25 2017


...................................

...THE GREENWOOD CLIMATE SUMMARY FOR JUNE 24 2017...

CLIMATE NORMAL PERIOD 1981 TO 2010
CLIMATE RECORD PERIOD 1948 TO 2017


WEATHER ITEM   OBSERVED TIME   RECORD YEAR NORMAL DEPARTURE LAST
                VALUE   (LST)  VALUE       VALUE  FROM      YEAR
                                                  NORMAL
..................................................................
TEMPERATURE (F)
 YESTERDAY
  MAXIMUM         87    325 PM 100    1953  91     -4       93
  MINIMUM         68   1157 PM  59    1974  70     -2       75
  AVERAGE         78                        80     -2       84

PRECIPITATION (IN)
  YESTERDAY        T             4.69 1980   0.15  -0.15     0.00
  MONTH TO DATE    5.70                      3.47   2.23     3.36
  SINCE JUN 1      5.70                      3.47   2.23     3.36
  SINCE JAN 1     27.14                     26.80   0.34    29.15

SNOWFALL (IN)
  YESTERDAY        0.0

DEGREE DAYS
 HEATING
  YESTERDAY        0                         0      0        0
  MONTH TO DATE    0                         0      0        0
  SINCE JUN 1      0                         0      0        0
  SINCE JUL 1   1780                      2688   -908     1929

 COOLING
  YESTERDAY       13                        15     -2       19
  MONTH TO DATE  305                       320    -15      368
  SINCE JUN 1    305                       320    -15      368
  SINCE JAN 1    749                       650     99      697
..................................................................


WIND (MPH)
  HIGHEST WIND SPEED    13   HIGHEST WIND DIRECTION     N (20)
  HIGHEST GUST SPEED    18   HIGHEST GUST DIRECTION     N (360)
  AVERAGE WIND SPEED     4.7


SKY COVER
  POSSIBLE SUNSHINE  MM
  AVERAGE SKY COVER 0.3


WEATHER CONDITIONS
 THE FOLLOWING WEATHER WAS RECORDED YESTERDAY.
  LIGHT RAIN


RELATIVE HUMIDITY (PERCENT)
 HIGHEST   100          1200 AM
 LOWEST     51           300 PM
 AVERAGE    76

..........................................................


THE GREENWOOD CLIMATE NORMALS FOR TODAY
                         NORMAL    RECORD    YEAR
 MAXIMUM TEMPERATURE (F)   91       100      2012
 MINIMUM TEMPERATURE (F)   70        53      1974


SUNRISE AND SUNSET
JUNE 25 2017..........SUNRISE   552 AM CDT   SUNSET   814 PM CDT
JUNE 26 2017..........SUNRISE   552 AM CDT   SUNSET   814 PM CDT


-  INDICATES NEGATIVE NUMBERS.
R  INDICATES RECORD WAS SET OR TIED.
MM INDICATES DATA IS MISSING.
T  INDICATES TRACE AMOUNT.




$$
