000
CDUS44 KJAN 280712
CLIGWO


CLIMATE REPORT
NATIONAL WEATHER SERVICE JACKSON MS
109 AM CST SAT FEB 28 2015


...................................

...THE GREENWOOD CLIMATE SUMMARY FOR FEBRUARY 27 2015...

CLIMATE NORMAL PERIOD 1981 TO 2010
CLIMATE RECORD PERIOD 1948 TO 2015


WEATHER ITEM   OBSERVED TIME   RECORD YEAR NORMAL DEPARTURE LAST
                VALUE   (LST)  VALUE       VALUE  FROM      YEAR
                                                  NORMAL
..................................................................
TEMPERATURE (F)
 YESTERDAY
  MAXIMUM         37        MM  83    2011  62    -25       49
  MINIMUM         25        MM  18    2014  40    -15       18
  AVERAGE         31                        51    -20       34

PRECIPITATION (IN)
  YESTERDAY        0.00          2.18 1989   0.15  -0.15     0.00
  MONTH TO DATE    4.95                      4.27   0.68     4.70
  SINCE DEC 1     14.91                     14.44   0.47    10.96
  SINCE JAN 1      9.39                      8.79   0.60     6.27

SNOWFALL (IN)
  YESTERDAY        0.0

DEGREE DAYS
 HEATING
  YESTERDAY       34                        14     20       31
  MONTH TO DATE  698                       478    220      558
  SINCE DEC 1   1911                      1749    162     2063
  SINCE JUL 1   2499                      2217    282     2630

 COOLING
  YESTERDAY        0                         0      0        0
  MONTH TO DATE    0                         0      0        0
  SINCE DEC 1      1                         7     -6       11
  SINCE JAN 1      0                         2     -2        0
..................................................................


WIND (MPH)
  HIGHEST WIND SPEED    MM   HIGHEST WIND DIRECTION    MM
  HIGHEST GUST SPEED    MM   HIGHEST GUST DIRECTION    MM
  AVERAGE WIND SPEED    MM


SKY COVER
  POSSIBLE SUNSHINE  MM
  AVERAGE SKY COVER 0.0


WEATHER CONDITIONS
 THE FOLLOWING WEATHER WAS RECORDED YESTERDAY.
  NO SIGNIFICANT WEATHER WAS OBSERVED.


RELATIVE HUMIDITY (PERCENT)
 HIGHEST    MM
 LOWEST     MM
 AVERAGE    MM

..........................................................


THE GREENWOOD CLIMATE NORMALS FOR TODAY
                         NORMAL    RECORD    YEAR
 MAXIMUM TEMPERATURE (F)   62        77      2007
                                             1972
 MINIMUM TEMPERATURE (F)   40        18      2002


SUNRISE AND SUNSET
FEBRUARY 28 2015......SUNRISE   630 AM CST   SUNSET   556 PM CST
MARCH  1 2015.........SUNRISE   629 AM CST   SUNSET   557 PM CST


-  INDICATES NEGATIVE NUMBERS.
R  INDICATES RECORD WAS SET OR TIED.
MM INDICATES DATA IS MISSING.
T  INDICATES TRACE AMOUNT.




$$
