000
CDUS44 KJAN 160659
CLIGWO


CLIMATE REPORT
NATIONAL WEATHER SERVICE JACKSON MS
156 AM CDT WED AUG 16 2017


...................................

...THE GREENWOOD CLIMATE SUMMARY FOR AUGUST 15 2017...

CLIMATE NORMAL PERIOD 1981 TO 2010
CLIMATE RECORD PERIOD 1948 TO 2017


WEATHER ITEM   OBSERVED TIME   RECORD YEAR NORMAL DEPARTURE LAST
                VALUE   (LST)  VALUE       VALUE  FROM      YEAR
                                                  NORMAL
..................................................................
TEMPERATURE (F)
 YESTERDAY
  MAXIMUM         94    300 PM 106    2007  93      1       92
  MINIMUM         75   1159 PM  54    2004  70      5       74
  AVERAGE         85                        81      4       83

PRECIPITATION (IN)
  YESTERDAY        0.02          2.35 1964   0.08  -0.06     0.01
  MONTH TO DATE    5.00                      1.31   3.69     0.53
  SINCE JUN 1     13.11                      9.22   3.89     7.22
  SINCE JAN 1     34.55                     32.55   2.00    33.01

SNOWFALL (IN)
  YESTERDAY        0.0

DEGREE DAYS
 HEATING
  YESTERDAY        0                         0      0        0
  MONTH TO DATE    0                         0      0        0
  SINCE JUN 1      0                         0      0        0
  SINCE JUL 1      0                         0      0        0

 COOLING
  YESTERDAY       20                        16      4       18
  MONTH TO DATE  228                       240    -12      289
  SINCE JUN 1   1147                      1158    -11     1329
  SINCE JAN 1   1591                      1488    103     1658
..................................................................


WIND (MPH)
  HIGHEST WIND SPEED    21   HIGHEST WIND DIRECTION     S (200)
  HIGHEST GUST SPEED    26   HIGHEST GUST DIRECTION     S (170)
  AVERAGE WIND SPEED     5.2


SKY COVER
  POSSIBLE SUNSHINE  MM
  AVERAGE SKY COVER 0.1


WEATHER CONDITIONS
 THE FOLLOWING WEATHER WAS RECORDED YESTERDAY.
  RAIN
  LIGHT RAIN


RELATIVE HUMIDITY (PERCENT)
 HIGHEST   100           300 AM
 LOWEST     60           100 PM
 AVERAGE    80

..........................................................


THE GREENWOOD CLIMATE NORMALS FOR TODAY
                         NORMAL    RECORD    YEAR
 MAXIMUM TEMPERATURE (F)   93       103      1954
 MINIMUM TEMPERATURE (F)   70        53      2004


SUNRISE AND SUNSET
AUGUST 16 2017........SUNRISE   624 AM CDT   SUNSET   745 PM CDT
AUGUST 17 2017........SUNRISE   624 AM CDT   SUNSET   744 PM CDT


-  INDICATES NEGATIVE NUMBERS.
R  INDICATES RECORD WAS SET OR TIED.
MM INDICATES DATA IS MISSING.
T  INDICATES TRACE AMOUNT.




$$
