000
CDUS44 KJAN 272125
CLIGWO


CLIMATE REPORT
NATIONAL WEATHER SERVICE JACKSON MS
418 PM CDT WED AUG 27 2014


...................................

...THE GREENWOOD CLIMATE SUMMARY FOR AUGUST 27 2014...
VALID TODAY AS OF 0400 PM LOCAL TIME.

CLIMATE NORMAL PERIOD 1981 TO 2010
CLIMATE RECORD PERIOD 1948 TO 2014


WEATHER ITEM   OBSERVED TIME   RECORD YEAR NORMAL DEPARTURE LAST
                VALUE   (LST)  VALUE       VALUE  FROM      YEAR
                                                  NORMAL
..................................................................
TEMPERATURE (F)
 TODAY
  MAXIMUM         93    259 PM 101    1990  92      1       90
  MINIMUM         68    417 AM  59    1958  69     -1       62
  AVERAGE         81                        80      1       76

PRECIPITATION (IN)
  TODAY            0.00          2.06 2003   0.09  -0.09     0.00
  MONTH TO DATE    2.26                      2.42  -0.16     2.53
  SINCE JUN 1     16.88                     10.33   6.55     7.84
  SINCE JAN 1     40.00                     33.66   6.34    38.25

DEGREE DAYS
 HEATING
  TODAY            0                         0      0        0
  MONTH TO DATE    0                         0      0        0
  SINCE JUN 1      0                         0      0        0
  SINCE JUL 1      0                         0      0        0

 COOLING
  TODAY           16                        15      1       11
  MONTH TO DATE  405                       429    -24      429
  SINCE JUN 1   1201                      1347   -146     1287
  SINCE JAN 1   1495                      1677   -182     1563
..................................................................


WIND (MPH)
  HIGHEST WIND SPEED    10   HIGHEST WIND DIRECTION     E (80)
  HIGHEST GUST SPEED    14   HIGHEST GUST DIRECTION     E (90)
  AVERAGE WIND SPEED     3.1


SKY COVER
  POSSIBLE SUNSHINE  MM
  AVERAGE SKY COVER 0.0


WEATHER CONDITIONS
 THE FOLLOWING WEATHER WAS RECORDED TODAY.
  NO SIGNIFICANT WEATHER WAS OBSERVED.


RELATIVE HUMIDITY (PERCENT)
 HIGHEST    90           600 AM
 LOWEST     36           200 PM
 AVERAGE    63

..........................................................


THE GREENWOOD CLIMATE NORMALS FOR TOMORROW
                         NORMAL    RECORD    YEAR
 MAXIMUM TEMPERATURE (F)   92       102      1990
                                             1954
 MINIMUM TEMPERATURE (F)   68        59      1992
                                             1986


SUNRISE AND SUNSET
AUGUST 27 2014........SUNRISE   631 AM CDT   SUNSET   732 PM CDT
AUGUST 28 2014........SUNRISE   632 AM CDT   SUNSET   731 PM CDT


-  INDICATES NEGATIVE NUMBERS.
R  INDICATES RECORD WAS SET OR TIED.
MM INDICATES DATA IS MISSING.
T  INDICATES TRACE AMOUNT.




$$
