000
CDUS44 KJAN 260634
CLIGWO


CLIMATE REPORT
NATIONAL WEATHER SERVICE JACKSON MS
127 AM CDT SAT JUL 26 2014


...................................

...THE GREENWOOD CLIMATE SUMMARY FOR JULY 25 2014...

CLIMATE NORMAL PERIOD 1981 TO 2010
CLIMATE RECORD PERIOD 1948 TO 2014


WEATHER ITEM   OBSERVED TIME   RECORD YEAR NORMAL DEPARTURE LAST
                VALUE   (LST)  VALUE       VALUE  FROM      YEAR
                                                  NORMAL
..................................................................
TEMPERATURE (F)
 YESTERDAY
  MAXIMUM         87    415 PM 102    1952  92     -5       87
  MINIMUM         61    520 AM  57    2000  71    -10       67
  AVERAGE         74                        81     -7       77

PRECIPITATION (IN)
  YESTERDAY        0.00          2.85 1958   0.11  -0.11     0.00
  MONTH TO DATE    5.57                      3.01   2.56     2.11
  SINCE JUN 1     14.60                      7.32   7.28     5.15
  SINCE JAN 1     37.72                     30.65   7.07    35.56

SNOWFALL (IN)
  YESTERDAY        0.0

DEGREE DAYS
 HEATING
  YESTERDAY        0                         0      0        0
  MONTH TO DATE    0                         0      0        0
  SINCE JUN 1      0                         0      0        0
  SINCE JUL 1      0                         0      0        0

 COOLING
  YESTERDAY        9                        16     -7       12
  MONTH TO DATE  300                       400   -100      356
  SINCE JUN 1    724                       813    -89      775
  SINCE JAN 1   1018                      1143   -125     1051
..................................................................


WIND (MPH)
  HIGHEST WIND SPEED    10   HIGHEST WIND DIRECTION     N (360)
  HIGHEST GUST SPEED    14   HIGHEST GUST DIRECTION     N (360)
  AVERAGE WIND SPEED     2.4


SKY COVER
  POSSIBLE SUNSHINE  MM
  AVERAGE SKY COVER 0.0


WEATHER CONDITIONS
 THE FOLLOWING WEATHER WAS RECORDED YESTERDAY.
  FOG


RELATIVE HUMIDITY (PERCENT)
 HIGHEST    97          1000 PM
 LOWEST     45           300 PM
 AVERAGE    71

..........................................................


THE GREENWOOD CLIMATE NORMALS FOR TODAY
                         NORMAL    RECORD    YEAR
 MAXIMUM TEMPERATURE (F)   92       102      1952
 MINIMUM TEMPERATURE (F)   71        61      2000


SUNRISE AND SUNSET
JULY 26 2014..........SUNRISE   609 AM CDT   SUNSET   805 PM CDT
JULY 27 2014..........SUNRISE   609 AM CDT   SUNSET   804 PM CDT


-  INDICATES NEGATIVE NUMBERS.
R  INDICATES RECORD WAS SET OR TIED.
MM INDICATES DATA IS MISSING.
T  INDICATES TRACE AMOUNT.




$$
