000
CDUS41 KGYX 290902
CLIGYX


CLIMATE REPORT
NATIONAL WEATHER SERVICE GRAY ME
402 AM EST MON DEC 29 2014


...................................

...THE GRAY ME CLIMATE SUMMARY FOR DECEMBER 28 2014...

CLIMATE NORMAL PERIOD 1981 TO 2010
CLIMATE RECORD PERIOD 1995 TO 2014


WEATHER ITEM   OBSERVED TIME   RECORD YEAR NORMAL DEPARTURE LAST
                VALUE   (LST)  VALUE       VALUE  FROM      YEAR
                                                  NORMAL
..................................................................
TEMPERATURE (F)
 YESTERDAY
  MAXIMUM         46        MM  MM      MM  32     14       34
  MINIMUM         32        MM  MM      MM  16     16       16
  AVERAGE         39                        24     15       25

PRECIPITATION (IN)
  YESTERDAY        0.45         MM      MM   0.12   0.33      T
  MONTH TO DATE    6.20                      3.72   2.48     3.01
  SINCE DEC 1      6.20                      3.72   2.48     3.01
  SINCE JAN 1     52.83                     49.88   2.95    43.59

SNOWFALL (IN)
  YESTERDAY        0.0          MM      MM   0.7   -0.7       T
  MONTH TO DATE    6.5                      16.2   -9.7     21.5
  SINCE DEC 1      6.5                      16.2   -9.7     21.5
  SINCE JUL 1     21.5                      19.3    2.2     22.6
  SNOW DEPTH       T

DEGREE DAYS
 HEATING
  YESTERDAY       26                        41    -15       40
  MONTH TO DATE  956                      1044    -88     1181
  SINCE DEC 1    956                      1044    -88     1181
  SINCE JUL 1   2406                      2541   -135     2652

 COOLING
  YESTERDAY        0                         0      0        0
  MONTH TO DATE    0                         0      0        0
  SINCE DEC 1      0                         0      0        0
  SINCE JAN 1    369                       389    -20      486
..................................................................







THE GRAY ME CLIMATE NORMALS FOR TODAY
                         NORMAL
 MAXIMUM TEMPERATURE (F)   31
 MINIMUM TEMPERATURE (F)   16


SUNRISE AND SUNSET
DECEMBER 29 2014......SUNRISE   715 AM EST   SUNSET   411 PM EST
DECEMBER 30 2014......SUNRISE   715 AM EST   SUNSET   412 PM EST


-  INDICATES NEGATIVE NUMBERS.
R  INDICATES RECORD WAS SET OR TIED.
MM INDICATES DATA IS MISSING.
T  INDICATES TRACE AMOUNT.




$$
