000
CDUS41 KGYX 260920
CLIGYX


CLIMATE REPORT
NATIONAL WEATHER SERVICE GRAY ME
419 AM EST SUN FEB 26 2017


...................................

...THE GRAY ME CLIMATE SUMMARY FOR FEBRUARY 25 2017...

CLIMATE NORMAL PERIOD 1981 TO 2010
CLIMATE RECORD PERIOD 1995 TO 2017


WEATHER ITEM   OBSERVED TIME   RECORD YEAR NORMAL DEPARTURE LAST
                VALUE   (LST)  VALUE       VALUE  FROM      YEAR
                                                  NORMAL
..................................................................
TEMPERATURE (F)
 YESTERDAY
  MAXIMUM         49        MM  MM      MM  36     13       53
  MINIMUM         37        MM  MM      MM  19     18       32
  AVERAGE         43                        28     15       43

PRECIPITATION (IN)
  YESTERDAY        0.30         MM      MM   0.13   0.17     0.43
  MONTH TO DATE    3.70                      2.91   0.79     4.52
  SINCE DEC 1     11.50                     10.50   1.00    12.81
  SINCE JAN 1      6.68                      6.44   0.24     8.25

SNOWFALL (IN)
  YESTERDAY        0.0          MM      MM   0.6   -0.6      0.0
  MONTH TO DATE   44.6                      14.5   30.1     16.0
  SINCE DEC 1     88.5                      54.0   34.5     37.1
  SINCE JUL 1     89.8                      57.1   32.7     37.3
  SNOW DEPTH      16

DEGREE DAYS
 HEATING
  YESTERDAY       22                        37    -15       22
  MONTH TO DATE  950                      1018    -68      964
  SINCE DEC 1   3327                      3551   -224     3091
  SINCE JUL 1   4606                      5048   -442     4390

 COOLING
  YESTERDAY        0                         0      0        0
  MONTH TO DATE    0                         0      0        0
  SINCE DEC 1      0                         0      0        0
  SINCE JAN 1      0                         0      0        0
..................................................................







THE GRAY ME CLIMATE NORMALS FOR TODAY
                         NORMAL
 MAXIMUM TEMPERATURE (F)   37
 MINIMUM TEMPERATURE (F)   19


SUNRISE AND SUNSET
FEBRUARY 26 2017......SUNRISE   622 AM EST   SUNSET   526 PM EST
FEBRUARY 27 2017......SUNRISE   621 AM EST   SUNSET   527 PM EST


-  INDICATES NEGATIVE NUMBERS.
R  INDICATES RECORD WAS SET OR TIED.
MM INDICATES DATA IS MISSING.
T  INDICATES TRACE AMOUNT.




$$
