000
CDUS41 KGYX 050907
CLIGYX


CLIMATE REPORT
NATIONAL WEATHER SERVICE GRAY ME
407 AM EST FRI FEB 5 2016


...................................

...THE GRAY ME CLIMATE SUMMARY FOR FEBRUARY 4 2016...

CLIMATE NORMAL PERIOD 1981 TO 2010
CLIMATE RECORD PERIOD 1995 TO 2016


WEATHER ITEM   OBSERVED TIME   RECORD YEAR NORMAL DEPARTURE LAST
                VALUE   (LST)  VALUE       VALUE  FROM      YEAR
                                                  NORMAL
..................................................................
TEMPERATURE (F)
 YESTERDAY
  MAXIMUM         52        MM  MM      MM  31     21       29
  MINIMUM         38        MM  MM      MM  13     25        6
  AVERAGE         45                        22     23       18

PRECIPITATION (IN)
  YESTERDAY        0.02         MM      MM   0.10  -0.08     0.05
  MONTH TO DATE    0.99                      0.41   0.58     0.74
  SINCE DEC 1      9.28                      8.00   1.28    10.87
  SINCE JAN 1      4.72                      3.94   0.78     4.67

SNOWFALL (IN)
  YESTERDAY        0.0          MM      MM   0.5   -0.5      0.4
  MONTH TO DATE    T                         2.2   -2.2      9.8
  SINCE DEC 1     21.1                      41.7  -20.6     62.1
  SINCE JUL 1     21.3                      44.8  -23.5     77.1
  SNOW DEPTH       1

DEGREE DAYS
 HEATING
  YESTERDAY       20                        43    -23       47
  MONTH TO DATE   97                       173    -76      221
  SINCE DEC 1   2224                      2706   -482     2770
  SINCE JUL 1   3523                      4203   -680     4220

 COOLING
  YESTERDAY        0                         0      0        0
  MONTH TO DATE    0                         0      0        0
  SINCE DEC 1      0                         0      0        0
  SINCE JAN 1      0                         0      0        0
..................................................................







THE GRAY ME CLIMATE NORMALS FOR TODAY
                         NORMAL
 MAXIMUM TEMPERATURE (F)   31
 MINIMUM TEMPERATURE (F)   14


SUNRISE AND SUNSET
FEBRUARY  5 2016......SUNRISE   654 AM EST   SUNSET   456 PM EST
FEBRUARY  6 2016......SUNRISE   653 AM EST   SUNSET   458 PM EST


-  INDICATES NEGATIVE NUMBERS.
R  INDICATES RECORD WAS SET OR TIED.
MM INDICATES DATA IS MISSING.
T  INDICATES TRACE AMOUNT.




$$
