000
CDUS41 KGYX 210905
CLIGYX


CLIMATE REPORT
NATIONAL WEATHER SERVICE GRAY ME
405 AM EST SUN JAN 21 2018


...................................

...THE GRAY ME CLIMATE SUMMARY FOR JANUARY 20 2018...

CLIMATE NORMAL PERIOD 1981 TO 2010
CLIMATE RECORD PERIOD 1995 TO 2018


WEATHER ITEM   OBSERVED TIME   RECORD YEAR NORMAL DEPARTURE LAST
                VALUE   (LST)  VALUE       VALUE  FROM      YEAR
                                                  NORMAL
..................................................................
TEMPERATURE (F)
 YESTERDAY
  MAXIMUM         46        MM  MM      MM  29     17       36
  MINIMUM         26        MM  MM      MM  12     14       29
  AVERAGE         36                        20     16       33

PRECIPITATION (IN)
  YESTERDAY        T            MM      MM   0.12  -0.12     0.00
  MONTH TO DATE    2.72                      2.30   0.42     1.53
  SINCE DEC 1      6.19                      6.36  -0.17     6.35
  SINCE JAN 1      2.72                      2.30   0.42     1.53

SNOWFALL (IN)
  YESTERDAY        T            MM      MM   0.7   -0.7      0.0
  MONTH TO DATE   18.6                      14.0    4.6      6.5
  SINCE DEC 1     42.2                      32.3    9.9     42.0
  SINCE JUL 1     43.4                      35.4    8.0     43.3
  SNOW DEPTH      12

DEGREE DAYS
 HEATING
  YESTERDAY       29                        45    -16       32
  MONTH TO DATE  884                       878      6      784
  SINCE DEC 1   2238                      2047    191     2005
  SINCE JUL 1   3431                      3544   -113     3284

 COOLING
  YESTERDAY        0                         0      0        0
  MONTH TO DATE    0                         0      0        0
  SINCE DEC 1      0                         0      0        0
  SINCE JAN 1      0                         0      0        0
..................................................................







THE GRAY ME CLIMATE NORMALS FOR TODAY
                         NORMAL
 MAXIMUM TEMPERATURE (F)   29
 MINIMUM TEMPERATURE (F)   12


SUNRISE AND SUNSET
JANUARY 21 2018.......SUNRISE   708 AM EST   SUNSET   437 PM EST
JANUARY 22 2018.......SUNRISE   708 AM EST   SUNSET   438 PM EST


-  INDICATES NEGATIVE NUMBERS.
R  INDICATES RECORD WAS SET OR TIED.
MM INDICATES DATA IS MISSING.
T  INDICATES TRACE AMOUNT.




$$
