000
CDUS41 KGYX 250803
CLIGYX


CLIMATE REPORT
NATIONAL WEATHER SERVICE GRAY ME
403 AM EDT SUN SEP 25 2016


...................................

...THE GRAY ME CLIMATE SUMMARY FOR SEPTEMBER 24 2016...

CLIMATE NORMAL PERIOD 1981 TO 2010
CLIMATE RECORD PERIOD 1995 TO 2016


WEATHER ITEM   OBSERVED TIME   RECORD YEAR NORMAL DEPARTURE LAST
                VALUE   (LST)  VALUE       VALUE  FROM      YEAR
                                                  NORMAL
..................................................................
TEMPERATURE (F)
 YESTERDAY
  MAXIMUM         65        MM  MM      MM  67     -2       73
  MINIMUM         44        MM  MM      MM  47     -3       54
  AVERAGE         55                        57     -2       64

PRECIPITATION (IN)
  YESTERDAY        0.00         MM      MM   0.14  -0.14     0.00
  MONTH TO DATE    0.81                      3.24  -2.43     1.61
  SINCE SEP 1      0.81                      3.24  -2.43     1.61
  SINCE JAN 1     29.98                     34.72  -4.74    26.98

SNOWFALL (IN)
  YESTERDAY        0.0          MM      MM   0.0    0.0      0.0
  MONTH TO DATE    0.0                       0.0    0.0      0.0
  SINCE SEP 1      0.0                       0.0    0.0      0.0
  SINCE JUL 1      0.0                       0.0    0.0      0.0
  SNOW DEPTH       0

DEGREE DAYS
 HEATING
  YESTERDAY       10                         8      2        1
  MONTH TO DATE   34                       110    -76       34
  SINCE SEP 1     34                       110    -76       34
  SINCE JUL 1     53                       146    -93       50

 COOLING
  YESTERDAY        0                         0      0        0
  MONTH TO DATE   80                        25     55       90
  SINCE SEP 1     80                        25     55       90
  SINCE JAN 1    607                       384    223      463
..................................................................







THE GRAY ME CLIMATE NORMALS FOR TODAY
                         NORMAL
 MAXIMUM TEMPERATURE (F)   66
 MINIMUM TEMPERATURE (F)   47


SUNRISE AND SUNSET
SEPTEMBER 25 2016.....SUNRISE   632 AM EDT   SUNSET   632 PM EDT
SEPTEMBER 26 2016.....SUNRISE   633 AM EDT   SUNSET   630 PM EDT


-  INDICATES NEGATIVE NUMBERS.
R  INDICATES RECORD WAS SET OR TIED.
MM INDICATES DATA IS MISSING.
T  INDICATES TRACE AMOUNT.




$$
