000
CDUS41 KGYX 250909
CLIGYX


CLIMATE REPORT
NATIONAL WEATHER SERVICE GRAY ME
409 AM EST SUN JAN 25 2015


...................................

...THE GRAY ME CLIMATE SUMMARY FOR JANUARY 24 2015...

CLIMATE NORMAL PERIOD 1981 TO 2010
CLIMATE RECORD PERIOD 1995 TO 2015


WEATHER ITEM   OBSERVED TIME   RECORD YEAR NORMAL DEPARTURE LAST
                VALUE   (LST)  VALUE       VALUE  FROM      YEAR
                                                  NORMAL
..................................................................
TEMPERATURE (F)
 YESTERDAY
  MAXIMUM         31        MM  MM      MM  29      2       15
  MINIMUM         20        MM  MM      MM  12      8       -1
  AVERAGE         26                        20      6        7

PRECIPITATION (IN)
  YESTERDAY        0.16         MM      MM   0.11   0.05     0.00
  MONTH TO DATE    1.62                      2.77  -1.15     3.44
  SINCE DEC 1      7.82                      6.83   0.99     7.12
  SINCE JAN 1      1.62                      2.77  -1.15     3.44

SNOWFALL (IN)
  YESTERDAY        3.0          MM      MM   0.7    2.3      0.0
  MONTH TO DATE   12.3                      16.6   -4.3     12.3
  SINCE DEC 1     18.8                      34.9  -16.1     39.2
  SINCE JUL 1     33.8                      38.0   -4.2     40.3
  SNOW DEPTH       3

DEGREE DAYS
 HEATING
  YESTERDAY       39                        45     -6       58
  MONTH TO DATE 1121                      1058     63     1065
  SINCE DEC 1   2211                      2227    -16     2395
  SINCE JUL 1   3661                      3724    -63     3866

 COOLING
  YESTERDAY        0                         0      0        0
  MONTH TO DATE    0                         0      0        0
  SINCE DEC 1      0                         0      0        0
  SINCE JAN 1      0                         0      0        0
..................................................................







THE GRAY ME CLIMATE NORMALS FOR TODAY
                         NORMAL
 MAXIMUM TEMPERATURE (F)   29
 MINIMUM TEMPERATURE (F)   12


SUNRISE AND SUNSET
JANUARY 25 2015.......SUNRISE   705 AM EST   SUNSET   442 PM EST
JANUARY 26 2015.......SUNRISE   704 AM EST   SUNSET   443 PM EST


-  INDICATES NEGATIVE NUMBERS.
R  INDICATES RECORD WAS SET OR TIED.
MM INDICATES DATA IS MISSING.
T  INDICATES TRACE AMOUNT.




$$
