000
CDUS41 KGYX 060804
CLIGYX


CLIMATE REPORT
NATIONAL WEATHER SERVICE GRAY ME
404 AM EDT FRI MAY 6 2016


...................................

...THE GRAY ME CLIMATE SUMMARY FOR MAY 5 2016...

CLIMATE NORMAL PERIOD 1981 TO 2010
CLIMATE RECORD PERIOD 1995 TO 2016


WEATHER ITEM   OBSERVED TIME   RECORD YEAR NORMAL DEPARTURE LAST
                VALUE   (LST)  VALUE       VALUE  FROM      YEAR
                                                  NORMAL
..................................................................
TEMPERATURE (F)
 YESTERDAY
  MAXIMUM         46        MM  MM      MM  62    -16       73
  MINIMUM         41        MM  MM      MM  42     -1       57
  AVERAGE         44                        52     -8       65

PRECIPITATION (IN)
  YESTERDAY        0.16         MM      MM   0.13   0.03     0.00
  MONTH TO DATE    1.38                      0.63   0.75     0.00
  SINCE MAR 1      8.73                      9.18  -0.45     5.01
  SINCE JAN 1     16.99                     16.02   0.97    10.98

SNOWFALL (IN)
  YESTERDAY        0.0          MM      MM   0.0    0.0      0.0
  MONTH TO DATE    0.0                       0.1   -0.1      0.0
  SINCE MAR 1     14.5                      24.8  -10.3      8.2
  SINCE JUL 1     51.8                      83.9  -32.1    107.3
  SNOW DEPTH       0

DEGREE DAYS
 HEATING
  YESTERDAY       21                        13      8        0
  MONTH TO DATE  102                        70     32       56
  SINCE MAR 1   1665                      1687    -22     1834
  SINCE JUL 1   6185                      6845   -660     7310

 COOLING
  YESTERDAY        0                         0      0        0
  MONTH TO DATE    0                         0      0        0
  SINCE MAR 1      0                         1     -1        0
  SINCE JAN 1      0                         1     -1        0
..................................................................







THE GRAY ME CLIMATE NORMALS FOR TODAY
                         NORMAL
 MAXIMUM TEMPERATURE (F)   62
 MINIMUM TEMPERATURE (F)   42


SUNRISE AND SUNSET
MAY  6 2016...........SUNRISE   525 AM EDT   SUNSET   750 PM EDT
MAY  7 2016...........SUNRISE   524 AM EDT   SUNSET   752 PM EDT


-  INDICATES NEGATIVE NUMBERS.
R  INDICATES RECORD WAS SET OR TIED.
MM INDICATES DATA IS MISSING.
T  INDICATES TRACE AMOUNT.




$$
