000
CDUS44 KJAN 190753
CLIHBG


CLIMATE REPORT
NATIONAL WEATHER SERVICE JACKSON MS
250 AM CDT THU OCT 19 2017


...................................

...THE HATTIESBURG CLIMATE SUMMARY FOR OCTOBER 18 2017...

CLIMATE NORMAL PERIOD 1981 TO 2010
CLIMATE RECORD PERIOD 1948 TO 2017


WEATHER ITEM   OBSERVED TIME   RECORD YEAR NORMAL DEPARTURE LAST
                VALUE   (LST)  VALUE       VALUE  FROM      YEAR
                                                  NORMAL
..................................................................
TEMPERATURE (F)
 YESTERDAY
  MAXIMUM         77    239 PM  90    2006  79     -2       89
                                      1953
  MINIMUM         47    634 AM  34    1948  54     -7       68
  AVERAGE         62                        66     -4       79

PRECIPITATION (IN)
  YESTERDAY        0.00          1.04 1989   0.12  -0.12     0.00
  MONTH TO DATE    1.14                      2.23  -1.09      T
  SINCE SEP 1      3.31                      6.31  -3.00     4.09
  SINCE JAN 1     59.73                     48.47  11.26    55.10

SNOWFALL (IN)
  YESTERDAY        0.0

DEGREE DAYS
 HEATING
  YESTERDAY        3                         2      1        0
  MONTH TO DATE    5                        24    -19        0
  SINCE SEP 1      5                        26    -21        0
  SINCE JUL 1      5                        26    -21        0

 COOLING
  YESTERDAY        0                         4     -4       14
  MONTH TO DATE  181                        97     84      135
  SINCE SEP 1    535                       453     82      608
  SINCE JAN 1   2480                      2324    156     2722
..................................................................


WIND (MPH)
  HIGHEST WIND SPEED     9   HIGHEST WIND DIRECTION     E (80)
  HIGHEST GUST SPEED    12   HIGHEST GUST DIRECTION     E (80)
  AVERAGE WIND SPEED     2.0


SKY COVER
  POSSIBLE SUNSHINE  MM
  AVERAGE SKY COVER 0.0


WEATHER CONDITIONS
 THE FOLLOWING WEATHER WAS RECORDED YESTERDAY.
  NO SIGNIFICANT WEATHER WAS OBSERVED.


RELATIVE HUMIDITY (PERCENT)
 HIGHEST   100          1200 AM
 LOWEST     38           400 PM
 AVERAGE    69

..........................................................


THE HATTIESBURG CLIMATE NORMALS FOR TODAY
                         NORMAL    RECORD    YEAR
 MAXIMUM TEMPERATURE (F)   79        90      2016
                                             1949
 MINIMUM TEMPERATURE (F)   53        31      1948


SUNRISE AND SUNSET
OCTOBER 19 2017.......SUNRISE   703 AM CDT   SUNSET   620 PM CDT
OCTOBER 20 2017.......SUNRISE   704 AM CDT   SUNSET   619 PM CDT


-  INDICATES NEGATIVE NUMBERS.
R  INDICATES RECORD WAS SET OR TIED.
MM INDICATES DATA IS MISSING.
T  INDICATES TRACE AMOUNT.




$$
