000
CDUS44 KJAN 100917
CLIHBG


CLIMATE REPORT
NATIONAL WEATHER SERVICE JACKSON MS
315 AM CST WED FEB 10 2016


...................................

...THE HATTIESBURG CLIMATE SUMMARY FOR FEBRUARY 9 2016...

CLIMATE NORMAL PERIOD 1981 TO 2010
CLIMATE RECORD PERIOD 1948 TO 2016


WEATHER ITEM   OBSERVED TIME   RECORD YEAR NORMAL DEPARTURE LAST
                VALUE   (LST)  VALUE       VALUE  FROM      YEAR
                                                  NORMAL
..................................................................
TEMPERATURE (F)
 YESTERDAY
  MAXIMUM         54    407 PM  84    1957  62     -8       75
  MINIMUM         31   1252 AM  20    1971  39     -8       50
  AVERAGE         43                        50     -7       63

PRECIPITATION (IN)
  YESTERDAY        0.00          1.54 1949   0.19  -0.19     0.00
  MONTH TO DATE    0.92                      1.56  -0.64     0.59
  SINCE DEC 1     15.45                     12.21   3.24    12.14
  SINCE JAN 1      5.44                      7.30  -1.86     5.94

SNOWFALL (IN)
  YESTERDAY        0.0

DEGREE DAYS
 HEATING
  YESTERDAY       22                        15      7        2
  MONTH TO DATE  133                       141     -8      136
  SINCE DEC 1    871                      1112   -241     1010
  SINCE JUL 1   1049                      1440   -391     1426

 COOLING
  YESTERDAY        0                         0      0        0
  MONTH TO DATE   12                         0     12        0
  SINCE DEC 1     83                        19     64       13
  SINCE JAN 1     12                         6      6        6
..................................................................


WIND (MPH)
  HIGHEST WIND SPEED    28   HIGHEST WIND DIRECTION     W (290)
  HIGHEST GUST SPEED    38   HIGHEST GUST DIRECTION     W (290)
  AVERAGE WIND SPEED    11.0


SKY COVER
  POSSIBLE SUNSHINE  MM
  AVERAGE SKY COVER 0.0


WEATHER CONDITIONS
 THE FOLLOWING WEATHER WAS RECORDED YESTERDAY.
  NO SIGNIFICANT WEATHER WAS OBSERVED.


RELATIVE HUMIDITY (PERCENT)
 HIGHEST    72           100 AM
 LOWEST     19           200 PM
 AVERAGE    46

..........................................................


THE HATTIESBURG CLIMATE NORMALS FOR TODAY
                         NORMAL    RECORD    YEAR
 MAXIMUM TEMPERATURE (F)   62        83      1994
                                             1957
 MINIMUM TEMPERATURE (F)   39        17      1971


SUNRISE AND SUNSET
FEBRUARY 10 2016......SUNRISE   643 AM CST   SUNSET   540 PM CST
FEBRUARY 11 2016......SUNRISE   642 AM CST   SUNSET   541 PM CST


-  INDICATES NEGATIVE NUMBERS.
R  INDICATES RECORD WAS SET OR TIED.
MM INDICATES DATA IS MISSING.
T  INDICATES TRACE AMOUNT.




$$
