000
CDUS44 KJAN 150719
CLIHBG


CLIMATE REPORT
NATIONAL WEATHER SERVICE JACKSON MS
117 AM CST FRI DEC 15 2017


...................................

...THE HATTIESBURG CLIMATE SUMMARY FOR DECEMBER 14 2017...

CLIMATE NORMAL PERIOD 1981 TO 2010
CLIMATE RECORD PERIOD 1948 TO 2017


WEATHER ITEM   OBSERVED TIME   RECORD YEAR NORMAL DEPARTURE LAST
                VALUE   (LST)  VALUE       VALUE  FROM      YEAR
                                                  NORMAL
..................................................................
TEMPERATURE (F)
 YESTERDAY
  MAXIMUM         61    223 PM  78    1991  62     -1       62
  MINIMUM         34    709 AM  21    2010  40     -6       46
                                      1962
  AVERAGE         48                        51     -3       54

PRECIPITATION (IN)
  YESTERDAY        0.00          2.94 2009   0.16  -0.16     0.00
  MONTH TO DATE    1.74                      2.25  -0.51     3.28
  SINCE DEC 1      1.74                      2.25  -0.51     3.28
  SINCE JAN 1     64.08                     56.51   7.57    60.13

SNOWFALL (IN)
  YESTERDAY        0.0

DEGREE DAYS
 HEATING
  YESTERDAY       17                        15      2       11
  MONTH TO DATE  228                       192     36      168
  SINCE DEC 1    228                       192     36      168
  SINCE JUL 1    533                       520     13      364

 COOLING
  YESTERDAY        0                         0      0        0
  MONTH TO DATE    0                        12    -12        5
  SINCE DEC 1      0                        12    -12        5
  SINCE JAN 1   2544                      2402    142     2815
..................................................................


WIND (MPH)
  HIGHEST WIND SPEED     9   HIGHEST WIND DIRECTION    SW (210)
  HIGHEST GUST SPEED    11   HIGHEST GUST DIRECTION     S (200)
  AVERAGE WIND SPEED     1.4


SKY COVER
  POSSIBLE SUNSHINE  MM
  AVERAGE SKY COVER 0.0


WEATHER CONDITIONS
 THE FOLLOWING WEATHER WAS RECORDED YESTERDAY.
  NO SIGNIFICANT WEATHER WAS OBSERVED.


RELATIVE HUMIDITY (PERCENT)
 HIGHEST   100           300 AM
 LOWEST     42          1200 PM
 AVERAGE    71

..........................................................


THE HATTIESBURG CLIMATE NORMALS FOR TODAY
                         NORMAL    RECORD    YEAR
 MAXIMUM TEMPERATURE (F)   62        83      1948
 MINIMUM TEMPERATURE (F)   40        20      1958
                                             1952


SUNRISE AND SUNSET
DECEMBER 15 2017......SUNRISE   648 AM CST   SUNSET   456 PM CST
DECEMBER 16 2017......SUNRISE   649 AM CST   SUNSET   457 PM CST


-  INDICATES NEGATIVE NUMBERS.
R  INDICATES RECORD WAS SET OR TIED.
MM INDICATES DATA IS MISSING.
T  INDICATES TRACE AMOUNT.




$$
