000
CDUS44 KJAN 260721
CLIHBG


CLIMATE REPORT
NATIONAL WEATHER SERVICE JACKSON MS
119 AM CST SUN FEB 26 2017


...................................

...THE HATTIESBURG CLIMATE SUMMARY FOR FEBRUARY 25 2017...

CLIMATE NORMAL PERIOD 1981 TO 2010
CLIMATE RECORD PERIOD 1948 TO 2017


WEATHER ITEM   OBSERVED TIME   RECORD YEAR NORMAL DEPARTURE LAST
                VALUE   (LST)  VALUE       VALUE  FROM      YEAR
                                                  NORMAL
..................................................................
TEMPERATURE (F)
 YESTERDAY
  MAXIMUM         67    127 PM  82    1950  66      1       67
  MINIMUM         43   1159 PM  21    1989  43      0       35
  AVERAGE         55                        55      0       51

PRECIPITATION (IN)
  YESTERDAY        0.00          2.75 1961   0.19  -0.19     0.00
  MONTH TO DATE    1.99                      4.80  -2.81     4.85
  SINCE DEC 1     18.12                     15.45   2.67    19.38
  SINCE JAN 1     11.06                     10.54   0.52     9.37

SNOWFALL (IN)
  YESTERDAY        0.0

DEGREE DAYS
 HEATING
  YESTERDAY       10                        11     -1       14
  MONTH TO DATE  140                       347   -207      271
  SINCE DEC 1    753                      1318   -565     1009
  SINCE JUL 1    949                      1646   -697     1187

 COOLING
  YESTERDAY        0                         0      0        0
  MONTH TO DATE   30                         0     30       25
  SINCE DEC 1    101                        19     82       96
  SINCE JAN 1     62                         6     56       25
..................................................................


WIND (MPH)
  HIGHEST WIND SPEED    22   HIGHEST WIND DIRECTION    NW (330)
  HIGHEST GUST SPEED    30   HIGHEST GUST DIRECTION     N (350)
  AVERAGE WIND SPEED     9.5


SKY COVER
  POSSIBLE SUNSHINE  MM
  AVERAGE SKY COVER 0.1


WEATHER CONDITIONS
 THE FOLLOWING WEATHER WAS RECORDED YESTERDAY.
  NO SIGNIFICANT WEATHER WAS OBSERVED.


RELATIVE HUMIDITY (PERCENT)
 HIGHEST    87          1200 AM
 LOWEST     24           300 PM
 AVERAGE    56

..........................................................


THE HATTIESBURG CLIMATE NORMALS FOR TODAY
                         NORMAL    RECORD    YEAR
 MAXIMUM TEMPERATURE (F)   67        83      1977
 MINIMUM TEMPERATURE (F)   43        23      1974


SUNRISE AND SUNSET
FEBRUARY 26 2017......SUNRISE   627 AM CST   SUNSET   553 PM CST
FEBRUARY 27 2017......SUNRISE   626 AM CST   SUNSET   554 PM CST


-  INDICATES NEGATIVE NUMBERS.
R  INDICATES RECORD WAS SET OR TIED.
MM INDICATES DATA IS MISSING.
T  INDICATES TRACE AMOUNT.




$$
