000
CDUS44 KJAN 070639
CLIHBG


CLIMATE REPORT
NATIONAL WEATHER SERVICE JACKSON MS
1236 AM CST WED DEC 7 2016


...................................

...THE HATTIESBURG CLIMATE SUMMARY FOR DECEMBER 6 2016...

CLIMATE NORMAL PERIOD 1981 TO 2010
CLIMATE RECORD PERIOD 1948 TO 2016


WEATHER ITEM   OBSERVED TIME   RECORD YEAR NORMAL DEPARTURE LAST
                VALUE   (LST)  VALUE       VALUE  FROM      YEAR
                                                  NORMAL
..................................................................
TEMPERATURE (F)
 YESTERDAY
  MAXIMUM         66    330 AM  83    2013  63      3       71
  MINIMUM         52   1159 PM  27    2010  41     11       43
                                      2009
  AVERAGE         59                        52      7       57

PRECIPITATION (IN)
  YESTERDAY        T             3.18 1972   0.16  -0.16     0.00
  MONTH TO DATE    1.09                      0.93   0.16     0.72
  SINCE DEC 1      1.09                      0.93   0.16     0.72
  SINCE JAN 1     57.94                     55.19   2.75    52.23

SNOWFALL (IN)
  YESTERDAY        0.0

DEGREE DAYS
 HEATING
  YESTERDAY        6                        13     -7        8
  MONTH TO DATE   64                        77    -13       72
  SINCE DEC 1     64                        77    -13       72
  SINCE JUL 1    260                       405   -145      250

 COOLING
  YESTERDAY        0                         1     -1        0
  MONTH TO DATE    0                         6     -6        3
  SINCE DEC 1      0                         6     -6        3
  SINCE JAN 1   2810                      2396    414     2857
..................................................................


WIND (MPH)
  HIGHEST WIND SPEED    21   HIGHEST WIND DIRECTION     W (270)
  HIGHEST GUST SPEED    29   HIGHEST GUST DIRECTION     W (280)
  AVERAGE WIND SPEED     8.2


SKY COVER
  POSSIBLE SUNSHINE  MM
  AVERAGE SKY COVER 0.9


WEATHER CONDITIONS
 THE FOLLOWING WEATHER WAS RECORDED YESTERDAY.
  LIGHT RAIN
  FOG


RELATIVE HUMIDITY (PERCENT)
 HIGHEST   100           200 AM
 LOWEST     77          1100 AM
 AVERAGE    89

..........................................................


THE HATTIESBURG CLIMATE NORMALS FOR TODAY
                         NORMAL    RECORD    YEAR
 MAXIMUM TEMPERATURE (F)   63        84      1951
 MINIMUM TEMPERATURE (F)   41        20      1950


SUNRISE AND SUNSET
DECEMBER  7 2016......SUNRISE   643 AM CST   SUNSET   454 PM CST
DECEMBER  8 2016......SUNRISE   644 AM CST   SUNSET   454 PM CST


-  INDICATES NEGATIVE NUMBERS.
R  INDICATES RECORD WAS SET OR TIED.
MM INDICATES DATA IS MISSING.
T  INDICATES TRACE AMOUNT.




$$
