000
CDUS44 KJAN 282225
CLIHBG


CLIMATE REPORT
NATIONAL WEATHER SERVICE JACKSON MS
423 PM CST SAT FEB 28 2015


...................................

...THE HATTIESBURG CLIMATE SUMMARY FOR FEBRUARY 28 2015...
VALID TODAY AS OF 0400 PM LOCAL TIME.

CLIMATE NORMAL PERIOD 1981 TO 2010
CLIMATE RECORD PERIOD 1948 TO 2015


WEATHER ITEM   OBSERVED TIME   RECORD YEAR NORMAL DEPARTURE LAST
                VALUE   (LST)  VALUE       VALUE  FROM      YEAR
                                                  NORMAL
..................................................................
TEMPERATURE (F)
 TODAY
  MAXIMUM         68    359 PM  85    1948  67      1       64
  MINIMUM         28    639 AM  21    2002  44    -16       27
  AVERAGE         48                        55     -7       46

PRECIPITATION (IN)
  TODAY            0.00          2.94 1966   0.20  -0.20     0.00
  MONTH TO DATE    2.48                      5.39  -2.91     7.23
  SINCE DEC 1     14.03                     16.04  -2.01    13.82
  SINCE JAN 1      7.83                     11.13  -3.30     9.90

SNOWFALL (IN)
  TODAY            0.0

DEGREE DAYS
 HEATING
  TODAY           17                        10      7       19
  MONTH TO DATE  491                       378    113      389
  SINCE DEC 1   1365                      1350     15     1556
  SINCE JUL 1   1781                      1678    103     1923

 COOLING
  TODAY            0                         1     -1        0
  MONTH TO DATE    0                         9     -9       17
  SINCE DEC 1     13                        28    -15       51
  SINCE JAN 1      6                        15     -9       17
..................................................................


WIND (MPH)
  HIGHEST WIND SPEED    15   HIGHEST WIND DIRECTION     E (100)
  HIGHEST GUST SPEED    19   HIGHEST GUST DIRECTION     E (110)
  AVERAGE WIND SPEED     5.8


SKY COVER
  POSSIBLE SUNSHINE  MM
  AVERAGE SKY COVER 0.0


WEATHER CONDITIONS
 THE FOLLOWING WEATHER WAS RECORDED TODAY.
  NO SIGNIFICANT WEATHER WAS OBSERVED.


RELATIVE HUMIDITY (PERCENT)
 HIGHEST    92           700 AM
 LOWEST     26           300 PM
 AVERAGE    59

..........................................................


THE HATTIESBURG CLIMATE NORMALS FOR TOMORROW
                         NORMAL    RECORD    YEAR
 MAXIMUM TEMPERATURE (F)   68        83      1951
 MINIMUM TEMPERATURE (F)   44        23      1984


SUNRISE AND SUNSET
FEBRUARY 28 2015......SUNRISE   625 AM CST   SUNSET   554 PM CST
MARCH  1 2015.........SUNRISE   624 AM CST   SUNSET   555 PM CST


-  INDICATES NEGATIVE NUMBERS.
R  INDICATES RECORD WAS SET OR TIED.
MM INDICATES DATA IS MISSING.
T  INDICATES TRACE AMOUNT.




$$
