000
CDUS44 KJAN 282207
CLIHBG


CLIMATE REPORT
NATIONAL WEATHER SERVICE JACKSON MS
507 PM CDT SAT MAR 28 2015


...................................

...THE HATTIESBURG CLIMATE SUMMARY FOR MARCH 28 2015...
VALID AS OF 0500 PM LOCAL TIME.

CLIMATE NORMAL PERIOD 1981 TO 2010
CLIMATE RECORD PERIOD 1948 TO 2015


WEATHER ITEM   OBSERVED TIME   RECORD YEAR NORMAL DEPARTURE LAST
                VALUE   (LST)  VALUE       VALUE  FROM      YEAR
                                                  NORMAL
..................................................................
TEMPERATURE (F)
 TODAY
  MAXIMUM         64    319 PM  86    2007  74    -10       66
  MINIMUM         38    615 AM  32    2013  49    -11       61
  AVERAGE         51

PRECIPITATION (IN)
  TODAY            T             2.65 2014   0.17  -0.17     2.65
  MONTH TO DATE    5.71                      4.94   0.77     6.08
  SINCE MAR 1      5.71                      4.94   0.77     6.08
  SINCE JAN 1     13.54                     16.07  -2.53    15.98

SNOWFALL (IN)
  TODAY            0.0

..................................................................










-  INDICATES NEGATIVE NUMBERS.
R  INDICATES RECORD WAS SET OR TIED.
MM INDICATES DATA IS MISSING.
T  INDICATES TRACE AMOUNT.




$$
