000
CDUS41 KLWX 020545
CLIHGR


CLIMATE REPORT
NATIONAL WEATHER SERVICE BALTIMORE MD/WASHINGTON DC
1244 AM EST MON MAR 2 2015


...................................

...THE HAGERSTOWN MD CLIMATE SUMMARY FOR MARCH 1 2015...

CLIMATE NORMAL PERIOD 1981 TO 2010
CLIMATE RECORD PERIOD 9999 TO 9999


WEATHER ITEM   OBSERVED TIME   RECORD YEAR NORMAL DEPARTURE LAST
                VALUE   (LST)  VALUE       VALUE  FROM      YEAR
                                                  NORMAL
..................................................................
TEMPERATURE (F)
 YESTERDAY
  MAXIMUM         31   1159 PM  MM      MM  45    -14       40
  MINIMUM         21   1219 AM  MM      MM  28     -7       13
  AVERAGE         26                        36    -10       27

PRECIPITATION (IN)
  YESTERDAY        0.25         MM      MM   0.08   0.17     0.00
  MONTH TO DATE    0.25                      0.08   0.17     0.00
  SINCE MAR 1      0.25                      0.08   0.17     0.00
  SINCE JAN 1      2.53                      5.31  -2.78     3.78

DEGREE DAYS
 HEATING
  YESTERDAY       39                        28     11       38
  MONTH TO DATE   39                        28     11       38
  SINCE MAR 1     39                        28     11       38
  SINCE JUL 1   4045                      3931    114     4053

 COOLING
  YESTERDAY        0                         0      0        0
  MONTH TO DATE    0                         0      0        0
  SINCE MAR 1      0                         0      0        0
  SINCE JAN 1      0                         0      0        0
..................................................................


WIND (MPH)
  HIGHEST WIND SPEED    15   HIGHEST WIND DIRECTION     S (160)
  HIGHEST GUST SPEED    19   HIGHEST GUST DIRECTION     S (190)
  AVERAGE WIND SPEED     6.0


SKY COVER
  POSSIBLE SUNSHINE  MM
  AVERAGE SKY COVER 1.0


WEATHER CONDITIONS
 THE FOLLOWING WEATHER WAS RECORDED YESTERDAY.
  LT FREEZING RAIN
  SNOW
  LIGHT SNOW
  FOG
  HAZE


RELATIVE HUMIDITY (PERCENT)
 HIGHEST    92           300 PM
 LOWEST     44           100 AM
 AVERAGE    68

..........................................................


THE HAGERSTOWN MD CLIMATE NORMALS FOR TODAY
                         NORMAL    RECORD    YEAR
 MAXIMUM TEMPERATURE (F)   45        MM        MM
 MINIMUM TEMPERATURE (F)   28        MM        MM


SUNRISE AND SUNSET
MARCH  2 2015.........SUNRISE   643 AM EST   SUNSET   604 PM EST
MARCH  3 2015.........SUNRISE   641 AM EST   SUNSET   605 PM EST


-  INDICATES NEGATIVE NUMBERS.
R  INDICATES RECORD WAS SET OR TIED.
MM INDICATES DATA IS MISSING.
T  INDICATES TRACE AMOUNT.




$$
