000
CDUS41 KLWX 282142
CLIHGR


CLIMATE REPORT
NATIONAL WEATHER SERVICE BALTIMORE MD/WASHINGTON DC
542 PM EDT THU AUG 28 2014


...................................

...THE HAGERSTOWN MD CLIMATE SUMMARY FOR AUGUST 28 2014...
VALID TODAY AS OF 0500 PM LOCAL TIME.

CLIMATE NORMAL PERIOD 1981 TO 2010
CLIMATE RECORD PERIOD 9999 TO 9999


WEATHER ITEM   OBSERVED TIME   RECORD YEAR NORMAL DEPARTURE LAST
                VALUE   (LST)  VALUE       VALUE  FROM      YEAR
                                                  NORMAL
..................................................................
TEMPERATURE (F)
 TODAY
  MAXIMUM         80    320 PM  MM      MM  81     -1       77
  MINIMUM         65    637 AM  MM      MM  62      3       70
  AVERAGE         73                        72      1       74

PRECIPITATION (IN)
  TODAY            0.00         MM      MM   0.10  -0.10     0.13
  MONTH TO DATE    3.51                      2.83   0.68     1.67
  SINCE JUN 1     14.43                     10.12   4.31     9.29
  SINCE JAN 1     26.91                     26.32   0.59    19.15

DEGREE DAYS
 HEATING
  TODAY            0                         0      0        0
  MONTH TO DATE    0                         0      0        3
  SINCE JUN 1      2                        18    -16        6
  SINCE JUL 1      2                         0      2        3

 COOLING
  TODAY            8                         7      1        9
  MONTH TO DATE  178                       242    -64      199
  SINCE JUN 1    708                       772    -64      827
  SINCE JAN 1    790                       848    -58      944
..................................................................


WIND (MPH)
  HIGHEST WIND SPEED    18   HIGHEST WIND DIRECTION    NW (320)
  HIGHEST GUST SPEED    25   HIGHEST GUST DIRECTION    NW (320)
  AVERAGE WIND SPEED     9.3


SKY COVER
  POSSIBLE SUNSHINE  MM
  AVERAGE SKY COVER 0.1


WEATHER CONDITIONS
 THE FOLLOWING WEATHER WAS RECORDED TODAY.
  NO SIGNIFICANT WEATHER WAS OBSERVED.


RELATIVE HUMIDITY (PERCENT)
 HIGHEST    84           200 AM
 LOWEST     37           400 PM
 AVERAGE    61

..........................................................


THE HAGERSTOWN MD CLIMATE NORMALS FOR TOMORROW
                         NORMAL    RECORD    YEAR
 MAXIMUM TEMPERATURE (F)   81        MM        MM
 MINIMUM TEMPERATURE (F)   62        MM        MM


SUNRISE AND SUNSET
AUGUST 28 2014........SUNRISE   635 AM EDT   SUNSET   748 PM EDT
AUGUST 29 2014........SUNRISE   636 AM EDT   SUNSET   747 PM EDT


-  INDICATES NEGATIVE NUMBERS.
R  INDICATES RECORD WAS SET OR TIED.
MM INDICATES DATA IS MISSING.
T  INDICATES TRACE AMOUNT.




$$
