000
CDUS41 KLWX 030531
CLIHGR


CLIMATE REPORT
NATIONAL WEATHER SERVICE BALTIMORE MD/WASHINGTON DC
129 AM EDT WED JUN 3 2015


...................................

...THE HAGERSTOWN MD CLIMATE SUMMARY FOR JUNE 2 2015...

CLIMATE NORMAL PERIOD 1981 TO 2010
CLIMATE RECORD PERIOD 9999 TO 9999


WEATHER ITEM   OBSERVED TIME   RECORD YEAR NORMAL DEPARTURE LAST
                VALUE   (LST)  VALUE       VALUE  FROM      YEAR
                                                  NORMAL
..................................................................
TEMPERATURE (F)
 YESTERDAY
  MAXIMUM         65    100 AM  MM      MM  77    -12       81
  MINIMUM         58   1115 PM  MM      MM  57      1       58
  AVERAGE         62                        67     -5       70

PRECIPITATION (IN)
  YESTERDAY        0.32         MM      MM   0.17   0.15      T
  MONTH TO DATE    0.54                      0.35   0.19      T
  SINCE JUN 1      0.54                      0.35   0.19      T
  SINCE JAN 1     10.73                     16.55  -5.82    12.48

DEGREE DAYS
 HEATING
  YESTERDAY        3                         2      1        0
  MONTH TO DATE    3                         4     -1        0
  SINCE JUN 1      3                         4     -1        0
  SINCE JUL 1   5132                      5171    -39     5370

 COOLING
  YESTERDAY        0                         4     -4        5
  MONTH TO DATE   10                         8      2        7
  SINCE JUN 1     10                         8      2        7
  SINCE JAN 1    211                        84    127       89
..................................................................


WIND (MPH)
  HIGHEST WIND SPEED    15   HIGHEST WIND DIRECTION    NE (30)
  HIGHEST GUST SPEED    19   HIGHEST GUST DIRECTION     N (10)
  AVERAGE WIND SPEED     8.3


SKY COVER
  POSSIBLE SUNSHINE  MM
  AVERAGE SKY COVER 1.0


WEATHER CONDITIONS
 THE FOLLOWING WEATHER WAS RECORDED YESTERDAY.
  HEAVY RAIN
  RAIN
  LIGHT RAIN
  FOG
  HAZE


RELATIVE HUMIDITY (PERCENT)
 HIGHEST    97           400 AM
 LOWEST     78           300 PM
 AVERAGE    88

..........................................................


THE HAGERSTOWN MD CLIMATE NORMALS FOR TODAY
                         NORMAL    RECORD    YEAR
 MAXIMUM TEMPERATURE (F)   78        MM        MM
 MINIMUM TEMPERATURE (F)   58        MM        MM


SUNRISE AND SUNSET
JUNE  3 2015..........SUNRISE   544 AM EDT   SUNSET   834 PM EDT
JUNE  4 2015..........SUNRISE   544 AM EDT   SUNSET   835 PM EDT


-  INDICATES NEGATIVE NUMBERS.
R  INDICATES RECORD WAS SET OR TIED.
MM INDICATES DATA IS MISSING.
T  INDICATES TRACE AMOUNT.




$$
