000
CDUS41 KLWX 030529
CLIHGR


CLIMATE REPORT
NATIONAL WEATHER SERVICE BALTIMORE MD/WASHINGTON DC
127 AM EDT FRI JUL 3 2015


...................................

...THE HAGERSTOWN MD CLIMATE SUMMARY FOR JULY 2 2015...

CLIMATE NORMAL PERIOD 1981 TO 2010
CLIMATE RECORD PERIOD 9999 TO 9999


WEATHER ITEM   OBSERVED TIME   RECORD YEAR NORMAL DEPARTURE LAST
                VALUE   (LST)  VALUE       VALUE  FROM      YEAR
                                                  NORMAL
..................................................................
TEMPERATURE (F)
 YESTERDAY
  MAXIMUM         76    406 PM  MM      MM  85     -9       90
  MINIMUM         63    336 AM  MM      MM  65     -2       73
  AVERAGE         70                        75     -5       82

PRECIPITATION (IN)
  YESTERDAY        T            MM      MM   0.09  -0.09      T
  MONTH TO DATE    T                         0.18  -0.18     1.54
  SINCE JUN 1      5.86                      4.06   1.80     6.40
  SINCE JAN 1     16.05                     20.26  -4.21    18.88

DEGREE DAYS
 HEATING
  YESTERDAY        0                         0      0        0
  MONTH TO DATE    0                         0      0        0
  SINCE JUN 1     14                        18     -4        0
  SINCE JUL 1      0                         0      0        0

 COOLING
  YESTERDAY        5                        10     -5       17
  MONTH TO DATE   17                        20     -3       34
  SINCE JUN 1    275                       229     46      279
  SINCE JAN 1    476                       305    171      361
..................................................................


WIND (MPH)
  HIGHEST WIND SPEED     7   HIGHEST WIND DIRECTION    SW (210)
  HIGHEST GUST SPEED    11   HIGHEST GUST DIRECTION    SW (220)
  AVERAGE WIND SPEED     2.6


SKY COVER
  POSSIBLE SUNSHINE  MM
  AVERAGE SKY COVER 0.4


WEATHER CONDITIONS
 THE FOLLOWING WEATHER WAS RECORDED YESTERDAY.
  FOG
  HAZE


RELATIVE HUMIDITY (PERCENT)
 HIGHEST    84           700 AM
 LOWEST     60          1100 AM
 AVERAGE    72

..........................................................


THE HAGERSTOWN MD CLIMATE NORMALS FOR TODAY
                         NORMAL    RECORD    YEAR
 MAXIMUM TEMPERATURE (F)   85        MM        MM
 MINIMUM TEMPERATURE (F)   65        MM        MM


SUNRISE AND SUNSET
JULY  3 2015..........SUNRISE   548 AM EDT   SUNSET   842 PM EDT
JULY  4 2015..........SUNRISE   548 AM EDT   SUNSET   842 PM EDT


-  INDICATES NEGATIVE NUMBERS.
R  INDICATES RECORD WAS SET OR TIED.
MM INDICATES DATA IS MISSING.
T  INDICATES TRACE AMOUNT.




$$
