000
CDUS46 KPQR 171144
CLIHIO


CLIMATE REPORT
NATIONAL WEATHER SERVICE PORTLAND OREGON
343 AM PST TUE JAN 17 2017


...................................

...THE HILLSBORO OR CLIMATE SUMMARY FOR JANUARY 16 2017...

CLIMATE NORMAL PERIOD 1981 TO 2010
CLIMATE RECORD PERIOD 1929 TO 2017


WEATHER ITEM   OBSERVED TIME   RECORD YEAR NORMAL DEPARTURE LAST
                VALUE   (LST)  VALUE       VALUE  FROM      YEAR
                                                  NORMAL
..................................................................
TEMPERATURE (F)
 YESTERDAY
  MAXIMUM         33    333 PM  58    1965  47    -14       MM
  MINIMUM         16    750 AM  15    1930  34    -18       MM
  AVERAGE         25                        40    -15       MM

PRECIPITATION (IN)
  YESTERDAY        0.00          1.82 1974   0.20  -0.20
  MONTH TO DATE    1.54                      3.45  -1.91
  SINCE OCT 1     21.22                     19.84   1.38
  SINCE JAN 1      1.54                      3.45  -1.91

SNOWFALL (IN)
  YESTERDAY        0.0
  MONTH TO DATE    0.0
  SINCE DEC 1      0.0
  SINCE JUL 1      0.0
  SNOW DEPTH       0

DEGREE DAYS
 HEATING
  YESTERDAY       40                        25     15
  MONTH TO DATE  610                       412    198
  SINCE JUL 1   2508                      2533    -25

 COOLING
  YESTERDAY        0                         0      0
  MONTH TO DATE    0                         0      0
  SINCE JAN 1      0                         0      0
..................................................................


WIND (MPH)
  HIGHEST WIND SPEED     9   HIGHEST WIND DIRECTION    NW (300)
  HIGHEST GUST SPEED    11   HIGHEST GUST DIRECTION     W (290)
  AVERAGE WIND SPEED     1.2


SKY COVER
  POSSIBLE SUNSHINE  MM
  AVERAGE SKY COVER 0.3


WEATHER CONDITIONS
 THE FOLLOWING WEATHER WAS RECORDED YESTERDAY.
  FOG
  HAZE


RELATIVE HUMIDITY (PERCENT)
 HIGHEST   100           900 AM
 LOWEST     63          1200 PM
 AVERAGE    82

..........................................................


THE HILLSBORO OR CLIMATE NORMALS FOR TODAY
                         NORMAL    RECORD    YEAR
 MAXIMUM TEMPERATURE (F)   47        60      1975
 MINIMUM TEMPERATURE (F)   34        10      1950


SUNRISE AND SUNSET
JANUARY 17 2017.......SUNRISE   747 AM PST   SUNSET   458 PM PST
JANUARY 18 2017.......SUNRISE   746 AM PST   SUNSET   459 PM PST


-  INDICATES NEGATIVE NUMBERS.
R  INDICATES RECORD WAS SET OR TIED.
MM INDICATES DATA IS MISSING.
T  INDICATES TRACE AMOUNT.




$$
