000
CDUS46 KPQR 051141
CLIHIO


CLIMATE REPORT
NATIONAL WEATHER SERVICE PORTLAND OREGON
440 AM PDT SAT SEP 5 2015


...................................

...THE HILLSBORO OR CLIMATE SUMMARY FOR SEPTEMBER 4 2015...

CLIMATE NORMAL PERIOD 1981 TO 2010
CLIMATE RECORD PERIOD 1929 TO 2015


WEATHER ITEM   OBSERVED TIME   RECORD YEAR NORMAL DEPARTURE LAST
                VALUE   (LST)  VALUE       VALUE  FROM      YEAR
                                                  NORMAL
..................................................................
TEMPERATURE (F)
 YESTERDAY
  MAXIMUM         68    211 PM  98    1955  78    -10       83
  MINIMUM         39    537 AM  31    1930  48     -9       45
  AVERAGE         54                        63     -9       64

PRECIPITATION (IN)
  YESTERDAY        0.00          1.72 1945   0.04  -0.04
  MONTH TO DATE    0.08                      0.15  -0.07
  SINCE OCT 1     30.43                     38.61  -8.18
  SINCE JAN 1     15.60                     22.22  -6.62

SNOWFALL (IN)
  YESTERDAY        0.0
  MONTH TO DATE    0.0
  SINCE SEP 1      0.0
  SINCE JUL 1      0.0
  SNOW DEPTH       0

DEGREE DAYS
 HEATING
  YESTERDAY       11                         3      8
  MONTH TO DATE   25                        12     13
  SINCE JUL 1     38                       119    -81

 COOLING
  YESTERDAY        0                         1     -1
  MONTH TO DATE    0                         6     -6
  SINCE JAN 1    478                       184    294
..................................................................


WIND (MPH)
  HIGHEST WIND SPEED    17   HIGHEST WIND DIRECTION     W (280)
  HIGHEST GUST SPEED    21   HIGHEST GUST DIRECTION    NW (300)
  AVERAGE WIND SPEED     5.0


SKY COVER
  POSSIBLE SUNSHINE  MM
  AVERAGE SKY COVER 0.4


WEATHER CONDITIONS
 THE FOLLOWING WEATHER WAS RECORDED YESTERDAY.
  THUNDERSTORM
  FOG
  FOG W/VISIBILITY <= 1/4 MILE
  HAZE


RELATIVE HUMIDITY (PERCENT)
 HIGHEST   100           400 AM
 LOWEST     42           200 PM
 AVERAGE    71

..........................................................


THE HILLSBORO OR CLIMATE NORMALS FOR TODAY
                         NORMAL    RECORD    YEAR
 MAXIMUM TEMPERATURE (F)   78       102      1944
 MINIMUM TEMPERATURE (F)   48        34      1930


SUNRISE AND SUNSET
SEPTEMBER  5 2015.....SUNRISE   638 AM PDT   SUNSET   742 PM PDT
SEPTEMBER  6 2015.....SUNRISE   639 AM PDT   SUNSET   740 PM PDT


-  INDICATES NEGATIVE NUMBERS.
R  INDICATES RECORD WAS SET OR TIED.
MM INDICATES DATA IS MISSING.
T  INDICATES TRACE AMOUNT.




$$
