000
CDUS46 KPQR 241141
CLIHIO


CLIMATE REPORT
NATIONAL WEATHER SERVICE PORTLAND OREGON
440 AM PDT THU JUL 24 2014


...................................

...THE HILLSBORO OR CLIMATE SUMMARY FOR JULY 23 2014...

CLIMATE NORMAL PERIOD 1981 TO 2010
CLIMATE RECORD PERIOD 1929 TO 2014


WEATHER ITEM   OBSERVED TIME   RECORD YEAR NORMAL DEPARTURE LAST
                VALUE   (LST)  VALUE       VALUE  FROM      YEAR
                                                  NORMAL
..................................................................
TEMPERATURE (F)
 YESTERDAY
  MAXIMUM         69    412 PM 105    2006  82    -13       92
  MINIMUM         58    924 AM  42    1932  52      6       53
  AVERAGE         64                        67     -3       73

PRECIPITATION (IN)
  YESTERDAY        0.36R         0.02 1992   0.01   0.35
  MONTH TO DATE    0.50                      0.45   0.05
  SINCE OCT 1     24.76                     37.73 -12.97
  SINCE JAN 1     20.08                     21.34  -1.26

SNOWFALL (IN)
  YESTERDAY        0.0
  MONTH TO DATE    0.0
  SINCE JUN 1      0.0
  SINCE JUL 1      0.0
  SNOW DEPTH       0

DEGREE DAYS
 HEATING
  YESTERDAY        1                         1      0
  MONTH TO DATE    2                        46    -44
  SINCE JUL 1      2                        46    -44

 COOLING
  YESTERDAY        0                         3     -3
  MONTH TO DATE  124                        51     73
  SINCE JAN 1    136                        77     59
..................................................................


WIND (MPH)
  HIGHEST WIND SPEED    17   HIGHEST WIND DIRECTION     W (270)
  HIGHEST GUST SPEED    24   HIGHEST GUST DIRECTION     W (270)
  AVERAGE WIND SPEED     8.3


SKY COVER
  POSSIBLE SUNSHINE  MM
  AVERAGE SKY COVER 0.8


WEATHER CONDITIONS
 THE FOLLOWING WEATHER WAS RECORDED YESTERDAY.
  RAIN
  LIGHT RAIN
  FOG


RELATIVE HUMIDITY (PERCENT)
 HIGHEST    93          1100 AM
 LOWEST     47           400 PM
 AVERAGE    70

..........................................................


THE HILLSBORO OR CLIMATE NORMALS FOR TODAY
                         NORMAL    RECORD    YEAR
 MAXIMUM TEMPERATURE (F)   82       100      2006
                                             2004
 MINIMUM TEMPERATURE (F)   52        41      1932


SUNRISE AND SUNSET
JULY 24 2014..........SUNRISE   547 AM PDT   SUNSET   849 PM PDT
JULY 25 2014..........SUNRISE   548 AM PDT   SUNSET   848 PM PDT


-  INDICATES NEGATIVE NUMBERS.
R  INDICATES RECORD WAS SET OR TIED.
MM INDICATES DATA IS MISSING.
T  INDICATES TRACE AMOUNT.




$$
