000
CDUS46 KPQR 301143
CLIHIO


CLIMATE REPORT
NATIONAL WEATHER SERVICE PORTLAND OREGON
442 AM PDT SAT MAY 30 2015


...................................

...THE HILLSBORO OR CLIMATE SUMMARY FOR MAY 29 2015...

CLIMATE NORMAL PERIOD 1981 TO 2010
CLIMATE RECORD PERIOD 1929 TO 2015


WEATHER ITEM   OBSERVED TIME   RECORD YEAR NORMAL DEPARTURE LAST
                VALUE   (LST)  VALUE       VALUE  FROM      YEAR
                                                  NORMAL
..................................................................
TEMPERATURE (F)
 YESTERDAY
  MAXIMUM         83    304 PM  92    1931  70     13       65
  MINIMUM         54    458 AM  32    1951  47      7       50
  AVERAGE         69                        58     11       58

PRECIPITATION (IN)
  YESTERDAY        0.00          0.54 1997   0.06  -0.06
  MONTH TO DATE    0.44                      2.17  -1.73
  SINCE OCT 1     28.94                     35.77  -6.83
  SINCE JAN 1     14.11                     19.38  -5.27

SNOWFALL (IN)
  YESTERDAY        0.0
  MONTH TO DATE    0.0
  SINCE MAR 1      0.0
  SINCE JUL 1      0.0
  SNOW DEPTH       0

DEGREE DAYS
 HEATING
  YESTERDAY        0                         7     -7
  MONTH TO DATE  194                       273    -79
  SINCE JUL 1   3769                      4835  -1066

 COOLING
  YESTERDAY        4                         0      4
  MONTH TO DATE    6                         0      6
  SINCE JAN 1      8                         0      8
..................................................................


WIND (MPH)
  HIGHEST WIND SPEED    14   HIGHEST WIND DIRECTION    NW (330)
  HIGHEST GUST SPEED    18   HIGHEST GUST DIRECTION    NW (330)
  AVERAGE WIND SPEED     3.5


SKY COVER
  POSSIBLE SUNSHINE  MM
  AVERAGE SKY COVER 0.1


WEATHER CONDITIONS
 THE FOLLOWING WEATHER WAS RECORDED YESTERDAY.
  NO SIGNIFICANT WEATHER WAS OBSERVED.


RELATIVE HUMIDITY (PERCENT)
 HIGHEST    93           300 AM
 LOWEST     37           300 PM
 AVERAGE    65

..........................................................


THE HILLSBORO OR CLIMATE NORMALS FOR TODAY
                         NORMAL    RECORD    YEAR
 MAXIMUM TEMPERATURE (F)   70        93      1986
 MINIMUM TEMPERATURE (F)   47        34      1934


SUNRISE AND SUNSET
MAY 30 2015...........SUNRISE   528 AM PDT   SUNSET   852 PM PDT
MAY 31 2015...........SUNRISE   527 AM PDT   SUNSET   852 PM PDT


-  INDICATES NEGATIVE NUMBERS.
R  INDICATES RECORD WAS SET OR TIED.
MM INDICATES DATA IS MISSING.
T  INDICATES TRACE AMOUNT.




$$
