677
CDUS46 KHNX 070829
CLIHJO


CLIMATE REPORT
NATIONAL WEATHER SERVICE SAN JOAQUIN VALLEY, CA
1227 AM PST SUN FEB 7 2016


...................................

...THE HANFORD CA CLIMATE SUMMARY FOR FEBRUARY 6 2016...

CLIMATE NORMAL PERIOD 1981 TO 2010
CLIMATE RECORD PERIOD 1998 TO 2016


WEATHER ITEM   OBSERVED TIME   RECORD YEAR NORMAL DEPARTURE
                VALUE   (LST)  VALUE       VALUE  FROM
                                                  NORMAL
...............................................................
TEMPERATURE (F)
 YESTERDAY
  MAXIMUM         63    405 PM  79    2015  59      4
  MINIMUM         33    610 AM  31    2004  38     -5
  AVERAGE         48                        48      0

PRECIPITATION (IN)
  YESTERDAY        0.00          0.39 2009   0.05  -0.05
  MONTH TO DATE    0.00                      0.29  -0.29
  SINCE OCT 1      5.47                      5.46   0.01
  SINCE JAN 1      2.87                      2.33   0.54

SNOWFALL (IN)
  YESTERDAY        0.0
  MONTH TO DATE    0.0
  SINCE DEC 1      0.0
  SINCE JUL 1      0.0
  SNOW DEPTH       0

DEGREE DAYS
 HEATING
  YESTERDAY       17
  MONTH TO DATE  120
  SINCE DEC 1   1232
  SINCE JUL 1   1682

 COOLING
  YESTERDAY        0
  MONTH TO DATE    0
  SINCE DEC 1      0
  SINCE JAN 1      0
...............................................................


WIND (MPH)
  HIGHEST WIND SPEED     8   HIGHEST WIND DIRECTION    NW (330)
  HIGHEST GUST SPEED    10   HIGHEST GUST DIRECTION    NW (320)
  AVERAGE WIND SPEED     2.0




RELATIVE HUMIDITY (PERCENT)
 HIGHEST   100
 LOWEST     56
 AVERAGE    78

..........................................................


THE HANFORD CA CLIMATE NORMALS FOR TODAY
                         NORMAL    RECORD    YEAR
 MAXIMUM TEMPERATURE (F)   59        73      2000
 MINIMUM TEMPERATURE (F)   38        32      2013


SUNRISE AND SUNSET
FEBRUARY  7 2016......SUNRISE   655 AM PST   SUNSET   531 PM PST
FEBRUARY  8 2016......SUNRISE   654 AM PST   SUNSET   532 PM PST


-  INDICATES NEGATIVE NUMBERS.
R  INDICATES RECORD WAS SET OR TIED.
MM INDICATES DATA IS MISSING.
T  INDICATES TRACE AMOUNT.




$$
