000
CDUS46 KHNX 110023
CLIHJO


CLIMATE REPORT
NATIONAL WEATHER SERVICE SAN JOAQUIN VALLEY, CA
422 PM PST SAT DEC 10 2016


...................................

...THE HANFORD CA CLIMATE SUMMARY FOR DECEMBER 10 2016...
VALID AS OF 0400 PM LOCAL TIME.

CLIMATE NORMAL PERIOD 1981 TO 2010
CLIMATE RECORD PERIOD 1998 TO 2016


WEATHER ITEM   OBSERVED TIME   RECORD YEAR NORMAL DEPARTURE LAST
                VALUE   (LST)  VALUE       VALUE  FROM      YEAR
                                                  NORMAL
..................................................................
TEMPERATURE (F)
 TODAY
  MAXIMUM         69R   331 PM  66    2010  55     14       63
  MINIMUM         51    721 AM  21    2013  35     16       38
  AVERAGE         60                        45     15       51

PRECIPITATION (IN)
  TODAY            0.00          0.18 2006   0.03  -0.03     0.09
  MONTH TO DATE    0.08                      0.25  -0.17     0.15
  SINCE OCT 1      1.08                      1.75  -0.67     1.41
  SINCE JAN 1      6.74                      8.72  -1.98     3.70

SNOWFALL (IN)
  TODAY            0.0
  MONTH TO DATE    0.0
  SINCE DEC 1      0.0
  SINCE JUL 1      0.0
  SNOW DEPTH       0

DEGREE DAYS
 HEATING
  TODAY            5                                        14
  MONTH TO DATE  170                                       160
  SINCE DEC 1    170                                       160
  SINCE JUL 1    476                                       610

 COOLING
  TODAY            0                                         0
  MONTH TO DATE    0                                         0
  SINCE DEC 1      0                                         0
  SINCE JAN 1   1966                                      2335
..................................................................


WIND (MPH)
  HIGHEST WIND SPEED     8   HIGHEST WIND DIRECTION     S (170)
  HIGHEST GUST SPEED    10   HIGHEST GUST DIRECTION     E (90)
  AVERAGE WIND SPEED     3.0




RELATIVE HUMIDITY (PERCENT)
 HIGHEST   100
 LOWEST     70
 AVERAGE    85

..........................................................


THE HANFORD CA CLIMATE NORMALS FOR TOMORROW
                         NORMAL    RECORD    YEAR
 MAXIMUM TEMPERATURE (F)   55        67      2014
 MINIMUM TEMPERATURE (F)   34        25      2013


SUNRISE AND SUNSET
DECEMBER 10 2016......SUNRISE   659 AM PST   SUNSET   444 PM PST
DECEMBER 11 2016......SUNRISE   700 AM PST   SUNSET   444 PM PST


-  INDICATES NEGATIVE NUMBERS.
R  INDICATES RECORD WAS SET OR TIED.
MM INDICATES DATA IS MISSING.
T  INDICATES TRACE AMOUNT.




$$
