959
CDUS46 KHNX 010026
CLIHJO


CLIMATE REPORT
NATIONAL WEATHER SERVICE SAN JOAQUIN VALLEY, CA
525 PM PDT TUE MAY 31 2016


...................................

...THE HANFORD CA CLIMATE SUMMARY FOR MAY 31 2016...
VALID AS OF 0400 PM LOCAL TIME.

CLIMATE NORMAL PERIOD 1981 TO 2010
CLIMATE RECORD PERIOD 1998 TO 2016


WEATHER ITEM   OBSERVED TIME   RECORD YEAR NORMAL DEPARTURE LAST
                VALUE   (LST)  VALUE       VALUE  FROM      YEAR
                                                  NORMAL
..................................................................
TEMPERATURE (F)
 TODAY
  MAXIMUM         99    303 PM 105    2001  88     11      100
  MINIMUM         59    433 AM  48    2011  56      3       64
  AVERAGE         79                        72      7       82

PRECIPITATION (IN)
  TODAY            0.00          0.93 2002   0.01  -0.01     0.00
  MONTH TO DATE    0.17                      0.42  -0.25     0.07
  SINCE OCT 1      8.22                      9.74  -1.52     5.04
  SINCE JAN 1      5.62                      6.61  -0.99     1.92

SNOWFALL (IN)
  TODAY            0.0
  MONTH TO DATE    0.0
  SINCE MAR 1      0.0
  SINCE JUL 1      0.0
  SNOW DEPTH       0

DEGREE DAYS
 HEATING
  TODAY            0                                         0
  MONTH TO DATE   10                                        19
  SINCE MAR 1    276                                       169
  SINCE JUL 1   2166                                      1711

 COOLING
  TODAY           14                                        17
  MONTH TO DATE  188                                       153
  SINCE MAR 1    229                                       306
  SINCE JAN 1    229                                       306
..................................................................


WIND (MPH)
  HIGHEST WIND SPEED    15   HIGHEST WIND DIRECTION     N (340)
  HIGHEST GUST SPEED    20   HIGHEST GUST DIRECTION    NW (330)
  AVERAGE WIND SPEED     5.8




RELATIVE HUMIDITY (PERCENT)
 HIGHEST    78
 LOWEST     17
 AVERAGE    48

..........................................................


THE HANFORD CA CLIMATE NORMALS FOR TOMORROW
                         NORMAL    RECORD    YEAR
 MAXIMUM TEMPERATURE (F)   88       102      2001
 MINIMUM TEMPERATURE (F)   56        52      2014


SUNRISE AND SUNSET
MAY 31 2016...........SUNRISE   542 AM PDT   SUNSET   810 PM PDT
JUNE  1 2016..........SUNRISE   542 AM PDT   SUNSET   811 PM PDT


-  INDICATES NEGATIVE NUMBERS.
R  INDICATES RECORD WAS SET OR TIED.
MM INDICATES DATA IS MISSING.
T  INDICATES TRACE AMOUNT.




$$
