000
CDUS46 KHNX 040823
CLIHJO


CLIMATE REPORT
NATIONAL WEATHER SERVICE SAN JOAQUIN VALLEY, CA
122 AM PDT WED MAY 4 2016


...................................

...THE HANFORD CA CLIMATE SUMMARY FOR MAY 3 2016...

CLIMATE NORMAL PERIOD 1981 TO 2010
CLIMATE RECORD PERIOD 1998 TO 2016


WEATHER ITEM   OBSERVED TIME   RECORD YEAR NORMAL DEPARTURE
                VALUE   (LST)  VALUE       VALUE  FROM
                                                  NORMAL
...............................................................
TEMPERATURE (F)
 YESTERDAY
  MAXIMUM         88    325 PM  99    2004  80      8
  MINIMUM         54    536 AM  47    2007  51      3
  AVERAGE         71                        66      5

PRECIPITATION (IN)
  YESTERDAY        0.00          0.38 2003   0.02  -0.02
  MONTH TO DATE    T                         0.06  -0.06
  SINCE OCT 1      8.05                      9.38  -1.33
  SINCE JAN 1      5.45                      6.25  -0.80

SNOWFALL (IN)
  YESTERDAY        0.0
  MONTH TO DATE    0.0
  SINCE MAR 1      0.0
  SINCE JUL 1      0.0
  SNOW DEPTH       0

DEGREE DAYS
 HEATING
  YESTERDAY        0
  MONTH TO DATE    0
  SINCE MAR 1    266
  SINCE JUL 1   2156

 COOLING
  YESTERDAY        6
  MONTH TO DATE   16
  SINCE MAR 1     57
  SINCE JAN 1     57
...............................................................


WIND (MPH)
  HIGHEST WIND SPEED    16   HIGHEST WIND DIRECTION    NW (310)
  HIGHEST GUST SPEED    21   HIGHEST GUST DIRECTION    NW (320)
  AVERAGE WIND SPEED     4.8




RELATIVE HUMIDITY (PERCENT)
 HIGHEST    86
 LOWEST     25
 AVERAGE    56

..........................................................


THE HANFORD CA CLIMATE NORMALS FOR TODAY
                         NORMAL    RECORD    YEAR
 MAXIMUM TEMPERATURE (F)   81       100      2004
 MINIMUM TEMPERATURE (F)   51        46      1999


SUNRISE AND SUNSET
MAY  4 2016...........SUNRISE   602 AM PDT   SUNSET   749 PM PDT
MAY  5 2016...........SUNRISE   601 AM PDT   SUNSET   750 PM PDT


-  INDICATES NEGATIVE NUMBERS.
R  INDICATES RECORD WAS SET OR TIED.
MM INDICATES DATA IS MISSING.
T  INDICATES TRACE AMOUNT.




$$
