000
CDUS46 KHNX 200835
CLIHJO


CLIMATE REPORT
NATIONAL WEATHER SERVICE SAN JOAQUIN VALLEY, CA
1234 AM PST FRI JAN 20 2017


...................................

...THE HANFORD CA CLIMATE SUMMARY FOR JANUARY 19 2017...

CLIMATE NORMAL PERIOD 1981 TO 2010
CLIMATE RECORD PERIOD 1998 TO 2017


WEATHER ITEM   OBSERVED TIME   RECORD YEAR NORMAL DEPARTURE
                VALUE   (LST)  VALUE       VALUE  FROM
                                                  NORMAL
...............................................................
TEMPERATURE (F)
 YESTERDAY
  MAXIMUM         59    232 PM  72    2014  55      4
  MINIMUM         47    807 AM  20    2012  37     10
  AVERAGE         53                        46      7

PRECIPITATION (IN)
  YESTERDAY        0.09          0.56 2016   0.05   0.04
  MONTH TO DATE    2.51                      1.57   0.94
  SINCE OCT 1      5.38                      4.70   0.68
  SINCE JAN 1      2.51                      1.57   0.94

SNOWFALL (IN)
  YESTERDAY        0.0
  MONTH TO DATE    0.0
  SINCE DEC 1      0.0
  SINCE JUL 1      0.0
  SNOW DEPTH       0

DEGREE DAYS
 HEATING
  YESTERDAY       12
  MONTH TO DATE  301
  SINCE DEC 1    877
  SINCE JUL 1   1183

 COOLING
  YESTERDAY        0
  MONTH TO DATE    0
  SINCE DEC 1      0
  SINCE JAN 1      0
...............................................................


WIND (MPH)
  HIGHEST WIND SPEED    14   HIGHEST WIND DIRECTION     S (190)
  HIGHEST GUST SPEED    17   HIGHEST GUST DIRECTION     S (190)
  AVERAGE WIND SPEED     4.9




RELATIVE HUMIDITY (PERCENT)
 HIGHEST   100
 LOWEST     57
 AVERAGE    79

..........................................................


THE HANFORD CA CLIMATE NORMALS FOR TODAY
                         NORMAL    RECORD    YEAR
 MAXIMUM TEMPERATURE (F)   55        70      2014
 MINIMUM TEMPERATURE (F)   37        25      2007


SUNRISE AND SUNSET
JANUARY 20 2017.......SUNRISE   707 AM PST   SUNSET   513 PM PST
JANUARY 21 2017.......SUNRISE   707 AM PST   SUNSET   514 PM PST


-  INDICATES NEGATIVE NUMBERS.
R  INDICATES RECORD WAS SET OR TIED.
MM INDICATES DATA IS MISSING.
T  INDICATES TRACE AMOUNT.




$$
