000
CDUS46 KHNX 150824
CLIHJO


CLIMATE REPORT
NATIONAL WEATHER SERVICE SAN JOAQUIN VALLEY, CA
1224 AM PST FRI DEC 15 2017


...................................

...THE HANFORD CA CLIMATE SUMMARY FOR DECEMBER 14 2017...

CLIMATE NORMAL PERIOD 1981 TO 2010
CLIMATE RECORD PERIOD 1998 TO 2017


WEATHER ITEM   OBSERVED TIME   RECORD YEAR NORMAL DEPARTURE
                VALUE   (LST)  VALUE       VALUE  FROM
                                                  NORMAL
...............................................................
TEMPERATURE (F)
 YESTERDAY
  MAXIMUM         63    303 PM  69    2016  54      9
  MINIMUM         28    724 AM  26    2013  34     -6
                                      2011
                                      2008
  AVERAGE         46                        44      2

PRECIPITATION (IN)
  YESTERDAY        0.00          0.47 2003   0.04  -0.04
  MONTH TO DATE    T                         0.39  -0.39
  SINCE OCT 1      0.37                      1.89  -1.52
  SINCE JAN 1      8.71                      8.86  -0.15

SNOWFALL (IN)
  YESTERDAY        0.0
  MONTH TO DATE    0.0
  SINCE DEC 1      0.0
  SINCE JUL 1      0.0
  SNOW DEPTH       0

DEGREE DAYS
 HEATING
  YESTERDAY       19
  MONTH TO DATE  246
  SINCE DEC 1    246
  SINCE JUL 1    551

 COOLING
  YESTERDAY        0
  MONTH TO DATE    0
  SINCE DEC 1      0
  SINCE JAN 1   2184
...............................................................


WIND (MPH)
  HIGHEST WIND SPEED     6   HIGHEST WIND DIRECTION     E (80)
  HIGHEST GUST SPEED     7   HIGHEST GUST DIRECTION    SW (220)
  AVERAGE WIND SPEED     1.2




RELATIVE HUMIDITY (PERCENT)
 HIGHEST   100
 LOWEST     39
 AVERAGE    70

..........................................................


THE HANFORD CA CLIMATE NORMALS FOR TODAY
                         NORMAL    RECORD    YEAR
 MAXIMUM TEMPERATURE (F)   54        61      2013
                                             2002
 MINIMUM TEMPERATURE (F)   34        26      2013


SUNRISE AND SUNSET
DECEMBER 15 2017......SUNRISE   703 AM PST   SUNSET   445 PM PST
DECEMBER 16 2017......SUNRISE   703 AM PST   SUNSET   445 PM PST


-  INDICATES NEGATIVE NUMBERS.
R  INDICATES RECORD WAS SET OR TIED.
MM INDICATES DATA IS MISSING.
T  INDICATES TRACE AMOUNT.




$$
