000
CDUS43 KGLD 280740
CLIHLC

CLIMATE REPORT
NATIONAL WEATHER SERVICE GOODLAND
137 AM MDT MON JUL 28 2014

...................................

...THE HILL CITY KS CLIMATE SUMMARY FOR JULY 27 2014...

CLIMATE NORMAL PERIOD 1981 TO 2010
CLIMATE RECORD PERIOD 1896 TO 2014

WEATHER ITEM   OBSERVED TIME   RECORD YEAR NORMAL DEPARTURE LAST
                VALUE   (LST)  VALUE       VALUE  FROM      YEAR
                                                  NORMAL
..................................................................
TEMPERATURE (F)
 YESTERDAY
  MAXIMUM         93    306 PM 106    1956  93      0       66
  MINIMUM         66   1154 PM  50    2005  66      0       56
  AVERAGE         80                        79      1       61

PRECIPITATION (IN)
  YESTERDAY        0.00                      0.13  -0.13     2.05
  MONTH TO DATE    1.80                      3.21  -1.41     4.66
  SINCE JUN 1      8.73                      5.97   2.76     7.34
  SINCE JAN 1     13.67                     14.47  -0.80    11.68

..................................................................

THE HILL CITY KS CLIMATE NORMALS FOR TODAY
                         NORMAL    RECORD    YEAR
 MAXIMUM TEMPERATURE (F)   92       110      1940
 MINIMUM TEMPERATURE (F)   66        54      1923
                                             1969


-  INDICATES NEGATIVE NUMBERS.
R  INDICATES RECORD WAS SET OR TIED.
MM INDICATES DATA IS MISSING.
T  INDICATES TRACE AMOUNT.

$$
