000
CDUS41 KPBZ 182220
CLIHLG


CLIMATE REPORT
NATIONAL WEATHER SERVICE PITTSBURGH PA
520 PM EST SAT NOV 18 2017


...................................

...THE WHEELING CLIMATE SUMMARY FOR NOVEMBER 18 2017...
VALID TODAY AS OF 0500 PM LOCAL TIME.

CLIMATE NORMAL PERIOD 1981 TO 2010
CLIMATE RECORD PERIOD 1878 TO 2017


WEATHER ITEM   OBSERVED TIME   RECORD YEAR NORMAL DEPARTURE LAST
                VALUE   (LST)  VALUE       VALUE  FROM      YEAR
                                                  NORMAL
..................................................................
TEMPERATURE (F)
 TODAY
  MAXIMUM         60    455 PM  75    1921  50     10       72
  MINIMUM         40   1214 AM  14    2014  35      5       50
  AVERAGE         50                        42      8       61

PRECIPITATION (IN)
  TODAY            0.55          0.90 1929   0.11   0.44     0.00
  MONTH TO DATE    3.96                      1.88   2.08     0.43
  SINCE JAN 1     43.33                     34.20   9.13    32.78

DEGREE DAYS
 HEATING
  TODAY           15                        23     -8        4
  MONTH TO DATE  391                       354     37      263
  SINCE SEP 1    717                       817   -100      510
  SINCE JUL 1    724                       828   -104      512

 COOLING
  TODAY            0                         0      0        0
  MONTH TO DATE    0                         0      0        6
  SINCE SEP 1    129                        81     48      213
  SINCE JAN 1    757                       689     68     1209
..................................................................


WIND (MPH)
  HIGHEST WIND SPEED    22   HIGHEST WIND DIRECTION     S (190)
  HIGHEST GUST SPEED    29   HIGHEST GUST DIRECTION     S (190)
  AVERAGE WIND SPEED     7.6


SKY COVER
  POSSIBLE SUNSHINE  MM
  AVERAGE SKY COVER 0.8


WEATHER CONDITIONS
 THE FOLLOWING WEATHER WAS RECORDED TODAY.
  RAIN
  LIGHT RAIN
  FOG


RELATIVE HUMIDITY (PERCENT)
 HIGHEST    89           900 AM
 LOWEST     36           300 AM
 AVERAGE    63

..........................................................


THE WHEELING CLIMATE NORMALS FOR TOMORROW
                         NORMAL    RECORD    YEAR
 MAXIMUM TEMPERATURE (F)   50        72      1941
                                             1931
                                             1921
 MINIMUM TEMPERATURE (F)   35        14      2014
                                             1936


SUNRISE AND SUNSET
NOVEMBER 18 2017......SUNRISE   712 AM EST   SUNSET   503 PM EST
NOVEMBER 19 2017......SUNRISE   713 AM EST   SUNSET   503 PM EST


-  INDICATES NEGATIVE NUMBERS.
R  INDICATES RECORD WAS SET OR TIED.
MM INDICATES DATA IS MISSING.
T  INDICATES TRACE AMOUNT.




$$
