000
CDUS41 KPBZ 230702
CLIHLG


CLIMATE REPORT
NATIONAL WEATHER SERVICE PITTSBURGH PA
301 AM EDT SAT SEP 23 2017


...................................

...THE WHEELING CLIMATE SUMMARY FOR SEPTEMBER 22 2017...

CLIMATE NORMAL PERIOD 1981 TO 2010
CLIMATE RECORD PERIOD 1878 TO 2017


WEATHER ITEM   OBSERVED TIME   RECORD YEAR NORMAL DEPARTURE LAST
                VALUE   (LST)  VALUE       VALUE  FROM      YEAR
                                                  NORMAL
..................................................................
TEMPERATURE (F)
 YESTERDAY
  MAXIMUM         85    313 PM  93    1931  72     13       87
  MINIMUM         59    714 AM  31    1918  52      7       60
  AVERAGE         72                        62     10       74

PRECIPITATION (IN)
  YESTERDAY        0.00          1.02 1919   0.07  -0.07     0.00
  MONTH TO DATE    0.76                      1.76  -1.00     1.44
  SINCE JAN 1     35.66                     29.26   6.40    27.20

DEGREE DAYS
 HEATING
  YESTERDAY        0                         4     -4        0
  MONTH TO DATE   59                        44     15        0
  SINCE SEP 1     59                        44     15        0
  SINCE JUL 1     66                        55     11        2

 COOLING
  YESTERDAY        7                                         9
  MONTH TO DATE   46                                       162
  SINCE SEP 1     46                                       162
  SINCE JAN 1    674                                      1158
..................................................................


WIND (MPH)
  HIGHEST WIND SPEED    10   HIGHEST WIND DIRECTION     N (360)
  HIGHEST GUST SPEED    13   HIGHEST GUST DIRECTION     N (10)
  AVERAGE WIND SPEED     1.9


SKY COVER
  POSSIBLE SUNSHINE  MM
  AVERAGE SKY COVER 0.2


WEATHER CONDITIONS
 THE FOLLOWING WEATHER WAS RECORDED YESTERDAY.
  FOG
  FOG W/VISIBILITY <= 1/4 MILE
  HAZE


RELATIVE HUMIDITY (PERCENT)
 HIGHEST   100           200 AM
 LOWEST     34           300 PM
 AVERAGE    67

..........................................................


THE WHEELING CLIMATE NORMALS FOR TODAY
                         NORMAL    RECORD    YEAR
 MAXIMUM TEMPERATURE (F)   72        93      1936
 MINIMUM TEMPERATURE (F)   52        33      1947
                                             1913


SUNRISE AND SUNSET
SEPTEMBER 23 2017.....SUNRISE   711 AM EDT   SUNSET   718 PM EDT
SEPTEMBER 24 2017.....SUNRISE   712 AM EDT   SUNSET   716 PM EDT


-  INDICATES NEGATIVE NUMBERS.
R  INDICATES RECORD WAS SET OR TIED.
MM INDICATES DATA IS MISSING.
T  INDICATES TRACE AMOUNT.




$$
