000
CDUS45 KTFX 040944
CLIHLN


CLIMATE REPORT
NATIONAL WEATHER SERVICE GREAT FALLS MT
343 AM MDT FRI SEP 4 2015


...................................

...THE HELENA MT CLIMATE SUMMARY FOR SEPTEMBER 3 2015...

CLIMATE NORMAL PERIOD 1981 TO 2010
CLIMATE RECORD PERIOD 1866 TO 2015


WEATHER ITEM   OBSERVED TIME   RECORD YEAR NORMAL DEPARTURE LAST
                VALUE   (LST)  VALUE       VALUE  FROM      YEAR
                                                  NORMAL
..................................................................
TEMPERATURE (F)
 YESTERDAY
  MAXIMUM         63    315 PM  96    2001  78    -15       68
                                      1950
  MINIMUM         49   1151 PM  32    1958  47      2       49
  AVERAGE         56                        63     -7       59

PRECIPITATION (IN)
  YESTERDAY        0.11          1.59 1901   0.04   0.07     0.00
  MONTH TO DATE    0.11                      0.12  -0.01     0.00
  SINCE OCT 1      8.51                     10.24  -1.73     9.86
  SINCE JAN 1      6.23                      8.67  -2.44     8.86

SNOWFALL (IN)
  YESTERDAY        0.0           T    1954   0.1   -0.1      0.0
                                      1995
  MONTH TO DATE    0.0                       0.1   -0.1      0.0
  SINCE SEP 1      0.0                       0.1   -0.1      0.0
  SINCE JUL 1      0.0                       0.4   -0.4      0.0
  SNOW DEPTH       0

DEGREE DAYS
 HEATING
  YESTERDAY        9                         4      5        6
  MONTH TO DATE    9                        12     -3       10
  SINCE SEP 1      9                        12     -3       10
  SINCE JUL 1     46                        81    -35       57

 COOLING
  YESTERDAY        0                         2     -2        0
  MONTH TO DATE    6                         6      0        0
  SINCE SEP 1      6                         6      0        0
  SINCE JAN 1    544                       389    155      448
..................................................................


WIND (MPH)
  HIGHEST WIND SPEED    15   HIGHEST WIND DIRECTION     W (270)
  HIGHEST GUST SPEED    21   HIGHEST GUST DIRECTION     W (270)
  AVERAGE WIND SPEED     9.2


SKY COVER
  AVERAGE SKY COVER 0.5


WEATHER CONDITIONS
 THE FOLLOWING WEATHER WAS RECORDED YESTERDAY.
  LIGHT RAIN
  FOG


RELATIVE HUMIDITY (PERCENT)
 HIGHEST    61           800 PM
 LOWEST     42           800 AM
 AVERAGE    52

..........................................................


THE HELENA MT CLIMATE NORMALS FOR TODAY
                         NORMAL    RECORD    YEAR
 MAXIMUM TEMPERATURE (F)   78        96      1998
 MINIMUM TEMPERATURE (F)   47        31      1962


SUNRISE AND SUNSET
SEPTEMBER  4 2015.....SUNRISE   652 AM MDT   SUNSET   802 PM MDT
SEPTEMBER  5 2015.....SUNRISE   653 AM MDT   SUNSET   800 PM MDT


-  INDICATES NEGATIVE NUMBERS.
R  INDICATES RECORD WAS SET OR TIED.
MM INDICATES DATA IS MISSING.
T  INDICATES TRACE AMOUNT.




$$
