000
CDUS45 KTFX 022220
CLIHLN


CLIMATE REPORT
NATIONAL WEATHER SERVICE GREAT FALLS MT
419 PM MDT THU JUL 2 2015


...................................

...THE HELENA MT CLIMATE SUMMARY FOR JULY 2 2015...
VALID TODAY AS OF 0400 PM LOCAL TIME.

CLIMATE NORMAL PERIOD 1981 TO 2010
CLIMATE RECORD PERIOD 1866 TO 2015


WEATHER ITEM   OBSERVED TIME   RECORD YEAR NORMAL DEPARTURE LAST
                VALUE   (LST)  VALUE       VALUE  FROM      YEAR
                                                  NORMAL
..................................................................
TEMPERATURE (F)
 TODAY
  MAXIMUM         90    257 PM 100    2013  82      8       90
  MINIMUM         64    530 AM  38    1973  52     12       51
                                      1955
  AVERAGE         77                        67     10       71

PRECIPITATION (IN)
  TODAY            0.00          0.76 1904   0.05  -0.05     0.00
  MONTH TO DATE    0.00                      0.09  -0.09     0.00
  SINCE OCT 1      6.84                      7.82  -0.98     7.19
  SINCE JAN 1      4.56                      6.25  -1.69     6.19

SNOWFALL (IN)
  TODAY            0.0           0.0  1999   0.0    0.0      0.0
                                      2001
                                      1995
  MONTH TO DATE    0.0                       0.0    0.0      0.0
  SINCE JUN 1      0.0                       T      0.0      0.0
  SINCE JUL 1      0.0                       0.0    0.0      0.0
  SNOW DEPTH       0

DEGREE DAYS
 HEATING
  TODAY            0                         2     -2        0
  MONTH TO DATE    0                         4     -4        0
  SINCE JUN 1     32                       140   -108      127
  SINCE JUL 1      0                         4     -4        0

 COOLING
  TODAY           12                         4      8        6
  MONTH TO DATE   25                         8     17        6
  SINCE JUN 1    202                        57    145        9
  SINCE JAN 1    202                        65    137       13
..................................................................


WIND (MPH)
  HIGHEST WIND SPEED    10   HIGHEST WIND DIRECTION     E (80)
  HIGHEST GUST SPEED    14   HIGHEST GUST DIRECTION     E (80)
  AVERAGE WIND SPEED     6.8


SKY COVER
  AVERAGE SKY COVER 0.1


WEATHER CONDITIONS
 THE FOLLOWING WEATHER WAS RECORDED TODAY.
  NO SIGNIFICANT WEATHER WAS OBSERVED.


RELATIVE HUMIDITY (PERCENT)
 HIGHEST    63           400 AM
 LOWEST     19           300 PM
 AVERAGE    41

..........................................................


THE HELENA MT CLIMATE NORMALS FOR TOMORROW
                         NORMAL    RECORD    YEAR
 MAXIMUM TEMPERATURE (F)   82        97      2001
                                             1989
 MINIMUM TEMPERATURE (F)   52        42      1997
                                             1972


SUNRISE AND SUNSET
JULY  2 2015..........SUNRISE   539 AM MDT   SUNSET   925 PM MDT
JULY  3 2015..........SUNRISE   540 AM MDT   SUNSET   924 PM MDT


-  INDICATES NEGATIVE NUMBERS.
R  INDICATES RECORD WAS SET OR TIED.
MM INDICATES DATA IS MISSING.
T  INDICATES TRACE AMOUNT.




$$
