000
CDUS45 KTFX 270820
CLIHLN


CLIMATE REPORT
NATIONAL WEATHER SERVICE GREAT FALLS MT
119 AM MST FRI FEB 27 2015


...................................

...THE HELENA MT CLIMATE SUMMARY FOR FEBRUARY 26 2015...

CLIMATE NORMAL PERIOD 1981 TO 2010
CLIMATE RECORD PERIOD 1866 TO 2015


WEATHER ITEM   OBSERVED TIME   RECORD YEAR NORMAL DEPARTURE LAST
                VALUE   (LST)  VALUE       VALUE  FROM      YEAR
                                                  NORMAL
..................................................................
TEMPERATURE (F)
 YESTERDAY
  MAXIMUM         26    259 PM  68    1950  42    -16       12
  MINIMUM         12   1159 PM -29    1890  19     -7      -12
  AVERAGE         19                        30    -11        0

PRECIPITATION (IN)
  YESTERDAY        0.03          0.31 1891   0.02   0.01     0.00
  MONTH TO DATE    0.38                      0.28   0.10     1.74
  SINCE OCT 1      3.30                      2.21   1.09     3.29
  SINCE JAN 1      1.02                      0.64   0.38     2.29

SNOWFALL (IN)
  YESTERDAY        0.5          10.0  1919   0.2    0.3      0.0
  MONTH TO DATE    1.7                       4.7   -3.0     22.5
  SINCE DEC 1     13.5                      18.2   -4.7     30.5
  SINCE JUL 1     24.3                      27.0   -2.7     34.0
  SNOW DEPTH       1

DEGREE DAYS
 HEATING
  YESTERDAY       46                        35     11       65
  MONTH TO DATE  757                       976   -219     1243
  SINCE DEC 1   3203                      3612   -409     3616
  SINCE JUL 1   4915                      5494   -579     5407

 COOLING
  YESTERDAY        0                         0      0        0
  MONTH TO DATE    0                         0      0        0
  SINCE DEC 1      0                         0      0        0
  SINCE JAN 1      0                         0      0        0
..................................................................


WIND (MPH)
  HIGHEST WIND SPEED    12   HIGHEST WIND DIRECTION     W (270)
  HIGHEST GUST SPEED    14   HIGHEST GUST DIRECTION     W (270)
  AVERAGE WIND SPEED     5.2


SKY COVER
  AVERAGE SKY COVER 0.5


WEATHER CONDITIONS
 THE FOLLOWING WEATHER WAS RECORDED YESTERDAY.
  LIGHT SNOW
  FOG
  HAZE


RELATIVE HUMIDITY (PERCENT)
 HIGHEST    88           400 AM
 LOWEST     50           200 PM
 AVERAGE    69

..........................................................


THE HELENA MT CLIMATE NORMALS FOR TODAY
                         NORMAL    RECORD    YEAR
 MAXIMUM TEMPERATURE (F)   42        69      1932
 MINIMUM TEMPERATURE (F)   19       -22      1890


SUNRISE AND SUNSET
FEBRUARY 27 2015......SUNRISE   711 AM MST   SUNSET   611 PM MST
FEBRUARY 28 2015......SUNRISE   710 AM MST   SUNSET   612 PM MST


-  INDICATES NEGATIVE NUMBERS.
R  INDICATES RECORD WAS SET OR TIED.
MM INDICATES DATA IS MISSING.
T  INDICATES TRACE AMOUNT.




$$
