000
CDHW40 PHFO 261245
CLIHNL


CLIMATE REPORT
NATIONAL WEATHER SERVICE HONOLULU HI
245 AM HST TUE JUL 26 2016


...................................

...THE HONOLULU HI CLIMATE SUMMARY FOR JULY 25 2016...

CLIMATE NORMAL PERIOD 1981 TO 2010
CLIMATE RECORD PERIOD 1946 TO 2016


WEATHER ITEM   OBSERVED TIME   RECORD YEAR NORMAL DEPARTURE LAST
                VALUE   (LST)  VALUE       VALUE  FROM      YEAR
                                                  NORMAL
..................................................................
TEMPERATURE (F)
 YESTERDAY
  MAXIMUM         82    557 PM  92    2003  88     -6       91
                                      1987
  MINIMUM         74   1159 PM  70    1988  75     -1       75
  AVERAGE         78                        82     -4       83

PRECIPITATION (IN)
  YESTERDAY        0.21          0.72 1986   0.02   0.19      T
  MONTH TO DATE    2.36                      0.39   1.97     0.36
  SINCE JUN 1      2.55                      0.65   1.90     0.59
  SINCE JAN 1      6.59                      8.22  -1.63     3.58

SNOWFALL (IN)
  YESTERDAY        0.0
  MONTH TO DATE    0.0
  SINCE JUN 1      0.0
  SINCE JUL 1      0.0
  SNOW DEPTH       0

DEGREE DAYS
 HEATING
  YESTERDAY        0                         0      0        0
  MONTH TO DATE    0                         0      0        0
  SINCE JUN 1      0                         0      0        0
  SINCE JUL 1      0                         0      0        0

 COOLING
  YESTERDAY       13                        16     -3       18
  MONTH TO DATE  413                       400     13      425
  SINCE JUN 1    843                       856    -13      905
  SINCE JAN 1   2557                      2358    199     2375
..................................................................


WIND (MPH)
  HIGHEST WIND SPEED    21   HIGHEST WIND DIRECTION    SE (150)
  HIGHEST GUST SPEED    25   HIGHEST GUST DIRECTION    SE (150)
  AVERAGE WIND SPEED     9.5


SKY COVER
  POSSIBLE SUNSHINE  MM
  AVERAGE SKY COVER 0.4


WEATHER CONDITIONS
 THE FOLLOWING WEATHER WAS RECORDED YESTERDAY.
  THUNDERSTORM
  HEAVY RAIN
  LIGHT RAIN
  FOG


RELATIVE HUMIDITY (PERCENT)
 HIGHEST   100           600 AM
 LOWEST     69           600 PM
 AVERAGE    85

..........................................................


THE HONOLULU HI CLIMATE NORMALS FOR TODAY
                         NORMAL    RECORD    YEAR
 MAXIMUM TEMPERATURE (F)   88        91      1995
                                             1987
 MINIMUM TEMPERATURE (F)   75        70      1956


SUNRISE AND SUNSET
JULY 26 2016..........SUNRISE   603 AM HST   SUNSET   713 PM HST
JULY 27 2016..........SUNRISE   603 AM HST   SUNSET   713 PM HST


-  INDICATES NEGATIVE NUMBERS.
R  INDICATES RECORD WAS SET OR TIED.
MM INDICATES DATA IS MISSING.
T  INDICATES TRACE AMOUNT.




$$
