000
CDHW40 PHFO 251245
CLIHNL


CLIMATE REPORT
NATIONAL WEATHER SERVICE HONOLULU HI
245 AM HST WED MAY 25 2016


...................................

...THE HONOLULU HI CLIMATE SUMMARY FOR MAY 24 2016...

CLIMATE NORMAL PERIOD 1981 TO 2010
CLIMATE RECORD PERIOD 1946 TO 2016


WEATHER ITEM   OBSERVED TIME   RECORD YEAR NORMAL DEPARTURE LAST
                VALUE   (LST)  VALUE       VALUE  FROM      YEAR
                                                  NORMAL
..................................................................
TEMPERATURE (F)
 YESTERDAY
  MAXIMUM         88    108 PM  90    1979  85      3       82
  MINIMUM         75   1159 PM  65    1975  72      3       71
                                      1959
  AVERAGE         82                        78      4       77

PRECIPITATION (IN)
  YESTERDAY        0.00          1.10 2014   0.01  -0.01     0.00
  MONTH TO DATE    0.06                      0.51  -0.45     0.15
  SINCE MAR 1      0.50                      3.16  -2.66     1.14
  SINCE JAN 1      0.93                      7.46  -6.53     2.94

SNOWFALL (IN)
  YESTERDAY        0.0
  MONTH TO DATE    0.0
  SINCE MAR 1      0.0
  SINCE JUL 1      0.0
  SNOW DEPTH       0

DEGREE DAYS
 HEATING
  YESTERDAY        0                         0      0        0
  MONTH TO DATE    0                         0      0        0
  SINCE MAR 1      0                         0      0        0
  SINCE JUL 1      0                         0      0        0

 COOLING
  YESTERDAY       17                        13      4       12
  MONTH TO DATE  349                       298     51      257
  SINCE MAR 1   1047                       923    124      873
  SINCE JAN 1   1629                      1405    224     1383
..................................................................


WIND (MPH)
  HIGHEST WIND SPEED    21   HIGHEST WIND DIRECTION    NE (40)
  HIGHEST GUST SPEED    28   HIGHEST GUST DIRECTION    NE (40)
  AVERAGE WIND SPEED     9.6


SKY COVER
  POSSIBLE SUNSHINE  MM
  AVERAGE SKY COVER 0.4


WEATHER CONDITIONS
 THE FOLLOWING WEATHER WAS RECORDED YESTERDAY.
  NO SIGNIFICANT WEATHER WAS OBSERVED.


RELATIVE HUMIDITY (PERCENT)
 HIGHEST    84           600 AM
 LOWEST     40           100 PM
 AVERAGE    62

..........................................................


THE HONOLULU HI CLIMATE NORMALS FOR TODAY
                         NORMAL    RECORD    YEAR
 MAXIMUM TEMPERATURE (F)   85        89      2005
                                             1996
                                             1992
 MINIMUM TEMPERATURE (F)   72        66      1974
                                             1959


SUNRISE AND SUNSET
MAY 25 2016...........SUNRISE   550 AM HST   SUNSET   708 PM HST
MAY 26 2016...........SUNRISE   550 AM HST   SUNSET   708 PM HST


-  INDICATES NEGATIVE NUMBERS.
R  INDICATES RECORD WAS SET OR TIED.
MM INDICATES DATA IS MISSING.
T  INDICATES TRACE AMOUNT.




$$
