000
CDHW40 PHFO 210237
CLIHNL


CLIMATE REPORT
NATIONAL WEATHER SERVICE HONOLULU HI
437 PM HST SUN APR 20 2014


...................................

...THE HONOLULU HI CLIMATE SUMMARY FOR APRIL 20 2014...
VALID TODAY AS OF 0400 PM LOCAL TIME.

CLIMATE NORMAL PERIOD 1981 TO 2010
CLIMATE RECORD PERIOD 1946 TO 2014


WEATHER ITEM   OBSERVED TIME   RECORD YEAR NORMAL DEPARTURE LAST
                VALUE   (LST)  VALUE       VALUE  FROM      YEAR
                                                  NORMAL
..................................................................
TEMPERATURE (F)
 TODAY
  MAXIMUM         83    123 PM  88    1996  83      0       82
                                      1986
  MINIMUM         73    733 AM  60    1966  70      3       71
  AVERAGE         78                        76      2       77

PRECIPITATION (IN)
  TODAY            T             1.16 1978   0.01  -0.01     0.00
  MONTH TO DATE    0.16                      0.48  -0.32     0.78
  SINCE MAR 1      2.77                      2.50   0.27     3.73
  SINCE JAN 1      6.45                      6.80  -0.35     6.80

SNOWFALL (IN)
  TODAY            0.0
  MONTH TO DATE    0.0
  SINCE MAR 1      0.0
  SINCE JUL 1      0.0
  SNOW DEPTH       0

DEGREE DAYS
 HEATING
  TODAY            0                         0      0        0
  MONTH TO DATE    0                         0      0        0
  SINCE MAR 1      0                         0      0        0
  SINCE JUL 1      0                         0      0        0

 COOLING
  TODAY           13                        11      2       12
  MONTH TO DATE  240                       220     20      210
  SINCE MAR 1    549                       513     36      467
  SINCE JAN 1   1068                       995     73      965
..................................................................


WIND (MPH)
  HIGHEST WIND SPEED    24   HIGHEST WIND DIRECTION    NE (60)
  HIGHEST GUST SPEED    31   HIGHEST GUST DIRECTION     E (70)
  AVERAGE WIND SPEED    14.0


SKY COVER
  POSSIBLE SUNSHINE  MM
  AVERAGE SKY COVER 0.7


WEATHER CONDITIONS
 THE FOLLOWING WEATHER WAS RECORDED TODAY.
  LIGHT RAIN


RELATIVE HUMIDITY (PERCENT)
 HIGHEST    79           700 AM
 LOWEST     54          1100 AM
 AVERAGE    67

..........................................................


THE HONOLULU HI CLIMATE NORMALS FOR TOMORROW
                         NORMAL    RECORD    YEAR
 MAXIMUM TEMPERATURE (F)   83        89      1996
 MINIMUM TEMPERATURE (F)   70        60      1958


SUNRISE AND SUNSET
APRIL 20 2014.........SUNRISE   608 AM HST   SUNSET   653 PM HST
APRIL 21 2014.........SUNRISE   608 AM HST   SUNSET   653 PM HST


-  INDICATES NEGATIVE NUMBERS.
R  INDICATES RECORD WAS SET OR TIED.
MM INDICATES DATA IS MISSING.
T  INDICATES TRACE AMOUNT.




$$
