000
CDHW40 PHFO 301245
CLIHNL


CLIMATE REPORT
NATIONAL WEATHER SERVICE HONOLULU HI
245 AM HST THU MAR 30 2017


...................................

...THE HONOLULU HI CLIMATE SUMMARY FOR MARCH 29 2017...

CLIMATE NORMAL PERIOD 1981 TO 2010
CLIMATE RECORD PERIOD 1946 TO 2017


WEATHER ITEM   OBSERVED TIME   RECORD YEAR NORMAL DEPARTURE LAST
                VALUE   (LST)  VALUE       VALUE  FROM      YEAR
                                                  NORMAL
..................................................................
TEMPERATURE (F)
 YESTERDAY
  MAXIMUM         85    132 PM  86    2008  82      3       83
                                      1996
                                      1989
  MINIMUM         73    714 AM  58    1975  69      4       69
  AVERAGE         79                        75      4       76

PRECIPITATION (IN)
  YESTERDAY        T             0.40 1947   0.05  -0.05      T
  MONTH TO DATE    2.75                      1.91   0.84     0.22
  SINCE MAR 1      2.75                      1.91   0.84     0.22
  SINCE JAN 1     10.08                      6.21   3.87     0.65

SNOWFALL (IN)
  YESTERDAY        0.0
  MONTH TO DATE    0.0
  SINCE MAR 1      0.0
  SINCE JUL 1      0.0
  SNOW DEPTH       0

DEGREE DAYS
 HEATING
  YESTERDAY        0                         0      0        0
  MONTH TO DATE    0                         0      0        0
  SINCE MAR 1      0                         0      0        0
  SINCE JUL 1      0                         0      0        0

 COOLING
  YESTERDAY       14                        10      4       11
  MONTH TO DATE  328                       273     55      283
  SINCE MAR 1    328                       273     55      283
  SINCE JAN 1    855                       755    100      865
..................................................................


WIND (MPH)
  HIGHEST WIND SPEED    18   HIGHEST WIND DIRECTION    SE (140)
  HIGHEST GUST SPEED    23   HIGHEST GUST DIRECTION    SE (150)
  AVERAGE WIND SPEED     8.9


SKY COVER
  POSSIBLE SUNSHINE  MM
  AVERAGE SKY COVER 0.3


WEATHER CONDITIONS
 THE FOLLOWING WEATHER WAS RECORDED YESTERDAY.
  HAZE


RELATIVE HUMIDITY (PERCENT)
 HIGHEST    69           900 PM
 LOWEST     51          1100 AM
 AVERAGE    60

..........................................................


THE HONOLULU HI CLIMATE NORMALS FOR TODAY
                         NORMAL    RECORD    YEAR
 MAXIMUM TEMPERATURE (F)   82        86      1996
                                             1974
                                             1961
 MINIMUM TEMPERATURE (F)   69        59      1975


SUNRISE AND SUNSET
MARCH 30 2017.........SUNRISE   626 AM HST   SUNSET   646 PM HST
MARCH 31 2017.........SUNRISE   625 AM HST   SUNSET   646 PM HST


-  INDICATES NEGATIVE NUMBERS.
R  INDICATES RECORD WAS SET OR TIED.
MM INDICATES DATA IS MISSING.
T  INDICATES TRACE AMOUNT.




$$
