000
CDHW40 PHFO 010231
CLIHNL


CLIMATE REPORT
NATIONAL WEATHER SERVICE HONOLULU HI
431 PM HST THU JUL 31 2014


...................................

...THE HONOLULU HI CLIMATE SUMMARY FOR JULY 31 2014...
VALID TODAY AS OF 0400 PM LOCAL TIME.

CLIMATE NORMAL PERIOD 1981 TO 2010
CLIMATE RECORD PERIOD 1946 TO 2014


WEATHER ITEM   OBSERVED TIME   RECORD YEAR NORMAL DEPARTURE LAST
                VALUE   (LST)  VALUE       VALUE  FROM      YEAR
                                                  NORMAL
..................................................................
TEMPERATURE (F)
 TODAY
  MAXIMUM         90    148 PM  92    2003  88      2       84
                                      1997
  MINIMUM         77    641 AM  69    1963  75      2       77
  AVERAGE         84                        82      2       81

PRECIPITATION (IN)
  TODAY            0.00          0.17 1985   0.02  -0.02      T
  MONTH TO DATE    1.12                      0.51   0.61     0.35
  SINCE JUN 1      1.70                      0.77   0.93     0.52
  SINCE JAN 1     11.67                      8.34   3.33     8.98

SNOWFALL (IN)
  TODAY            0.0
  MONTH TO DATE    0.0
  SINCE JUN 1      0.0
  SINCE JUL 1      0.0
  SNOW DEPTH       0

DEGREE DAYS
 HEATING
  TODAY            0                         0      0        0
  MONTH TO DATE    0                         0      0        0
  SINCE JUN 1      0                         0      0        0
  SINCE JUL 1      0                         0      0        0

 COOLING
  TODAY           19                        17      2       16
  MONTH TO DATE  540                       502     38      483
  SINCE JUN 1   1003                       958     45      892
  SINCE JAN 1   2612                      2460    152     2352
..................................................................


WIND (MPH)
  HIGHEST WIND SPEED    20   HIGHEST WIND DIRECTION     E (70)
  HIGHEST GUST SPEED    29   HIGHEST GUST DIRECTION     E (70)
  AVERAGE WIND SPEED    10.6


SKY COVER
  POSSIBLE SUNSHINE  MM
  AVERAGE SKY COVER 0.4


WEATHER CONDITIONS
 THE FOLLOWING WEATHER WAS RECORDED TODAY.
  NO SIGNIFICANT WEATHER WAS OBSERVED.


RELATIVE HUMIDITY (PERCENT)
 HIGHEST    67           300 AM
 LOWEST     40          1200 PM
 AVERAGE    54

..........................................................


THE HONOLULU HI CLIMATE NORMALS FOR TOMORROW
                         NORMAL    RECORD    YEAR
 MAXIMUM TEMPERATURE (F)   88        91      2003
                                             1995
 MINIMUM TEMPERATURE (F)   75        70      1980
                                             1976
                                             1972


SUNRISE AND SUNSET
JULY 31 2014..........SUNRISE   605 AM HST   SUNSET   711 PM HST
AUGUST  1 2014........SUNRISE   605 AM HST   SUNSET   711 PM HST


-  INDICATES NEGATIVE NUMBERS.
R  INDICATES RECORD WAS SET OR TIED.
MM INDICATES DATA IS MISSING.
T  INDICATES TRACE AMOUNT.




$$
