000
CDHW40 PHFO 191245
CLIHNL


CLIMATE REPORT
NATIONAL WEATHER SERVICE HONOLULU HI
245 AM HST SUN NOV 19 2017


...................................

...THE HONOLULU HI CLIMATE SUMMARY FOR NOVEMBER 18 2017...

CLIMATE NORMAL PERIOD 1981 TO 2010
CLIMATE RECORD PERIOD 1946 TO 2017


WEATHER ITEM   OBSERVED TIME   RECORD YEAR NORMAL DEPARTURE LAST
                VALUE   (LST)  VALUE       VALUE  FROM      YEAR
                                                  NORMAL
..................................................................
TEMPERATURE (F)
 YESTERDAY
  MAXIMUM         83   1126 AM  90    1995  84     -1       85
  MINIMUM         66    650 AM  63    1978  71     -5       74
                                      1974
  AVERAGE         75                        78     -3       80

PRECIPITATION (IN)
  YESTERDAY        0.00          0.46 1985   0.09  -0.09      T
  MONTH TO DATE    0.44                      1.52  -1.08     0.07
  SINCE SEP 1      3.32                      4.06  -0.74     3.11
  SINCE JAN 1     19.21                     12.96   6.25    11.63

SNOWFALL (IN)
  YESTERDAY        0.0
  MONTH TO DATE    0.0
  SINCE SEP 1      0.0
  SINCE JUL 1      0.0
  SNOW DEPTH      MM

DEGREE DAYS
 HEATING
  YESTERDAY        0                         0      0        0
  MONTH TO DATE    0                         0      0        0
  SINCE SEP 1      0                         0      0        0
  SINCE JUL 1      0                         0      0        0

 COOLING
  YESTERDAY       10                        12     -2       15
  MONTH TO DATE  278                       239     39      233
  SINCE SEP 1   1249                      1201     48     1172
  SINCE JAN 1   4302                      4185    117     4287
..................................................................


WIND (MPH)
  HIGHEST WIND SPEED    15   HIGHEST WIND DIRECTION    NW (330)
  HIGHEST GUST SPEED    20   HIGHEST GUST DIRECTION     N (340)
  AVERAGE WIND SPEED     6.7


SKY COVER
  POSSIBLE SUNSHINE  MM
  AVERAGE SKY COVER  MM


WEATHER CONDITIONS
 THE FOLLOWING WEATHER WAS RECORDED YESTERDAY.
  NO SIGNIFICANT WEATHER WAS OBSERVED.


RELATIVE HUMIDITY (PERCENT)
 HIGHEST    MM
 LOWEST     MM
 AVERAGE    MM

..........................................................


THE HONOLULU HI CLIMATE NORMALS FOR TODAY
                         NORMAL    RECORD    YEAR
 MAXIMUM TEMPERATURE (F)   84        90      1995
 MINIMUM TEMPERATURE (F)   71        64      2012


SUNRISE AND SUNSET
NOVEMBER 19 2017......SUNRISE   645 AM HST   SUNSET   549 PM HST
NOVEMBER 20 2017......SUNRISE   646 AM HST   SUNSET   549 PM HST


-  INDICATES NEGATIVE NUMBERS.
R  INDICATES RECORD WAS SET OR TIED.
MM INDICATES DATA IS MISSING.
T  INDICATES TRACE AMOUNT.




$$
