000
CDHW40 PHFO 281245
CLIHNL


CLIMATE REPORT
NATIONAL WEATHER SERVICE HONOLULU HI
245 AM HST WED JAN 28 2015


...................................

...THE HONOLULU HI CLIMATE SUMMARY FOR JANUARY 27 2015...

CLIMATE NORMAL PERIOD 1981 TO 2010
CLIMATE RECORD PERIOD 1946 TO 2015


WEATHER ITEM   OBSERVED TIME   RECORD YEAR NORMAL DEPARTURE LAST
                VALUE   (LST)  VALUE       VALUE  FROM      YEAR
                                                  NORMAL
..................................................................
TEMPERATURE (F)
 YESTERDAY
  MAXIMUM         81    128 PM  85    1970  80      1       77
  MINIMUM         64    553 AM  54    1969  66     -2       68
                                      1895
  AVERAGE         73                        73      0       73

PRECIPITATION (IN)
  YESTERDAY        0.00          3.03 1968   0.06  -0.06     0.03
  MONTH TO DATE    0.86                      2.06  -1.20     2.21
  SINCE DEC 1      1.93                      5.30  -3.37     5.85
  SINCE JAN 1      0.86                      2.06  -1.20     2.21

SNOWFALL (IN)
  YESTERDAY        0.0
  MONTH TO DATE    0.0
  SINCE DEC 1      0.0
  SINCE JUL 1      0.0
  SNOW DEPTH       0

DEGREE DAYS
 HEATING
  YESTERDAY        0                         0      0        0
  MONTH TO DATE    0                         0      0        0
  SINCE DEC 1      0                         0      0        0
  SINCE JUL 1      0                         0      0        0

 COOLING
  YESTERDAY        8                         8      0        8
  MONTH TO DATE  193                       218    -25      212
  SINCE DEC 1    477                       520    -43      547
  SINCE JAN 1    193                       218    -25      212
..................................................................


WIND (MPH)
  HIGHEST WIND SPEED    20   HIGHEST WIND DIRECTION     E (70)
  HIGHEST GUST SPEED    23   HIGHEST GUST DIRECTION     E (70)
  AVERAGE WIND SPEED     6.3


SKY COVER
  POSSIBLE SUNSHINE  MM
  AVERAGE SKY COVER 0.4


WEATHER CONDITIONS
 THE FOLLOWING WEATHER WAS RECORDED YESTERDAY.
  NO SIGNIFICANT WEATHER WAS OBSERVED.


RELATIVE HUMIDITY (PERCENT)
 HIGHEST    87           300 AM
 LOWEST     51           400 PM
 AVERAGE    69

..........................................................


THE HONOLULU HI CLIMATE NORMALS FOR TODAY
                         NORMAL    RECORD    YEAR
 MAXIMUM TEMPERATURE (F)   80        84      1989
                                             1978
                                             1970
 MINIMUM TEMPERATURE (F)   66        55      1895


SUNRISE AND SUNSET
JANUARY 28 2015.......SUNRISE   710 AM HST   SUNSET   619 PM HST
JANUARY 29 2015.......SUNRISE   710 AM HST   SUNSET   620 PM HST


-  INDICATES NEGATIVE NUMBERS.
R  INDICATES RECORD WAS SET OR TIED.
MM INDICATES DATA IS MISSING.
T  INDICATES TRACE AMOUNT.




$$
