000
CDHW40 PHFO 240226
CLIHNL


CLIMATE REPORT
NATIONAL WEATHER SERVICE HONOLULU HI
426 PM HST TUE JAN 23 2018


...................................

...THE HONOLULU HI CLIMATE SUMMARY FOR JANUARY 23 2018...
VALID TODAY AS OF 0400 PM LOCAL TIME.

CLIMATE NORMAL PERIOD 1981 TO 2010
CLIMATE RECORD PERIOD 1946 TO 2018


WEATHER ITEM   OBSERVED TIME   RECORD YEAR NORMAL DEPARTURE LAST
                VALUE   (LST)  VALUE       VALUE  FROM      YEAR
                                                  NORMAL
..................................................................
TEMPERATURE (F)
 TODAY
  MAXIMUM         84   1054 AM  85    1996  80      4       82
                                      1984
                                      1954
  MINIMUM         74    623 AM  55    1969  66      8       69
  AVERAGE         79                        73      6       76

PRECIPITATION (IN)
  TODAY            0.00          4.75 1972   0.07  -0.07      T
  MONTH TO DATE    0.06                      1.82  -1.76     0.11
  SINCE DEC 1      3.46                      5.06  -1.60     0.98
  SINCE JAN 1      0.06                      1.82  -1.76     0.11

SNOWFALL (IN)
  TODAY            0.0
  MONTH TO DATE    0.0
  SINCE DEC 1      0.0
  SINCE JUL 1      0.0
  SNOW DEPTH      MM

DEGREE DAYS
 HEATING
  TODAY            0                         0      0        0
  MONTH TO DATE    0                         0      0        0
  SINCE DEC 1      0                         0      0        0
  SINCE JUL 1      0                         0      0        0

 COOLING
  TODAY           14                         8      6       11
  MONTH TO DATE  276                       186     90      202
  SINCE DEC 1    582                       488     94      507
  SINCE JAN 1    276                       186     90      202
..................................................................


WIND (MPH)
  HIGHEST WIND SPEED    25   HIGHEST WIND DIRECTION     E (80)
  HIGHEST GUST SPEED    31   HIGHEST GUST DIRECTION     E (70)
  AVERAGE WIND SPEED    MM


SKY COVER
  POSSIBLE SUNSHINE  MM
  AVERAGE SKY COVER  MM


WEATHER CONDITIONS
 THE FOLLOWING WEATHER WAS RECORDED TODAY.
  HAZE


RELATIVE HUMIDITY (PERCENT)
 HIGHEST    MM
 LOWEST     MM
 AVERAGE    MM

..........................................................


THE HONOLULU HI CLIMATE NORMALS FOR TOMORROW
                         NORMAL    RECORD    YEAR
 MAXIMUM TEMPERATURE (F)   80        85      1981
 MINIMUM TEMPERATURE (F)   66        55      1969


SUNRISE AND SUNSET
JANUARY 23 2018.......SUNRISE   711 AM HST   SUNSET   616 PM HST
JANUARY 24 2018.......SUNRISE   711 AM HST   SUNSET   617 PM HST


-  INDICATES NEGATIVE NUMBERS.
R  INDICATES RECORD WAS SET OR TIED.
MM INDICATES DATA IS MISSING.
T  INDICATES TRACE AMOUNT.




$$
