000
CDHW40 PHFO 250253
CLIHNL


CLIMATE REPORT
NATIONAL WEATHER SERVICE HONOLULU HI
453 PM HST MON JUL 24 2017


...................................

...THE HONOLULU HI CLIMATE SUMMARY FOR JULY 24 2017...
VALID TODAY AS OF 0400 PM LOCAL TIME.

CLIMATE NORMAL PERIOD 1981 TO 2010
CLIMATE RECORD PERIOD 1946 TO 2017


WEATHER ITEM   OBSERVED TIME   RECORD YEAR NORMAL DEPARTURE LAST
                VALUE   (LST)  VALUE       VALUE  FROM      YEAR
                                                  NORMAL
..................................................................
TEMPERATURE (F)
 TODAY
  MAXIMUM         83        MM  92    1992  88     -5       81
                                      1987
  MINIMUM         75        MM  69    1959  75      0       74
  AVERAGE         79                        81     -2       78

PRECIPITATION (IN)
  TODAY            T             1.47 2016   0.02  -0.02     1.47
  MONTH TO DATE    0.02                      0.37  -0.35     2.15
  SINCE JUN 1      0.55                      0.63  -0.08     2.34
  SINCE JAN 1     14.04                      8.20   5.84     6.38

SNOWFALL (IN)
  TODAY            0.0
  MONTH TO DATE    0.0
  SINCE JUN 1      0.0
  SINCE JUL 1      0.0
  SNOW DEPTH      MM

DEGREE DAYS
 HEATING
  TODAY            0                         0      0        0
  MONTH TO DATE    0                         0      0        0
  SINCE JUN 1      0                         0      0        0
  SINCE JUL 1      0                         0      0        0

 COOLING
  TODAY           14                        16     -2       13
  MONTH TO DATE  385                       384      1      400
  SINCE JUN 1    846                       840      6      830
  SINCE JAN 1   2547                      2342    205     2544
..................................................................


WIND (MPH)
  HIGHEST WIND SPEED    13   HIGHEST WIND DIRECTION    SE (150)
  HIGHEST GUST SPEED    17   HIGHEST GUST DIRECTION    SE (150)
  AVERAGE WIND SPEED    MM


SKY COVER
  POSSIBLE SUNSHINE  MM
  AVERAGE SKY COVER  MM


WEATHER CONDITIONS
 THE FOLLOWING WEATHER WAS RECORDED TODAY.
  NO SIGNIFICANT WEATHER WAS OBSERVED.


RELATIVE HUMIDITY (PERCENT)
 HIGHEST    MM
 LOWEST     MM
 AVERAGE    MM

..........................................................


THE HONOLULU HI CLIMATE NORMALS FOR TOMORROW
                         NORMAL    RECORD    YEAR
 MAXIMUM TEMPERATURE (F)   88        92      2003
                                             1987
 MINIMUM TEMPERATURE (F)   75        70      1988


SUNRISE AND SUNSET
JULY 24 2017..........SUNRISE   602 AM HST   SUNSET   714 PM HST
JULY 25 2017..........SUNRISE   603 AM HST   SUNSET   714 PM HST


-  INDICATES NEGATIVE NUMBERS.
R  INDICATES RECORD WAS SET OR TIED.
MM INDICATES DATA IS MISSING.
T  INDICATES TRACE AMOUNT.




$$
