000
CDUS43 KFSD 070624
CLIHON


CLIMATE REPORT
NATIONAL WEATHER SERVICE SIOUX FALLS SD
124 AM CDT TUE JUL 7 2015


...................................

...THE HURON SD CLIMATE SUMMARY FOR JULY 6 2015...

CLIMATE NORMAL PERIOD 1981 TO 2010
CLIMATE RECORD PERIOD 1881 TO 2015


WEATHER ITEM   OBSERVED TIME   RECORD YEAR NORMAL DEPARTURE LAST
                VALUE   (LST)  VALUE       VALUE  FROM      YEAR
                                                  NORMAL
..................................................................
TEMPERATURE (F)
 YESTERDAY
  MAXIMUM         75    210 PM 109    1937  85    -10       90
  MINIMUM         57   1155 PM  44    1960  61     -4       66
  AVERAGE         66                        73     -7       78

PRECIPITATION (IN)
  YESTERDAY        0.51          1.72 1918   0.09   0.42     0.00
  MONTH TO DATE    1.14                      0.51   0.63     0.01
  SINCE JUN 1      5.74                      4.44   1.30     2.38
  SINCE JAN 1     11.68                     12.42  -0.74     6.87

SNOWFALL (IN)
  YESTERDAY        0.0           0.0    MM   0.0    0.0      0.0
  MONTH TO DATE    0.0                       0.0    0.0      0.0
  SINCE JUN 1      T                         0.0    0.0      0.0
  SINCE JUL 1      0.0                       0.0    0.0      0.0
  SNOW DEPTH       0

DEGREE DAYS
 HEATING
  YESTERDAY        0                         0      0        0
  MONTH TO DATE    0                         0      0        6
  SINCE JUN 1     11                        51    -40       46
  SINCE JUL 1      0                         0      0        6

 COOLING
  YESTERDAY        1                         8     -7       13
  MONTH TO DATE   37                        48    -11       40
  SINCE JUN 1    187                       181      6      143
  SINCE JAN 1    207                       214     -7      205
..................................................................


WIND (MPH)
  HIGHEST WIND SPEED    25   HIGHEST WIND DIRECTION     N (360)
  HIGHEST GUST SPEED    33   HIGHEST GUST DIRECTION     N (360)
  AVERAGE WIND SPEED    12.9


SKY COVER
  POSSIBLE SUNSHINE  MM
  AVERAGE SKY COVER 0.6


WEATHER CONDITIONS
 THE FOLLOWING WEATHER WAS RECORDED YESTERDAY.
  THUNDERSTORM
  RAIN
  LIGHT RAIN
  FOG
  HAZE


RELATIVE HUMIDITY (PERCENT)
 HIGHEST   100           200 AM
 LOWEST     53           400 PM
 AVERAGE    77

..........................................................


THE HURON SD CLIMATE NORMALS FOR TODAY
                         NORMAL    RECORD    YEAR
 MAXIMUM TEMPERATURE (F)   86       105      1985
 MINIMUM TEMPERATURE (F)   61        45      1958


SUNRISE AND SUNSET
JULY  7 2015..........SUNRISE   556 AM CDT   SUNSET   919 PM CDT
JULY  8 2015..........SUNRISE   557 AM CDT   SUNSET   919 PM CDT


-  INDICATES NEGATIVE NUMBERS.
R  INDICATES RECORD WAS SET OR TIED.
MM INDICATES DATA IS MISSING.
T  INDICATES TRACE AMOUNT.




$$
