000
CDUS43 KFSD 280641
CLIHON


CLIMATE REPORT
NATIONAL WEATHER SERVICE SIOUX FALLS SD
140 AM CDT SAT MAR 28 2015


...................................

...THE HURON SD CLIMATE SUMMARY FOR MARCH 27 2015...

CLIMATE NORMAL PERIOD 1981 TO 2010
CLIMATE RECORD PERIOD 1881 TO 2015


WEATHER ITEM   OBSERVED TIME   RECORD YEAR NORMAL DEPARTURE LAST
                VALUE   (LST)  VALUE       VALUE  FROM      YEAR
                                                  NORMAL
..................................................................
TEMPERATURE (F)
 YESTERDAY
  MAXIMUM         34   1223 PM  81    1946  49    -15       47
  MINIMUM         11    526 AM  -3    1913  27    -16       24
  AVERAGE         23                        38    -15       36

PRECIPITATION (IN)
  YESTERDAY        0.03          1.52 2004   0.06  -0.03     0.05
  MONTH TO DATE    0.16                      1.19  -1.03     0.45
  SINCE MAR 1      0.16                      1.19  -1.03     0.45
  SINCE JAN 1      0.77                      2.29  -1.52     1.01

SNOWFALL (IN)
  YESTERDAY        T             4.3  1975   0.3   -0.3      0.7
  MONTH TO DATE    1.2                       8.0   -6.8      4.5
  SINCE MAR 1      1.2                       8.0   -6.8      4.5
  SINCE JUL 1     22.8                      39.0  -16.2     26.2
  SNOW DEPTH       0

DEGREE DAYS
 HEATING
  YESTERDAY       42                        27     15       29
  MONTH TO DATE  797                       883    -86      982
  SINCE MAR 1    797                       883    -86      982
  SINCE JUL 1   6734                      6715     19     7302

 COOLING
  YESTERDAY        0                         0      0        0
  MONTH TO DATE    2                         0      2        0
  SINCE MAR 1      2                         0      2        0
  SINCE JAN 1      2                         0      2        0
..................................................................


WIND (MPH)
  HIGHEST WIND SPEED    17   HIGHEST WIND DIRECTION     S (160)
  HIGHEST GUST SPEED    24   HIGHEST GUST DIRECTION     S (160)
  AVERAGE WIND SPEED     7.9


SKY COVER
  POSSIBLE SUNSHINE  MM
  AVERAGE SKY COVER 0.6


WEATHER CONDITIONS
 THE FOLLOWING WEATHER WAS RECORDED YESTERDAY.
  LIGHT SNOW
  FOG


RELATIVE HUMIDITY (PERCENT)
 HIGHEST    92           200 AM
 LOWEST     41          1200 PM
 AVERAGE    67

..........................................................


THE HURON SD CLIMATE NORMALS FOR TODAY
                         NORMAL    RECORD    YEAR
 MAXIMUM TEMPERATURE (F)   50        82      1946
 MINIMUM TEMPERATURE (F)   27         0      1899


SUNRISE AND SUNSET
MARCH 28 2015.........SUNRISE   722 AM CDT   SUNSET   755 PM CDT
MARCH 29 2015.........SUNRISE   720 AM CDT   SUNSET   756 PM CDT


-  INDICATES NEGATIVE NUMBERS.
R  INDICATES RECORD WAS SET OR TIED.
MM INDICATES DATA IS MISSING.
T  INDICATES TRACE AMOUNT.




$$
