000
CDUS43 KFSD 280625
CLIHON


CLIMATE REPORT
NATIONAL WEATHER SERVICE SIOUX FALLS SD
1224 AM CST FRI NOV 28 2014


...................................

...THE HURON SD CLIMATE SUMMARY FOR NOVEMBER 27 2014...

CLIMATE NORMAL PERIOD 1981 TO 2010
CLIMATE RECORD PERIOD 1881 TO 2014


WEATHER ITEM   OBSERVED TIME   RECORD YEAR NORMAL DEPARTURE LAST
                VALUE   (LST)  VALUE       VALUE  FROM      YEAR
                                                  NORMAL
..................................................................
TEMPERATURE (F)
 YESTERDAY
  MAXIMUM         18   1159 PM  59    1998  36    -18       37
  MINIMUM         -6    728 AM -26    1887  16    -22        4
  AVERAGE          6                        26    -20       21

PRECIPITATION (IN)
  YESTERDAY        0.00          1.17 2005   0.02  -0.02     0.00
  MONTH TO DATE    0.74                      0.81  -0.07     0.16
  SINCE SEP 1      2.12                      5.06  -2.94     6.98
  SINCE JAN 1     15.68                     22.32  -6.64    24.18

SNOWFALL (IN)
  YESTERDAY        0.0           3.7  1994   0.3   -0.3      0.0
  MONTH TO DATE    7.9                       6.4    1.5      1.6
  SINCE SEP 1      7.9                       7.5    0.4      2.5
  SINCE JUL 1      7.9                       7.5    0.4      2.5
  SNOW DEPTH       T

DEGREE DAYS
 HEATING
  YESTERDAY       59                        39     20       44
  MONTH TO DATE 1071                       851    220      881
  SINCE SEP 1   1685                      1552    133     1498
  SINCE JUL 1   1718                      1581    137     1520

 COOLING
  YESTERDAY        0                         0      0        0
  MONTH TO DATE    0                         0      0        0
  SINCE SEP 1     74                        73      1      160
  SINCE JAN 1    597                       742   -145      848
..................................................................


WIND (MPH)
  HIGHEST WIND SPEED    21   HIGHEST WIND DIRECTION     S (160)
  HIGHEST GUST SPEED    32   HIGHEST GUST DIRECTION    SE (150)
  AVERAGE WIND SPEED    10.1


SKY COVER
  POSSIBLE SUNSHINE  MM
  AVERAGE SKY COVER 0.5


WEATHER CONDITIONS
 THE FOLLOWING WEATHER WAS RECORDED YESTERDAY.
  NO SIGNIFICANT WEATHER WAS OBSERVED.


RELATIVE HUMIDITY (PERCENT)
 HIGHEST    87           800 AM
 LOWEST     55          1200 PM
 AVERAGE    71

..........................................................


THE HURON SD CLIMATE NORMALS FOR TODAY
                         NORMAL    RECORD    YEAR
 MAXIMUM TEMPERATURE (F)   35        61      1901
 MINIMUM TEMPERATURE (F)   16       -28      1887


SUNRISE AND SUNSET
NOVEMBER 28 2014......SUNRISE   745 AM CST   SUNSET   456 PM CST
NOVEMBER 29 2014......SUNRISE   746 AM CST   SUNSET   456 PM CST


-  INDICATES NEGATIVE NUMBERS.
R  INDICATES RECORD WAS SET OR TIED.
MM INDICATES DATA IS MISSING.
T  INDICATES TRACE AMOUNT.




$$
