000
CDUS43 KFSD 252232
CLIHON


CLIMATE REPORT
NATIONAL WEATHER SERVICE SIOUX FALLS SD
530 PM CDT SAT JUN 25 2016


...................................

...THE HURON SD CLIMATE SUMMARY FOR JUNE 25 2016...
VALID TODAY AS OF 0500 PM LOCAL TIME.

CLIMATE NORMAL PERIOD 1981 TO 2010
CLIMATE RECORD PERIOD 1881 TO 2016


WEATHER ITEM   OBSERVED TIME   RECORD YEAR NORMAL DEPARTURE LAST
                VALUE   (LST)  VALUE       VALUE  FROM      YEAR
                                                  NORMAL
..................................................................
TEMPERATURE (F)
 TODAY
  MAXIMUM         87    342 PM 109    1936  83      4       79
  MINIMUM         75    536 AM  39    1958  59     16       61
  AVERAGE         81                        71     10       70

PRECIPITATION (IN)
  TODAY            0.00          1.61 1989   0.12  -0.12     0.00
  MONTH TO DATE    1.91                      3.39  -1.48     3.79
  SINCE JUN 1      1.91                      3.39  -1.48     3.79
  SINCE JAN 1     10.72                     11.37  -0.65     9.73

SNOWFALL (IN)
  TODAY            0.0           0.0    MM   0.0    0.0      0.0
  MONTH TO DATE    0.0                       0.0    0.0       T
  SINCE JUN 1      0.0                       0.0    0.0       T
  SINCE JUL 1     33.0                      43.9  -10.9     22.8
  SNOW DEPTH       0

DEGREE DAYS
 HEATING
  TODAY            0                         1     -1        0
  MONTH TO DATE   17                        48    -31       11
  SINCE JUN 1     17                        48    -31       11
  SINCE JUL 1   6569                      7669  -1100     7505

 COOLING
  TODAY           16                         6     10        5
  MONTH TO DATE  208                        98    110      112
  SINCE JUN 1    208                        98    110      112
  SINCE JAN 1    239                       131    108      132
..................................................................


WIND (MPH)
  HIGHEST WIND SPEED    25   HIGHEST WIND DIRECTION    NW (330)
  HIGHEST GUST SPEED    32   HIGHEST GUST DIRECTION     S (170)
  AVERAGE WIND SPEED    16.3


SKY COVER
  POSSIBLE SUNSHINE  MM
  AVERAGE SKY COVER 0.0


WEATHER CONDITIONS
 THE FOLLOWING WEATHER WAS RECORDED TODAY.
  NO SIGNIFICANT WEATHER WAS OBSERVED.


RELATIVE HUMIDITY (PERCENT)
 HIGHEST    82           600 AM
 LOWEST     30           400 PM
 AVERAGE    56

..........................................................


THE HURON SD CLIMATE NORMALS FOR TOMORROW
                         NORMAL    RECORD    YEAR
 MAXIMUM TEMPERATURE (F)   83       108      1933
 MINIMUM TEMPERATURE (F)   59        41      2004


SUNRISE AND SUNSET
JUNE 25 2016..........SUNRISE   550 AM CDT   SUNSET   921 PM CDT
JUNE 26 2016..........SUNRISE   550 AM CDT   SUNSET   921 PM CDT


-  INDICATES NEGATIVE NUMBERS.
R  INDICATES RECORD WAS SET OR TIED.
MM INDICATES DATA IS MISSING.
T  INDICATES TRACE AMOUNT.




$$
