000
CDUS43 KFSD 060639
CLIHON


CLIMATE REPORT
NATIONAL WEATHER SERVICE SIOUX FALLS SD
1237 AM CST FRI MAR 6 2015


...................................

...THE HURON SD CLIMATE SUMMARY FOR MARCH 5 2015...

CLIMATE NORMAL PERIOD 1981 TO 2010
CLIMATE RECORD PERIOD 1881 TO 2015


WEATHER ITEM   OBSERVED TIME   RECORD YEAR NORMAL DEPARTURE LAST
                VALUE   (LST)  VALUE       VALUE  FROM      YEAR
                                                  NORMAL
..................................................................
TEMPERATURE (F)
 YESTERDAY
  MAXIMUM         34    531 PM  74    2000  39     -5       26
  MINIMUM        -10    139 AM -14    1989  18    -28        4
  AVERAGE         12                        28    -16       15

PRECIPITATION (IN)
  YESTERDAY        0.00          0.81 1933   0.03  -0.03     0.00
  MONTH TO DATE    0.11                      0.16  -0.05     0.22
  SINCE MAR 1      0.11                      0.16  -0.05     0.22
  SINCE JAN 1      0.72                      1.26  -0.54     0.78

SNOWFALL (IN)
  YESTERDAY        0.0           7.0  1933   0.3   -0.3      0.0
  MONTH TO DATE    1.2                       1.7   -0.5      3.5
  SINCE MAR 1      1.2                       1.7   -0.5      3.5
  SINCE JUL 1     22.8                      32.7   -9.9     25.2
  SNOW DEPTH       1

DEGREE DAYS
 HEATING
  YESTERDAY       53                        37     16       50
  MONTH TO DATE  265                       187     78      308
  SINCE MAR 1    265                       187     78      308
  SINCE JUL 1   6202                      6019    183     6628

 COOLING
  YESTERDAY        0                         0      0        0
  MONTH TO DATE    0                         0      0        0
  SINCE MAR 1      0                         0      0        0
  SINCE JAN 1      0                         0      0        0
..................................................................


WIND (MPH)
  HIGHEST WIND SPEED    20   HIGHEST WIND DIRECTION     S (190)
  HIGHEST GUST SPEED    25   HIGHEST GUST DIRECTION     S (180)
  AVERAGE WIND SPEED     9.5


SKY COVER
  POSSIBLE SUNSHINE  MM
  AVERAGE SKY COVER 0.0


WEATHER CONDITIONS
 THE FOLLOWING WEATHER WAS RECORDED YESTERDAY.
  NO SIGNIFICANT WEATHER WAS OBSERVED.


RELATIVE HUMIDITY (PERCENT)
 HIGHEST    79          1200 AM
 LOWEST     35           500 PM
 AVERAGE    57

..........................................................


THE HURON SD CLIMATE NORMALS FOR TODAY
                         NORMAL    RECORD    YEAR
 MAXIMUM TEMPERATURE (F)   39        79      1987
 MINIMUM TEMPERATURE (F)   19       -17      1989


SUNRISE AND SUNSET
MARCH  6 2015.........SUNRISE   702 AM CST   SUNSET   627 PM CST
MARCH  7 2015.........SUNRISE   700 AM CST   SUNSET   628 PM CST


-  INDICATES NEGATIVE NUMBERS.
R  INDICATES RECORD WAS SET OR TIED.
MM INDICATES DATA IS MISSING.
T  INDICATES TRACE AMOUNT.




$$
