000
CDUS43 KFSD 050641
CLIHON


CLIMATE REPORT
NATIONAL WEATHER SERVICE SIOUX FALLS SD
140 AM CDT WED AUG 5 2015


...................................

...THE HURON SD CLIMATE SUMMARY FOR AUGUST 4 2015...

CLIMATE NORMAL PERIOD 1981 TO 2010
CLIMATE RECORD PERIOD 1881 TO 2015


WEATHER ITEM   OBSERVED TIME   RECORD YEAR NORMAL DEPARTURE LAST
                VALUE   (LST)  VALUE       VALUE  FROM      YEAR
                                                  NORMAL
..................................................................
TEMPERATURE (F)
 YESTERDAY
  MAXIMUM         81    454 PM 110    1934  86     -5       84
  MINIMUM         59    531 AM  40    1974  61     -2       59
  AVERAGE         70                        73     -3       72

PRECIPITATION (IN)
  YESTERDAY        0.00          1.74 1995   0.09  -0.09     0.00
  MONTH TO DATE    0.00                      0.40  -0.40     0.04
  SINCE JUN 1      8.21                      7.25   0.96     6.08
  SINCE JAN 1     14.15                     15.23  -1.08    10.57

SNOWFALL (IN)
  YESTERDAY        0.0           0.0    MM   0.0    0.0      0.0
  MONTH TO DATE    0.0                       0.0    0.0      0.0
  SINCE JUN 1      T                         0.0    0.0      0.0
  SINCE JUL 1      0.0                       0.0    0.0      0.0
  SNOW DEPTH       0

DEGREE DAYS
 HEATING
  YESTERDAY        0                         0      0        0
  MONTH TO DATE    0                         0      0        0
  SINCE JUN 1     15                        59    -44       63
  SINCE JUL 1      4                         8     -4       23

 COOLING
  YESTERDAY        5                         9     -4        7
  MONTH TO DATE   26                        36    -10       30
  SINCE JUN 1    458                       446     12      310
  SINCE JAN 1    478                       479     -1      372
..................................................................


WIND (MPH)
  HIGHEST WIND SPEED    13   HIGHEST WIND DIRECTION     S (160)
  HIGHEST GUST SPEED    17   HIGHEST GUST DIRECTION    SE (130)
  AVERAGE WIND SPEED     7.4


SKY COVER
  POSSIBLE SUNSHINE  MM
  AVERAGE SKY COVER 0.0


WEATHER CONDITIONS
 THE FOLLOWING WEATHER WAS RECORDED YESTERDAY.
  NO SIGNIFICANT WEATHER WAS OBSERVED.


RELATIVE HUMIDITY (PERCENT)
 HIGHEST    87           300 AM
 LOWEST     54           100 PM
 AVERAGE    71

..........................................................


THE HURON SD CLIMATE NORMALS FOR TODAY
                         NORMAL    RECORD    YEAR
 MAXIMUM TEMPERATURE (F)   86       106      1937
 MINIMUM TEMPERATURE (F)   61        45      1994
                                             1974


SUNRISE AND SUNSET
AUGUST  5 2015........SUNRISE   624 AM CDT   SUNSET   853 PM CDT
AUGUST  6 2015........SUNRISE   625 AM CDT   SUNSET   851 PM CDT


-  INDICATES NEGATIVE NUMBERS.
R  INDICATES RECORD WAS SET OR TIED.
MM INDICATES DATA IS MISSING.
T  INDICATES TRACE AMOUNT.




$$
