000
CDUS44 KHGX 230739
CLIHOU


CLIMATE REPORT
NATIONAL WEATHER SERVICE HOUSTON/GALVESTON TX
239 AM CDT SAT MAY 23 2015


...................................

...THE HOUSTON INTERCONTINENTAL CLIMATE SUMMARY FOR MAY 22 2015...

CLIMATE NORMAL PERIOD 1981 TO 2010
CLIMATE RECORD PERIOD 1892 TO 2015


WEATHER ITEM   OBSERVED TIME   RECORD YEAR NORMAL DEPARTURE LAST
                VALUE   (LST)  VALUE       VALUE  FROM      YEAR
                                                  NORMAL
..................................................................
TEMPERATURE (F)
 YESTERDAY
  MAXIMUM         79    447 PM  96    2005  88     -9       87
                                      1996
  MINIMUM         65    808 AM  48    1892  69     -4       65
  AVERAGE         72                        78     -6       76

PRECIPITATION (IN)
  YESTERDAY        0.00          3.10 1963   0.16  -0.16     0.00
  MONTH TO DATE    5.79                      3.59   2.20     4.25
  SINCE MAR 1     18.23                     10.31   7.92     8.26
  SINCE JAN 1     22.06                     16.89   5.17    11.61

DEGREE DAYS
 COOLING
  YESTERDAY        7                        13     -6       11
  MONTH TO DATE  262                       241     21      191
  SINCE MAR 1    566                       484     82      404
  SINCE JAN 1    576                       522     54      438
..................................................................


WIND (MPH)
  HIGHEST WIND SPEED    15   HIGHEST WIND DIRECTION     E (100)
  HIGHEST GUST SPEED    21   HIGHEST GUST DIRECTION    SE (120)




RELATIVE HUMIDITY (PERCENT)
 HIGHEST    93
 LOWEST     74
 AVERAGE    84

..........................................................


THE HOUSTON INTERCONTINENTAL CLIMATE NORMALS FOR TODAY
                         NORMAL    RECORD    YEAR
 MAXIMUM TEMPERATURE (F)   88        95      1996
                                             1890
 MINIMUM TEMPERATURE (F)   69        45      1892


SUNRISE AND SUNSET
MAY 23 2015...........SUNRISE   624 AM CDT   SUNSET   813 PM CDT
MAY 24 2015...........SUNRISE   624 AM CDT   SUNSET   813 PM CDT


-  INDICATES NEGATIVE NUMBERS.
R  INDICATES RECORD WAS SET OR TIED.
MM INDICATES DATA IS MISSING.
T  INDICATES TRACE AMOUNT.


&&

...................................

...THE HOUSTON/HOBBY AIRPORT CLIMATE SUMMARY FOR MAY 22 2015...

CLIMATE NORMAL PERIOD 1981 TO 2010
CLIMATE RECORD PERIOD 1930 TO 2015


WEATHER ITEM   OBSERVED TIME   RECORD YEAR NORMAL DEPARTURE LAST
                VALUE   (LST)  VALUE       VALUE  FROM      YEAR
                                                  NORMAL
..................................................................
TEMPERATURE (F)
 YESTERDAY
  MAXIMUM         78    654 PM  96    2005  87     -9       87
  MINIMUM         67    839 AM  60    1983  70     -3       70
  AVERAGE         73                        78     -5       79

PRECIPITATION (IN)
  YESTERDAY        T             2.73 1965   0.17  -0.17     0.00
  MONTH TO DATE    6.17                      3.18   2.99     3.34
  SINCE MAR 1     20.75                      9.63  11.12     7.19
  SINCE JAN 1     26.63                     16.71   9.92     9.81

DEGREE DAYS
 COOLING
  YESTERDAY        8                        13     -5       14
  MONTH TO DATE  286                       244     42      186
  SINCE MAR 1    609                       486    123      401
  SINCE JAN 1    619                       524     95      440
..................................................................


WIND (MPH)
  HIGHEST WIND SPEED    15   HIGHEST WIND DIRECTION     E (110)
  HIGHEST GUST SPEED    20   HIGHEST GUST DIRECTION    SE (120)




RELATIVE HUMIDITY (PERCENT)
 HIGHEST    94
 LOWEST     74
 AVERAGE    84

..........................................................


THE HOUSTON/HOBBY AIRPORT CLIMATE NORMALS FOR TODAY
                         NORMAL    RECORD    YEAR
 MAXIMUM TEMPERATURE (F)   87        93      2008
                                             2005
                                             1961
 MINIMUM TEMPERATURE (F)   70        55      1967


SUNRISE AND SUNSET
MAY 23 2015...........SUNRISE   624 AM CDT   SUNSET   812 PM CDT
MAY 24 2015...........SUNRISE   624 AM CDT   SUNSET   812 PM CDT


-  INDICATES NEGATIVE NUMBERS.
R  INDICATES RECORD WAS SET OR TIED.
MM INDICATES DATA IS MISSING.
T  INDICATES TRACE AMOUNT.




$$
