000
CDUS44 KHGX 242125
CLIHOU

CLIMATE REPORT
NATIONAL WEATHER SERVICE HOUSTON/GALVESTON TX
422 PM CDT WED AUG 24 2016


...................................

...THE HOUSTON INTERCONTINENTAL CLIMATE SUMMARY FOR AUGUST 24 2016...
VALID TODAY AS OF 400 PM LOCAL TIME.

CLIMATE NORMAL PERIOD 1981 TO 2010
CLIMATE RECORD PERIOD 1892 TO 2016


WEATHER ITEM   OBSERVED TIME   RECORD YEAR NORMAL DEPARTURE LAST
                VALUE   (LST)  VALUE       VALUE  FROM      YEAR
                                                  NORMAL
..................................................................
TEMPERATURE (F)
 TODAY
  MAXIMUM         94    130 PM 105    1980  94      0       97
  MINIMUM         76    616 AM  54    1891  75      1       79
  AVERAGE         85                        84      1       88

PRECIPITATION (IN)
  TODAY            T             2.48 1920   0.14  -0.14     0.00
  MONTH TO DATE    9.14                      2.75   6.39     2.76
  SINCE JUN 1     23.35                     12.47  10.88    14.76
  SINCE JAN 1     52.30                     30.86  21.44    45.20

DEGREE DAYS
 COOLING
  TODAY           20                        19      1       23
  MONTH TO DATE  490                       478     12      518
  SINCE JUN 1   1703                      1599    104     1701
  SINCE JAN 1   2284                      2251     33     2393
..................................................................


WIND (MPH)
  RESULTANT WIND SPEED   4   RESULTANT WIND DIRECTION   S (160)
  HIGHEST WIND SPEED    21   HIGHEST WIND DIRECTION    SE (150)
  HIGHEST GUST SPEED    25   HIGHEST GUST DIRECTION    SE (130)
  AVERAGE WIND SPEED     4.1



WEATHER CONDITIONS
 THE FOLLOWING WEATHER WAS RECORDED TODAY.
  THUNDERSTORM
  LIGHT RAIN
  FOG


RELATIVE HUMIDITY (PERCENT)
 HIGHEST   100           600 AM
 LOWEST     52           100 PM
 AVERAGE    76

..........................................................


THE HOUSTON INTERCONTINENTAL CLIMATE NORMALS FOR TOMORROW
                         NORMAL    RECORD    YEAR
 MAXIMUM TEMPERATURE (F)   94       103      1924
 MINIMUM TEMPERATURE (F)   75        55      1891


SUNRISE AND SUNSET
AUGUST 24 2016........SUNRISE   654 AM CDT   SUNSET   752 PM CDT
AUGUST 25 2016........SUNRISE   655 AM CDT   SUNSET   751 PM CDT


-  INDICATES NEGATIVE NUMBERS.
R  INDICATES RECORD WAS SET OR TIED.
MM INDICATES DATA IS MISSING.
T  INDICATES TRACE AMOUNT.



&&
...................................

...THE HOUSTON/HOBBY AIRPORT CLIMATE SUMMARY FOR AUGUST 24 2016...
VALID TODAY AS OF 400 PM LOCAL TIME.

CLIMATE NORMAL PERIOD 1981 TO 2010
CLIMATE RECORD PERIOD 1930 TO 2016


WEATHER ITEM   OBSERVED TIME   RECORD YEAR NORMAL DEPARTURE LAST
                VALUE   (LST)  VALUE       VALUE  FROM      YEAR
                                                  NORMAL
..................................................................
TEMPERATURE (F)
 TODAY
  MAXIMUM         93    152 PM 100    1980  92      1       97
  MINIMUM         77    508 AM  65    1949  76      1       78
                                      1931
  AVERAGE         85                        84      1       88

PRECIPITATION (IN)
  TODAY            0.23          1.67 1960   0.20   0.03     0.00
  MONTH TO DATE    7.43                      3.69   3.74     8.95
  SINCE JUN 1     21.67                     15.45   6.22    16.39
  SINCE JAN 1     46.52                     33.73  12.79    51.25

DEGREE DAYS
 COOLING
  TODAY           20                        19      1       23
  MONTH TO DATE  498                       456     42      518
  SINCE JUN 1   1731                      1549    182     1714
  SINCE JAN 1   2502                      2203    299     2453
..................................................................


WIND (MPH)
  RESULTANT WIND SPEED   3   RESULTANT WIND DIRECTION   S (170)
  HIGHEST WIND SPEED    17   HIGHEST WIND DIRECTION    SW (210)
  HIGHEST GUST SPEED    21   HIGHEST GUST DIRECTION    SW (210)
  AVERAGE WIND SPEED     3.5



WEATHER CONDITIONS
 THE FOLLOWING WEATHER WAS RECORDED TODAY.
  THUNDERSTORM
  HEAVY RAIN
  LIGHT RAIN


RELATIVE HUMIDITY (PERCENT)
 HIGHEST    97           200 AM
 LOWEST     56          1200 PM
 AVERAGE    77

..........................................................


THE HOUSTON/HOBBY AIRPORT CLIMATE NORMALS FOR TOMORROW
                         NORMAL    RECORD    YEAR
 MAXIMUM TEMPERATURE (F)   92        98      2014
                                             1990
                                             1980
 MINIMUM TEMPERATURE (F)   76        67      1966
                                             1931


SUNRISE AND SUNSET
AUGUST 24 2016........SUNRISE   654 AM CDT   SUNSET   752 PM CDT
AUGUST 25 2016........SUNRISE   655 AM CDT   SUNSET   751 PM CDT


-  INDICATES NEGATIVE NUMBERS.
R  INDICATES RECORD WAS SET OR TIED.
MM INDICATES DATA IS MISSING.
T  INDICATES TRACE AMOUNT.


...MISCELLANEOUS CLIMATE DATA FOR TODAY...

LOCATION                        HIGH    LOW     PRECIP
PEARLAND                         95      78      0.00
SUGAR LAND                       94      74      0.00
TOMBALL                          95      74      0.00
CONROE                           93      73      0.02
HUNTSVILLE                       93      77      0.00
ANGLETON/LAKE JACKSON            94      78      0.00
PALACIOS                         91      78      0.00
LEAGUE CITY (NWS)                91      80      0.00


THIS PRODUCT...ALONG WITH OTHER WEATHER...HYDROLOGIC...AND CLIMATE
PRODUCTS...IS AVAILABLE ON THE WEB AT HTTP://WWW.SRH.NOAA.GOV/HGX
OR AT HTTP://WEATHER.GOV


$$
