000
CDUS44 KHGX 300751
CLIHOU

CLIMATE REPORT
NATIONAL WEATHER SERVICE HOUSTON/GALVESTON TX
239 AM CDT MON MAY 30 2016


...................................

...THE HOUSTON INTERCONTINENTAL CLIMATE SUMMARY FOR MAY 29 2016...

CLIMATE NORMAL PERIOD 1981 TO 2010
CLIMATE RECORD PERIOD 1892 TO 2016


WEATHER ITEM   OBSERVED TIME   RECORD YEAR NORMAL DEPARTURE LAST
                VALUE   (LST)  VALUE       VALUE  FROM      YEAR
                                                  NORMAL
..................................................................
TEMPERATURE (F)
 YESTERDAY
  MAXIMUM         88    227 PM  99    1996  89     -1       89
  MINIMUM         70   1142 PM  58    1984  71     -1       70
                                      1973
                                      1901
  AVERAGE         79                        80     -1       80

PRECIPITATION (IN)
  YESTERDAY        0.00          4.33 2006   0.17  -0.17     0.01
  MONTH TO DATE    7.20                      4.75   2.45    13.60
  SINCE MAR 1     24.84                     11.47  13.37    26.04
  SINCE JAN 1     28.95                     18.05  10.90    29.87

DEGREE DAYS
 COOLING
  YESTERDAY       14                        15     -1       15
  MONTH TO DATE  277                       341    -64      350
  SINCE MAR 1    519                       584    -65      654
  SINCE JAN 1    556                       622    -66      664
..................................................................


WIND (MPH)
  HIGHEST WIND SPEED    15   HIGHEST WIND DIRECTION    SE (140)
  HIGHEST GUST SPEED    21   HIGHEST GUST DIRECTION     E (100)




RELATIVE HUMIDITY (PERCENT)
 HIGHEST   100
 LOWEST     55
 AVERAGE    78

..........................................................


THE HOUSTON INTERCONTINENTAL CLIMATE NORMALS FOR TODAY
                         NORMAL    RECORD    YEAR
 MAXIMUM TEMPERATURE (F)   89        97      2003
                                             1998
 MINIMUM TEMPERATURE (F)   71        53      1984


SUNRISE AND SUNSET
MAY 30 2016...........SUNRISE   621 AM CDT   SUNSET   817 PM CDT
MAY 31 2016...........SUNRISE   621 AM CDT   SUNSET   818 PM CDT


-  INDICATES NEGATIVE NUMBERS.
R  INDICATES RECORD WAS SET OR TIED.
MM INDICATES DATA IS MISSING.
T  INDICATES TRACE AMOUNT.


&&

...................................

...THE HOUSTON/HOBBY AIRPORT CLIMATE SUMMARY FOR MAY 29 2016...

CLIMATE NORMAL PERIOD 1981 TO 2010
CLIMATE RECORD PERIOD 1930 TO 2016


WEATHER ITEM   OBSERVED TIME   RECORD YEAR NORMAL DEPARTURE LAST
                VALUE   (LST)  VALUE       VALUE  FROM      YEAR
                                                  NORMAL
..................................................................
TEMPERATURE (F)
 YESTERDAY
  MAXIMUM         89    352 PM  97    1998  88      1       87
  MINIMUM         73    529 AM  56    1934  72      1       71
  AVERAGE         81                        80      1       79

PRECIPITATION (IN)
  YESTERDAY        0.00          2.35 1978   0.18  -0.18     0.09
  MONTH TO DATE    7.59                      4.41   3.18    12.91
  SINCE MAR 1     20.68                     10.86   9.82    27.49
  SINCE JAN 1     24.85                     17.94   6.91    33.37

DEGREE DAYS
 COOLING
  YESTERDAY       16                        15      1       14
  MONTH TO DATE  352                       344      8      377
  SINCE MAR 1    703                       586    117      700
  SINCE JAN 1    741                       624    117      710
..................................................................


WIND (MPH)
  HIGHEST WIND SPEED    15   HIGHEST WIND DIRECTION     E (90)
  HIGHEST GUST SPEED    21   HIGHEST GUST DIRECTION     E (80)




RELATIVE HUMIDITY (PERCENT)
 HIGHEST    94
 LOWEST     52
 AVERAGE    73

..........................................................


THE HOUSTON/HOBBY AIRPORT CLIMATE NORMALS FOR TODAY
                         NORMAL    RECORD    YEAR
 MAXIMUM TEMPERATURE (F)   88        99      1998
 MINIMUM TEMPERATURE (F)   72        58      1984


SUNRISE AND SUNSET
MAY 30 2016...........SUNRISE   622 AM CDT   SUNSET   816 PM CDT
MAY 31 2016...........SUNRISE   621 AM CDT   SUNSET   817 PM CDT


-  INDICATES NEGATIVE NUMBERS.
R  INDICATES RECORD WAS SET OR TIED.
MM INDICATES DATA IS MISSING.
T  INDICATES TRACE AMOUNT.




$$
