000
CDUS44 KHGX 252305
CLIHOU

SATCLIHOU ALL
TTAA00 KHGX 252123

CLIMATE REPORT
NATIONAL WEATHER SERVICE HOUSTON/GALVESTON TX
422 PM CDT TUE APR 25 2017

...................................

...THE HOUSTON INTERCONTINENTAL CLIMATE SUMMARY FOR APRIL 25 2017...
VALID TODAY AS OF 400 PM LOCAL TIME.

CLIMATE NORMAL PERIOD 1981 TO 2010
CLIMATE RECORD PERIOD 1892 TO 2017


WEATHER ITEM   OBSERVED TIME   RECORD YEAR NORMAL DEPARTURE LAST
                VALUE   (LST)  VALUE       VALUE  FROM      YEAR
                                                  NORMAL
..................................................................
TEMPERATURE (F)
 TODAY
  MAXIMUM         85    208 PM  90    2006  82      3       85
                                      1945
                                      1932
  MINIMUM         65    507 AM  41    1910  62      3       67
  AVERAGE         75                        72      3       76

PRECIPITATION (IN)
  TODAY            0.00          2.50 1905   0.13  -0.13     0.00
  MONTH TO DATE    1.67                      2.67  -1.00    13.18
  SINCE MAR 1      7.30                      6.08   1.22    16.43
  SINCE JAN 1     15.81                     12.66   3.15    20.54

SNOWFALL (IN)
  TODAY            0.0          MM      MM   0.0    0.0      0.0
  MONTH TO DATE    0.0                       0.0    0.0      0.0
  SINCE MAR 1      0.0                       0.0    0.0      0.0
  SINCE JUL 1      0.0                       0.1   -0.1      0.0
  SNOW DEPTH       0

DEGREE DAYS
 HEATING
  TODAY            0                         0      0        0
  MONTH TO DATE    1                        35    -34       20
  SINCE MAR 1     53                       176   -123      100
  SINCE JUL 1    653                      1364   -711     1017

 COOLING
  TODAY           10                         7      3       11
  MONTH TO DATE  170                       133     37       86
  SINCE MAR 1    328                       204    124      185
  SINCE JAN 1    507                       242    265      222
..................................................................


WIND (MPH)
  RESULTANT WIND SPEED  10   RESULTANT WIND DIRECTION   S (180)
  HIGHEST WIND SPEED    22   HIGHEST WIND DIRECTION     S (180)
  HIGHEST GUST SPEED    29   HIGHEST GUST DIRECTION     S (170)
  AVERAGE WIND SPEED    10.0



WEATHER CONDITIONS
 THE FOLLOWING WEATHER WAS RECORDED TODAY.
  NO SIGNIFICANT WEATHER WAS OBSERVED.


RELATIVE HUMIDITY (PERCENT)
 HIGHEST    78           300 AM
 LOWEST     58           100 PM
 AVERAGE    68

..........................................................


THE HOUSTON INTERCONTINENTAL CLIMATE NORMALS FOR TOMORROW
                         NORMAL    RECORD    YEAR
 MAXIMUM TEMPERATURE (F)   82        91      1988
                                             1944
 MINIMUM TEMPERATURE (F)   62        46      1978
                                             1977


SUNRISE AND SUNSET
APRIL 25 2017.........SUNRISE   644 AM CDT   SUNSET   755 PM CDT
APRIL 26 2017.........SUNRISE   643 AM CDT   SUNSET   756 PM CDT


-  INDICATES NEGATIVE NUMBERS.
R  INDICATES RECORD WAS SET OR TIED.
MM INDICATES DATA IS MISSING.
T  INDICATES TRACE AMOUNT.



&&
...................................

...THE HOUSTON/HOBBY AIRPORT CLIMATE SUMMARY FOR APRIL 25 2017...
VALID TODAY AS OF 400 PM LOCAL TIME.

CLIMATE NORMAL PERIOD 1981 TO 2010
CLIMATE RECORD PERIOD 1930 TO 2017


WEATHER ITEM   OBSERVED TIME   RECORD YEAR NORMAL DEPARTURE LAST
                VALUE   (LST)  VALUE       VALUE  FROM      YEAR
                                                  NORMAL
..................................................................
TEMPERATURE (F)
 TODAY
  MAXIMUM         83   1242 PM  91    1932  81      2       86
  MINIMUM         63    604 AM  46    1937  63      0       69
  AVERAGE         73                        72      1       78

PRECIPITATION (IN)
  TODAY            0.00          3.90 1997   0.11  -0.11      T
  MONTH TO DATE    2.98                      2.62   0.36     8.12
  SINCE MAR 1     11.13                      5.82   5.31    12.26
  SINCE JAN 1     17.25                     12.90   4.35    16.43

SNOWFALL (IN)
  TODAY            0.0          MM      MM   0.0    0.0      0.0
  MONTH TO DATE    0.0                       0.0    0.0      0.0
  SINCE MAR 1      0.0                       0.0    0.0      0.0
  SINCE JUL 1      0.0                       T      0.0      0.0
  SNOW DEPTH       0

DEGREE DAYS
 HEATING
  TODAY            0                         0      0        0
  MONTH TO DATE    1                        27    -26        8
  SINCE MAR 1     43                       148   -105       52
  SINCE JUL 1    541                      1218   -677      790

 COOLING
  TODAY            8                         7      1       13
  MONTH TO DATE  172                       134     38      147
  SINCE MAR 1    344                       203    141      288
  SINCE JAN 1    531                       241    290      326
..................................................................


WIND (MPH)
  RESULTANT WIND SPEED  11   RESULTANT WIND DIRECTION   S (180)
  HIGHEST WIND SPEED    21   HIGHEST WIND DIRECTION     S (180)
  HIGHEST GUST SPEED    28   HIGHEST GUST DIRECTION     S (170)
  AVERAGE WIND SPEED    11.4



WEATHER CONDITIONS
 THE FOLLOWING WEATHER WAS RECORDED TODAY.
  NO SIGNIFICANT WEATHER WAS OBSERVED.


RELATIVE HUMIDITY (PERCENT)
 HIGHEST    93           600 AM
 LOWEST     67          1000 AM
 AVERAGE    80

..........................................................


THE HOUSTON/HOBBY AIRPORT CLIMATE NORMALS FOR TOMORROW
                         NORMAL    RECORD    YEAR
 MAXIMUM TEMPERATURE (F)   81        91      1944
 MINIMUM TEMPERATURE (F)   64        46      1937


SUNRISE AND SUNSET
APRIL 25 2017.........SUNRISE   644 AM CDT   SUNSET   754 PM CDT
APRIL 26 2017.........SUNRISE   643 AM CDT   SUNSET   755 PM CDT


-  INDICATES NEGATIVE NUMBERS.
R  INDICATES RECORD WAS SET OR TIED.
MM INDICATES DATA IS MISSING.
T  INDICATES TRACE AMOUNT.


...MISCELLANEOUS CLIMATE DATA FOR TODAY...

LOCATION                        HIGH    LOW     PRECIP
PEARLAND                         83      64      0.00
SUGAR LAND                       86      63      0.00
TOMBALL                          85      64      0.00
CONROE                           86      55      0.00
HUNTSVILLE                       86      62      0.00
ANGLETON/LAKE JACKSON            84      60      0.00
PALACIOS                         82      71      0.00
LEAGUE CITY (NWS)                81      63      0.00


THIS PRODUCT...ALONG WITH OTHER WEATHER...HYDROLOGIC...AND CLIMATE
PRODUCTS...IS AVAILABLE ON THE WEB AT HTTP://WWW.WEATHER.GOV/HGX

$$
