000
CDUS44 KHGX 200717
CLIHOU


CLIMATE REPORT
NATIONAL WEATHER SERVICE HOUSTON/GALVESTON TX
217 AM CDT MON OCT 20 2014


...................................

...THE HOUSTON INTERCONTINENTAL CLIMATE SUMMARY FOR OCTOBER 19 2014...

CLIMATE NORMAL PERIOD 1981 TO 2010
CLIMATE RECORD PERIOD 1892 TO 2014


WEATHER ITEM   OBSERVED TIME   RECORD YEAR NORMAL DEPARTURE LAST
                VALUE   (LST)  VALUE       VALUE  FROM      YEAR
                                                  NORMAL
..................................................................
TEMPERATURE (F)
 YESTERDAY
  MAXIMUM         81    257 PM  94    2004  81      0       71
  MINIMUM         62    609 AM  36    1989  60      2       50
  AVERAGE         72                        71      1       61

PRECIPITATION (IN)
  YESTERDAY        0.00          1.23 1998   0.21  -0.21     0.06
  MONTH TO DATE    2.95                      3.43  -0.48     2.79
  SINCE SEP 1      6.83                      7.55  -0.72     7.88
  SINCE JAN 1     34.72                     39.42  -4.70    29.08

SNOWFALL (IN)
  YESTERDAY        0.0           0.0  2002
                                      2001
  MONTH TO DATE    0.0
  SINCE SEP 1      0.0
  SINCE JUL 1      0.0

DEGREE DAYS
 HEATING
  YESTERDAY        0                         1     -1        4
  MONTH TO DATE    0                         8     -8        4
  SINCE SEP 1      0                         9     -9        4
  SINCE JUL 1      0                         9     -9        4

 COOLING
  YESTERDAY        7                         7      0        0
  MONTH TO DATE  187                       162     25      166
  SINCE SEP 1    661                       605     56      694
  SINCE JAN 1   2937                      2987    -50     3087
..................................................................


WIND (MPH)
  HIGHEST WIND SPEED     9   HIGHEST WIND DIRECTION     E (80)
  HIGHEST GUST SPEED    14   HIGHEST GUST DIRECTION     E (80)




RELATIVE HUMIDITY (PERCENT)
 HIGHEST    93
 LOWEST     54
 AVERAGE    74

..........................................................


THE HOUSTON INTERCONTINENTAL CLIMATE NORMALS FOR TODAY
                         NORMAL    RECORD    YEAR
 MAXIMUM TEMPERATURE (F)   81        93      2004
 MINIMUM TEMPERATURE (F)   60        32      1989


SUNRISE AND SUNSET
OCTOBER 20 2014.......SUNRISE   727 AM CDT   SUNSET   645 PM CDT
OCTOBER 21 2014.......SUNRISE   727 AM CDT   SUNSET   644 PM CDT


-  INDICATES NEGATIVE NUMBERS.
R  INDICATES RECORD WAS SET OR TIED.
MM INDICATES DATA IS MISSING.
T  INDICATES TRACE AMOUNT.




...................................

...THE HOUSTON/HOBBY AIRPORT CLIMATE SUMMARY FOR OCTOBER 19 2014...

CLIMATE NORMAL PERIOD 1981 TO 2010
CLIMATE RECORD PERIOD 1930 TO 2014


WEATHER ITEM   OBSERVED TIME   RECORD YEAR NORMAL DEPARTURE LAST
                VALUE   (LST)  VALUE       VALUE  FROM      YEAR
                                                  NORMAL
..................................................................
TEMPERATURE (F)
 YESTERDAY
  MAXIMUM         80    329 PM  90    2004  81     -1       72
  MINIMUM         66    726 AM  40    1989  62      4       55
  AVERAGE         73                        71      2       64

PRECIPITATION (IN)
  YESTERDAY        0.00          1.28 1985   0.23  -0.23     0.20
  MONTH TO DATE    2.56                      3.56  -1.00     4.68
  SINCE SEP 1      7.55                      8.77  -1.22    10.63
  SINCE JAN 1     32.08                     43.87 -11.79    33.50

SNOWFALL (IN)
  YESTERDAY        0.0          MM      MM
  MONTH TO DATE    0.0
  SINCE SEP 1      0.0
  SINCE JUL 1      0.0

DEGREE DAYS
 HEATING
  YESTERDAY        0                         1     -1        1
  MONTH TO DATE    0                         4     -4        1
  SINCE SEP 1      0                         4     -4        1
  SINCE JUL 1      0                         4     -4        1

 COOLING
  YESTERDAY        8                         7      1        0
  MONTH TO DATE  211                       173     38      186
  SINCE SEP 1    697                       625     72      732
  SINCE JAN 1   3001                      2966     35     3158
..................................................................


WIND (MPH)
  HIGHEST WIND SPEED    13   HIGHEST WIND DIRECTION     E (70)
  HIGHEST GUST SPEED    15   HIGHEST GUST DIRECTION     E (110)




RELATIVE HUMIDITY (PERCENT)
 HIGHEST    93
 LOWEST     60
 AVERAGE    77

..........................................................


THE HOUSTON/HOBBY AIRPORT CLIMATE NORMALS FOR TODAY
                         NORMAL    RECORD    YEAR
 MAXIMUM TEMPERATURE (F)   80        92      2004
 MINIMUM TEMPERATURE (F)   62        37      1989


SUNRISE AND SUNSET
OCTOBER 20 2014.......SUNRISE   726 AM CDT   SUNSET   645 PM CDT
OCTOBER 21 2014.......SUNRISE   727 AM CDT   SUNSET   644 PM CDT


-  INDICATES NEGATIVE NUMBERS.
R  INDICATES RECORD WAS SET OR TIED.
MM INDICATES DATA IS MISSING.
T  INDICATES TRACE AMOUNT.




$$
