000
CDUS46 KSEW 160830
CLIHQM


CLIMATE REPORT
NATIONAL WEATHER SERVICE SEATTLE WA
130 AM PDT WED APR 16 2014


...................................

...THE HOQUIAM WA AIRPORT CLIMATE SUMMARY FOR APRIL 15 2014...

CLIMATE NORMAL PERIOD 1981 TO 2010
CLIMATE RECORD PERIOD 1953 TO 2014


WEATHER ITEM   OBSERVED TIME   RECORD YEAR NORMAL DEPARTURE LAST
                VALUE   (LST)  VALUE       VALUE  FROM      YEAR
                                                  NORMAL
..................................................................
TEMPERATURE (F)
 YESTERDAY
  MAXIMUM         54   1248 PM  75    1999  55     -1       54
  MINIMUM         45    551 AM  32    2013  42      3       32
  AVERAGE         50                        49      1       43

PRECIPITATION (IN)
  YESTERDAY        0.39          1.26 2005   0.17   0.22      T
  MONTH TO DATE    1.21                      2.80  -1.59     4.98
  SINCE OCT 1     41.91                     54.99 -13.08    37.51
  SINCE JAN 1     29.80                     27.33   2.47    23.90

DEGREE DAYS
 HEATING
  YESTERDAY       15                        16     -1       22
  MONTH TO DATE  235                       257    -22      257
  SINCE MAR 1    772                       846    -74      842

 COOLING
  YESTERDAY        0                         0      0        0
  MONTH TO DATE    0                         0      0        0
  SINCE MAR 1      0                         0      0        0
  SINCE JAN 1      0                         0      0        0
..................................................................


WIND (MPH)
  RESULTANT WIND SPEED  12   RESULTANT WIND DIRECTION  SW (210)
  HIGHEST WIND SPEED    20   HIGHEST WIND DIRECTION     S (180)
  HIGHEST GUST SPEED    22   HIGHEST GUST DIRECTION     S (180)
  AVERAGE WIND SPEED    10.4


SKY COVER
  AVERAGE SKY COVER 0.8


WEATHER CONDITIONS
 THE FOLLOWING WEATHER WAS RECORDED YESTERDAY.
  LIGHT RAIN
  FOG


RELATIVE HUMIDITY (PERCENT)
 HIGHEST   100          1100 PM
 LOWEST     71          1200 PM
 AVERAGE    86

..........................................................


THE HOQUIAM WA AIRPORT CLIMATE NORMALS FOR TODAY
                         NORMAL    RECORD    YEAR
 MAXIMUM TEMPERATURE (F)   56        82      1999
 MINIMUM TEMPERATURE (F)   42        31      1960


SUNRISE AND SUNSET
APRIL 16 2014.........SUNRISE   626 AM PDT   SUNSET   806 PM PDT
APRIL 17 2014.........SUNRISE   624 AM PDT   SUNSET   807 PM PDT


-  INDICATES NEGATIVE NUMBERS.
R  INDICATES RECORD WAS SET OR TIED.
MM INDICATES DATA IS MISSING.
T  INDICATES TRACE AMOUNT.




$$
