000
CDUS46 KSEW 200828
CLIHQM


CLIMATE REPORT
NATIONAL WEATHER SERVICE SEATTLE WA
1228 AM PST SAT DEC 20 2014


...................................

...THE HOQUIAM WA AIRPORT CLIMATE SUMMARY FOR DECEMBER 19 2014...

CLIMATE NORMAL PERIOD 1981 TO 2010
CLIMATE RECORD PERIOD 1953 TO 2014


WEATHER ITEM   OBSERVED TIME   RECORD YEAR NORMAL DEPARTURE LAST
                VALUE   (LST)  VALUE       VALUE  FROM      YEAR
                                                  NORMAL
..................................................................
TEMPERATURE (F)
 YESTERDAY
  MAXIMUM         51   1248 PM  55    1981  46      5       39
  MINIMUM         43    845 AM  21    1990  37      6       30
  AVERAGE         47                        41      6       35

PRECIPITATION (IN)
  YESTERDAY        0.52          2.68 1994   0.31   0.21     0.00
  MONTH TO DATE    7.25                      6.10   1.15     2.20
  SINCE OCT 1     27.32                     23.80   3.52    10.06
  SINCE JAN 1     74.41                     63.69  10.72    51.93

DEGREE DAYS
 HEATING
  YESTERDAY       18                        24     -6       30
  MONTH TO DATE  343                       443   -100      547
  SINCE DEC 1    343                       443   -100      547

 COOLING
  YESTERDAY        0                         0      0        0
  MONTH TO DATE    0                         0      0        0
  SINCE DEC 1      0                         0      0        0
  SINCE JAN 1     48                        23     25       20
..................................................................


WIND (MPH)
  RESULTANT WIND SPEED   9   RESULTANT WIND DIRECTION   E (110)
  HIGHEST WIND SPEED    21   HIGHEST WIND DIRECTION    SE (150)
  HIGHEST GUST SPEED    25   HIGHEST GUST DIRECTION    SE (140)
  AVERAGE WIND SPEED    10.3


SKY COVER
  AVERAGE SKY COVER 0.6


WEATHER CONDITIONS
 THE FOLLOWING WEATHER WAS RECORDED YESTERDAY.
  HEAVY RAIN
  RAIN
  LIGHT RAIN
  FOG


RELATIVE HUMIDITY (PERCENT)
 HIGHEST    93           100 AM
 LOWEST     80           200 PM
 AVERAGE    87

..........................................................


THE HOQUIAM WA AIRPORT CLIMATE NORMALS FOR TODAY
                         NORMAL    RECORD    YEAR
 MAXIMUM TEMPERATURE (F)   46        56      1974
 MINIMUM TEMPERATURE (F)   37        16      1990


SUNRISE AND SUNSET
DECEMBER 20 2014......SUNRISE   758 AM PST   SUNSET   429 PM PST
DECEMBER 21 2014......SUNRISE   759 AM PST   SUNSET   429 PM PST


-  INDICATES NEGATIVE NUMBERS.
R  INDICATES RECORD WAS SET OR TIED.
MM INDICATES DATA IS MISSING.
T  INDICATES TRACE AMOUNT.




$$
