000
CDUS46 KSEW 150833
CLIHQM


CLIMATE REPORT
NATIONAL WEATHER SERVICE SEATTLE WA
1232 AM PST FRI DEC 15 2017


...................................

...THE HOQUIAM WA AIRPORT CLIMATE SUMMARY FOR DECEMBER 14 2017...

CLIMATE NORMAL PERIOD 1981 TO 2010
CLIMATE RECORD PERIOD 1953 TO 2017


WEATHER ITEM   OBSERVED TIME   RECORD YEAR NORMAL DEPARTURE LAST
                VALUE   (LST)  VALUE       VALUE  FROM      YEAR
                                                  NORMAL
..................................................................
TEMPERATURE (F)
 YESTERDAY
  MAXIMUM         51    300 PM  57    2006  46      5       39
                                      2002
  MINIMUM         35   1037 PM  24    1967  37     -2       32
  AVERAGE         43                        41      2       36

PRECIPITATION (IN)
  YESTERDAY        0.00          3.07 1959   0.30  -0.30     0.00
  MONTH TO DATE    1.58                      4.56  -2.98     4.43
  SINCE OCT 1     25.35                     22.26   3.09    36.20
  SINCE JAN 1     70.85                     62.15   8.70    81.11

DEGREE DAYS
 HEATING
  YESTERDAY       22                        24     -2       29
  MONTH TO DATE  322                       323     -1      349
  SINCE DEC 1    322                       323     -1      349

 COOLING
  YESTERDAY        0                         0      0        0
  MONTH TO DATE    0                         0      0        0
  SINCE DEC 1      0                         0      0        0
  SINCE JAN 1     77                        23     54       50
..................................................................


WIND (MPH)
  RESULTANT WIND SPEED   8   RESULTANT WIND DIRECTION   E (70)
  HIGHEST WIND SPEED    15   HIGHEST WIND DIRECTION     E (80)
  HIGHEST GUST SPEED    19   HIGHEST GUST DIRECTION     E (70)
  AVERAGE WIND SPEED     7.8


SKY COVER
  AVERAGE SKY COVER 0.0


WEATHER CONDITIONS
 THE FOLLOWING WEATHER WAS RECORDED YESTERDAY.
  FOG


RELATIVE HUMIDITY (PERCENT)
 HIGHEST   100           600 AM
 LOWEST     59           300 PM
 AVERAGE    80

..........................................................


THE HOQUIAM WA AIRPORT CLIMATE NORMALS FOR TODAY
                         NORMAL    RECORD    YEAR
 MAXIMUM TEMPERATURE (F)   46        57      1976
 MINIMUM TEMPERATURE (F)   37        25      2008
                                             1967


SUNRISE AND SUNSET
DECEMBER 15 2017......SUNRISE   755 AM PST   SUNSET   427 PM PST
DECEMBER 16 2017......SUNRISE   756 AM PST   SUNSET   427 PM PST


-  INDICATES NEGATIVE NUMBERS.
R  INDICATES RECORD WAS SET OR TIED.
MM INDICATES DATA IS MISSING.
T  INDICATES TRACE AMOUNT.




$$
