000
CDUS46 KSEW 280833
CLIHQM


CLIMATE REPORT
NATIONAL WEATHER SERVICE SEATTLE WA
133 AM PDT FRI AUG 28 2015


...................................

...THE HOQUIAM WA AIRPORT CLIMATE SUMMARY FOR AUGUST 27 2015...

CLIMATE NORMAL PERIOD 1981 TO 2010
CLIMATE RECORD PERIOD 1953 TO 2015


WEATHER ITEM   OBSERVED TIME   RECORD YEAR NORMAL DEPARTURE LAST
                VALUE   (LST)  VALUE       VALUE  FROM      YEAR
                                                  NORMAL
..................................................................
TEMPERATURE (F)
 YESTERDAY
  MAXIMUM         70    132 PM  81    1999  68      2       67
                                      1994
                                      1990
  MINIMUM         58    745 AM  43    1955  53      5       54
  AVERAGE         64                        61      3       61

PRECIPITATION (IN)
  YESTERDAY        0.04          1.16 1975   0.06  -0.02     0.00
  MONTH TO DATE    0.09                      1.06  -0.97     0.73
  SINCE OCT 1     58.38                     65.02  -6.64    54.50
  SINCE JAN 1     26.96                     37.36 -10.40    42.39

DEGREE DAYS
 HEATING
  YESTERDAY        1                         4     -3        4
  MONTH TO DATE   48                       108    -60       69
  SINCE JUN 1    251                       518   -267      388

 COOLING
  YESTERDAY        0                         0      0        0
  MONTH TO DATE   12                         0     12        7
  SINCE JUN 1     31                         8     23       15
  SINCE JAN 1     31                         9     22       30
..................................................................


WIND (MPH)
  RESULTANT WIND SPEED   6   RESULTANT WIND DIRECTION  SW (210)
  HIGHEST WIND SPEED    17   HIGHEST WIND DIRECTION    SW (230)
  HIGHEST GUST SPEED    19   HIGHEST GUST DIRECTION    SW (230)
  AVERAGE WIND SPEED     7.0


SKY COVER
  AVERAGE SKY COVER 0.5


WEATHER CONDITIONS
 THE FOLLOWING WEATHER WAS RECORDED YESTERDAY.
  LIGHT RAIN
  FOG


RELATIVE HUMIDITY (PERCENT)
 HIGHEST   100           200 AM
 LOWEST     61           200 PM
 AVERAGE    81

..........................................................


THE HOQUIAM WA AIRPORT CLIMATE NORMALS FOR TODAY
                         NORMAL    RECORD    YEAR
 MAXIMUM TEMPERATURE (F)   68        91      1967
 MINIMUM TEMPERATURE (F)   53        45      2010
                                             1969
                                             1957


SUNRISE AND SUNSET
AUGUST 28 2015........SUNRISE   630 AM PDT   SUNSET   803 PM PDT
AUGUST 29 2015........SUNRISE   631 AM PDT   SUNSET   801 PM PDT


-  INDICATES NEGATIVE NUMBERS.
R  INDICATES RECORD WAS SET OR TIED.
MM INDICATES DATA IS MISSING.
T  INDICATES TRACE AMOUNT.




$$
