000
CDUS46 KSEW 230830
CLIHQM


CLIMATE REPORT
NATIONAL WEATHER SERVICE SEATTLE WA
1230 AM PST THU FEB 23 2017


...................................

...THE HOQUIAM WA AIRPORT CLIMATE SUMMARY FOR FEBRUARY 22 2017...

CLIMATE NORMAL PERIOD 1981 TO 2010
CLIMATE RECORD PERIOD 1953 TO 2017


WEATHER ITEM   OBSERVED TIME   RECORD YEAR NORMAL DEPARTURE LAST
                VALUE   (LST)  VALUE       VALUE  FROM      YEAR
                                                  NORMAL
..................................................................
TEMPERATURE (F)
 YESTERDAY
  MAXIMUM         45    357 PM  62    1973  50     -5       50
  MINIMUM         30   1158 PM   9    1974  38     -8       38
  AVERAGE         38                        44     -6       44

PRECIPITATION (IN)
  YESTERDAY        0.02          1.84 1999   0.24  -0.22     0.33
  MONTH TO DATE    6.66                      5.75   0.91     6.90
  SINCE OCT 1     53.29                     43.74   9.55    54.62
  SINCE JAN 1     11.75                     16.08  -4.33    21.20

DEGREE DAYS
 HEATING
  YESTERDAY       27                        21      6       21
  MONTH TO DATE  487                       472     15      373
  SINCE DEC 1   2093                      1893    200     1682

 COOLING
  YESTERDAY        0                         0      0        0
  MONTH TO DATE    0                         0      0        0
  SINCE DEC 1      0                         0      0        0
  SINCE JAN 1      0                         0      0        0
..................................................................


WIND (MPH)
  RESULTANT WIND SPEED   4   RESULTANT WIND DIRECTION   W (270)
  HIGHEST WIND SPEED    15   HIGHEST WIND DIRECTION     W (270)
  HIGHEST GUST SPEED    21   HIGHEST GUST DIRECTION     W (270)
  AVERAGE WIND SPEED     4.8


SKY COVER
  AVERAGE SKY COVER 0.4


WEATHER CONDITIONS
 THE FOLLOWING WEATHER WAS RECORDED YESTERDAY.
  LIGHT RAIN
  FOG
  FOG W/VISIBILITY <= 1/4 MILE


RELATIVE HUMIDITY (PERCENT)
 HIGHEST   100           300 AM
 LOWEST     65           500 PM
 AVERAGE    83

..........................................................


THE HOQUIAM WA AIRPORT CLIMATE NORMALS FOR TODAY
                         NORMAL    RECORD    YEAR
 MAXIMUM TEMPERATURE (F)   50        64      2005
                                             1995
 MINIMUM TEMPERATURE (F)   38        29      1960


SUNRISE AND SUNSET
FEBRUARY 23 2017......SUNRISE   706 AM PST   SUNSET   553 PM PST
FEBRUARY 24 2017......SUNRISE   704 AM PST   SUNSET   554 PM PST


-  INDICATES NEGATIVE NUMBERS.
R  INDICATES RECORD WAS SET OR TIED.
MM INDICATES DATA IS MISSING.
T  INDICATES TRACE AMOUNT.




$$
