568
CDUS46 KSEW 020831
CLIHQM


CLIMATE REPORT
NATIONAL WEATHER SERVICE SEATTLE WA
130 AM PDT MON MAY 2 2016


...................................

...THE HOQUIAM WA AIRPORT CLIMATE SUMMARY FOR MAY 1 2016...

CLIMATE NORMAL PERIOD 1981 TO 2010
CLIMATE RECORD PERIOD 1953 TO 2016


WEATHER ITEM   OBSERVED TIME   RECORD YEAR NORMAL DEPARTURE LAST
                VALUE   (LST)  VALUE       VALUE  FROM      YEAR
                                                  NORMAL
..................................................................
TEMPERATURE (F)
 YESTERDAY
  MAXIMUM         80R   539 PM  80    2014  58     22       60
  MINIMUM         42    448 AM  29    1954  44     -2       45
  AVERAGE         61                        51     10       53

PRECIPITATION (IN)
  YESTERDAY        0.00          0.93 1984   0.13  -0.13     0.00
  MONTH TO DATE    0.00                      0.13  -0.13     0.00
  SINCE OCT 1     71.87                     57.42  14.45    57.25
  SINCE JAN 1     38.45                     29.76   8.69    25.83

DEGREE DAYS
 HEATING
  YESTERDAY        4                        14    -10       12
  MONTH TO DATE    4                        14    -10       12
  SINCE MAR 1    861                      1092   -231      947

 COOLING
  YESTERDAY        0                         0      0        0
  MONTH TO DATE    0                         0      0        0
  SINCE MAR 1      4                         0      4        0
  SINCE JAN 1      4                         0      4        0
..................................................................


WIND (MPH)
  RESULTANT WIND SPEED   7   RESULTANT WIND DIRECTION   E (70)
  HIGHEST WIND SPEED    16   HIGHEST WIND DIRECTION     E (90)
  HIGHEST GUST SPEED    20   HIGHEST GUST DIRECTION    NE (50)
  AVERAGE WIND SPEED     8.0


SKY COVER
  AVERAGE SKY COVER 0.0


WEATHER CONDITIONS
 THE FOLLOWING WEATHER WAS RECORDED YESTERDAY.
  FOG


RELATIVE HUMIDITY (PERCENT)
 HIGHEST   100          1200 AM
 LOWEST     25           400 PM
 AVERAGE    63

..........................................................


THE HOQUIAM WA AIRPORT CLIMATE NORMALS FOR TODAY
                         NORMAL    RECORD    YEAR
 MAXIMUM TEMPERATURE (F)   58        68      1971
 MINIMUM TEMPERATURE (F)   44        36      2006
                                             1965


SUNRISE AND SUNSET
MAY  2 2016...........SUNRISE   558 AM PDT   SUNSET   828 PM PDT
MAY  3 2016...........SUNRISE   556 AM PDT   SUNSET   830 PM PDT


-  INDICATES NEGATIVE NUMBERS.
R  INDICATES RECORD WAS SET OR TIED.
MM INDICATES DATA IS MISSING.
T  INDICATES TRACE AMOUNT.




$$
