000
CDUS46 KSEW 220837
CLIHQM


CLIMATE REPORT
NATIONAL WEATHER SERVICE SEATTLE WA
137 AM PDT SUN OCT 22 2017


...................................

...THE HOQUIAM WA AIRPORT CLIMATE SUMMARY FOR OCTOBER 21 2017...

CLIMATE NORMAL PERIOD 1981 TO 2010
CLIMATE RECORD PERIOD 1953 TO 2017


WEATHER ITEM   OBSERVED TIME   RECORD YEAR NORMAL DEPARTURE LAST
                VALUE   (LST)  VALUE       VALUE  FROM      YEAR
                                                  NORMAL
..................................................................
TEMPERATURE (F)
 YESTERDAY
  MAXIMUM         59    551 PM  75    1998  58      1       57
                                      1987
  MINIMUM         47    833 AM  34    1961  45      2       49
  AVERAGE         53                        51      2       53

PRECIPITATION (IN)
  YESTERDAY        2.63R         2.23 1966   0.24   2.39     0.26
  MONTH TO DATE    6.98                      3.73   3.25    13.16
  SINCE OCT 1      6.98                      3.73   3.25    13.16
  SINCE JAN 1     52.48                     43.62   8.86    58.07

DEGREE DAYS
 HEATING
  YESTERDAY       12                        14     -2       12
  MONTH TO DATE  274                       243     31      233
  SINCE SEP 1    416                       439    -23      435

 COOLING
  YESTERDAY        0                         0      0        0
  MONTH TO DATE    0                         0      0        0
  SINCE SEP 1     32                         7     25        1
  SINCE JAN 1     77                        23     54       50
..................................................................


WIND (MPH)
  RESULTANT WIND SPEED   6   RESULTANT WIND DIRECTION  SE (150)
  HIGHEST WIND SPEED    39   HIGHEST WIND DIRECTION     S (190)
  HIGHEST GUST SPEED    52   HIGHEST GUST DIRECTION     S (190)
  AVERAGE WIND SPEED    17.3


SKY COVER
  AVERAGE SKY COVER 1.0


WEATHER CONDITIONS
 THE FOLLOWING WEATHER WAS RECORDED YESTERDAY.
  HEAVY RAIN
  RAIN
  LIGHT RAIN
  FOG


RELATIVE HUMIDITY (PERCENT)
 HIGHEST   100           200 AM
 LOWEST     93           100 AM
 AVERAGE    97

..........................................................


THE HOQUIAM WA AIRPORT CLIMATE NORMALS FOR TODAY
                         NORMAL    RECORD    YEAR
 MAXIMUM TEMPERATURE (F)   57        70      1964
 MINIMUM TEMPERATURE (F)   45        35      1953


SUNRISE AND SUNSET
OCTOBER 22 2017.......SUNRISE   744 AM PDT   SUNSET   615 PM PDT
OCTOBER 23 2017.......SUNRISE   746 AM PDT   SUNSET   614 PM PDT


-  INDICATES NEGATIVE NUMBERS.
R  INDICATES RECORD WAS SET OR TIED.
MM INDICATES DATA IS MISSING.
T  INDICATES TRACE AMOUNT.




$$
