000
CDUS46 KSEW 270831
CLIHQM


CLIMATE REPORT
NATIONAL WEATHER SERVICE SEATTLE WA
129 AM PDT WED MAY 27 2015


...................................

...THE HOQUIAM WA AIRPORT CLIMATE SUMMARY FOR MAY 26 2015...

CLIMATE NORMAL PERIOD 1981 TO 2010
CLIMATE RECORD PERIOD 1953 TO 2015


WEATHER ITEM   OBSERVED TIME   RECORD YEAR NORMAL DEPARTURE LAST
                VALUE   (LST)  VALUE       VALUE  FROM      YEAR
                                                  NORMAL
..................................................................
TEMPERATURE (F)
 YESTERDAY
  MAXIMUM         62    317 PM  89    2005  61      1       61
  MINIMUM         52   1159 PM  38    1973  48      4       46
  AVERAGE         57                        54      3       54

PRECIPITATION (IN)
  YESTERDAY        0.00          0.79 2011   0.09  -0.09     0.09
  MONTH TO DATE    0.28                      2.80  -2.52     4.73
  SINCE OCT 1     57.53                     60.09  -2.56    51.78
  SINCE JAN 1     26.11                     32.43  -6.32    39.67

DEGREE DAYS
 HEATING
  YESTERDAY        8                        11     -3       11
  MONTH TO DATE  283                       320    -37      218
  SINCE MAR 1   1218                      1398   -180     1200

 COOLING
  YESTERDAY        0                         0      0        0
  MONTH TO DATE    0                         0      0       11
  SINCE MAR 1      0                         0      0       15
  SINCE JAN 1      0                         0      0       15
..................................................................


WIND (MPH)
  RESULTANT WIND SPEED   5   RESULTANT WIND DIRECTION  SW (240)
  HIGHEST WIND SPEED    15   HIGHEST WIND DIRECTION    SW (230)
  HIGHEST GUST SPEED    20   HIGHEST GUST DIRECTION    SW (220)
  AVERAGE WIND SPEED     5.8


SKY COVER
  AVERAGE SKY COVER 0.7


WEATHER CONDITIONS
 THE FOLLOWING WEATHER WAS RECORDED YESTERDAY.
  FOG


RELATIVE HUMIDITY (PERCENT)
 HIGHEST   100           200 AM
 LOWEST     67           300 PM
 AVERAGE    84

..........................................................


THE HOQUIAM WA AIRPORT CLIMATE NORMALS FOR TODAY
                         NORMAL    RECORD    YEAR
 MAXIMUM TEMPERATURE (F)   61        86      1972
 MINIMUM TEMPERATURE (F)   48        38      1966
                                             1955


SUNRISE AND SUNSET
MAY 27 2015...........SUNRISE   528 AM PDT   SUNSET   858 PM PDT
MAY 28 2015...........SUNRISE   528 AM PDT   SUNSET   859 PM PDT


-  INDICATES NEGATIVE NUMBERS.
R  INDICATES RECORD WAS SET OR TIED.
MM INDICATES DATA IS MISSING.
T  INDICATES TRACE AMOUNT.




$$
