000
CDUS46 KSEW 250830
CLIHQM


CLIMATE REPORT
NATIONAL WEATHER SERVICE SEATTLE WA
129 AM PDT SUN JUN 25 2017


...................................

...THE HOQUIAM WA AIRPORT CLIMATE SUMMARY FOR JUNE 24 2017...

CLIMATE NORMAL PERIOD 1981 TO 2010
CLIMATE RECORD PERIOD 1953 TO 2017


WEATHER ITEM   OBSERVED TIME   RECORD YEAR NORMAL DEPARTURE LAST
                VALUE   (LST)  VALUE       VALUE  FROM      YEAR
                                                  NORMAL
..................................................................
TEMPERATURE (F)
 YESTERDAY
  MAXIMUM         91R   551 PM  85    1989  64     27       63
  MINIMUM         53    456 AM  42    1954  51      2       54
  AVERAGE         72                        58     14       59

PRECIPITATION (IN)
  YESTERDAY        0.00          0.84 1971   0.06  -0.06     0.01
  MONTH TO DATE    1.99                      1.92   0.07     1.14
  SINCE OCT 1     84.05                     62.50  21.55    74.12
  SINCE JAN 1     42.51                     34.84   7.67    40.70

DEGREE DAYS
 HEATING
  YESTERDAY        0                         7     -7        6
  MONTH TO DATE  178                       203    -25      181
  SINCE JUN 1    178                       203    -25      181

 COOLING
  YESTERDAY        7                         0      7        0
  MONTH TO DATE    8                         0      8       13
  SINCE JUN 1      8                         0      8       13
  SINCE JAN 1      8                         1      7       18
..................................................................


WIND (MPH)
  RESULTANT WIND SPEED   3   RESULTANT WIND DIRECTION   E (80)
  HIGHEST WIND SPEED    13   HIGHEST WIND DIRECTION     E (80)
  HIGHEST GUST SPEED    16   HIGHEST GUST DIRECTION    NE (50)
  AVERAGE WIND SPEED     5.5


SKY COVER
  AVERAGE SKY COVER 0.0


WEATHER CONDITIONS
 THE FOLLOWING WEATHER WAS RECORDED YESTERDAY.
  NO SIGNIFICANT WEATHER WAS OBSERVED.


RELATIVE HUMIDITY (PERCENT)
 HIGHEST    89           500 AM
 LOWEST     29           400 PM
 AVERAGE    59

..........................................................


THE HOQUIAM WA AIRPORT CLIMATE NORMALS FOR TODAY
                         NORMAL    RECORD    YEAR
 MAXIMUM TEMPERATURE (F)   64        82      2006
                                             2000
                                             1987
 MINIMUM TEMPERATURE (F)   52        41      1971
                                             1964


SUNRISE AND SUNSET
JUNE 25 2017..........SUNRISE   522 AM PDT   SUNSET   915 PM PDT
JUNE 26 2017..........SUNRISE   522 AM PDT   SUNSET   915 PM PDT


-  INDICATES NEGATIVE NUMBERS.
R  INDICATES RECORD WAS SET OR TIED.
MM INDICATES DATA IS MISSING.
T  INDICATES TRACE AMOUNT.




$$
