000
CDUS46 KSEW 250127
CLIHQM


CLIMATE REPORT
NATIONAL WEATHER SERVICE SEATTLE WA
627 PM PDT FRI MAR 24 2017


...................................

...THE HOQUIAM WA AIRPORT CLIMATE SUMMARY FOR MARCH 24 2017...
VALID TODAY AS OF 0600 PM LOCAL TIME.

CLIMATE NORMAL PERIOD 1981 TO 2010
CLIMATE RECORD PERIOD 1953 TO 2017


WEATHER ITEM   OBSERVED TIME   RECORD YEAR NORMAL DEPARTURE LAST
                VALUE   (LST)  VALUE       VALUE  FROM      YEAR
                                                  NORMAL
..................................................................
TEMPERATURE (F)
 TODAY
  MAXIMUM         52   1228 PM  67    2014  53     -1       52
                                      1982
  MINIMUM         45   1243 AM  30    1965  40      5       44
  AVERAGE         49                        47      2       48

PRECIPITATION (IN)
  TODAY            0.33          1.91 2007   0.22   0.11     0.20
  MONTH TO DATE   12.61                      5.46   7.15    12.74
  SINCE OCT 1     66.94                     50.66  16.28    68.68
  SINCE JAN 1     25.40                     23.00   2.40    35.26

DEGREE DAYS
 HEATING
  TODAY           16                        18     -2       17
  MONTH TO DATE  476                       461     15      411
  SINCE MAR 1    476                       461     15      411

 COOLING
  TODAY            0                         0      0        0
  MONTH TO DATE    0                         0      0        0
  SINCE MAR 1      0                         0      0        0
  SINCE JAN 1      0                         0      0        0
..................................................................


WIND (MPH)
  RESULTANT WIND SPEED   7   RESULTANT WIND DIRECTION  SE (140)
  HIGHEST WIND SPEED    25   HIGHEST WIND DIRECTION     S (180)
  HIGHEST GUST SPEED    33   HIGHEST GUST DIRECTION     S (190)
  AVERAGE WIND SPEED    MM


SKY COVER
  AVERAGE SKY COVER 0.9


WEATHER CONDITIONS
 THE FOLLOWING WEATHER WAS RECORDED TODAY.
  RAIN
  LIGHT RAIN
  FOG


RELATIVE HUMIDITY (PERCENT)
 HIGHEST   100           100 AM
 LOWEST     86          1100 AM
 AVERAGE    93

..........................................................


THE HOQUIAM WA AIRPORT CLIMATE NORMALS FOR TOMORROW
                         NORMAL    RECORD    YEAR
 MAXIMUM TEMPERATURE (F)   53        69      1969
 MINIMUM TEMPERATURE (F)   40        28      1971


SUNRISE AND SUNSET
MARCH 24 2017.........SUNRISE   710 AM PDT   SUNSET   735 PM PDT
MARCH 25 2017.........SUNRISE   708 AM PDT   SUNSET   736 PM PDT


-  INDICATES NEGATIVE NUMBERS.
R  INDICATES RECORD WAS SET OR TIED.
MM INDICATES DATA IS MISSING.
T  INDICATES TRACE AMOUNT.




$$
