000
CDUS44 KBRO 300627
CLIHRL


CLIMATE REPORT
NATIONAL WEATHER SERVICE BROWNSVILLE TX
127 AM CDT THU JUL 30 2015


...................................

...THE HARLINGEN CLIMATE SUMMARY FOR JULY 29 2015...

CLIMATE NORMAL PERIOD 1981 TO 2010
CLIMATE RECORD PERIOD 1912 TO 2015


WEATHER ITEM   OBSERVED TIME   RECORD YEAR NORMAL DEPARTURE LAST
                VALUE   (LST)  VALUE       VALUE  FROM      YEAR
                                                  NORMAL
..................................................................
TEMPERATURE (F)
 YESTERDAY
  MAXIMUM         99    325 PM 104    1957  96      3      101
  MINIMUM         78   1159 PM  69    1933  75      3       70
  AVERAGE         89                        86      3       86

PRECIPITATION (IN)
  YESTERDAY        0.00          1.20 1934   0.05  -0.05     0.00
  MONTH TO DATE    1.12                      1.84  -0.72     0.59
  SINCE JUN 1      3.33                      4.34  -1.01     0.88
  SINCE JAN 1     15.83                     12.26   3.57     5.72

SNOWFALL (IN)
  YESTERDAY        0.0
  MONTH TO DATE    0.0
  SINCE JUN 1      0.0
  SINCE JUL 1      0.0

DEGREE DAYS
 HEATING
  YESTERDAY        0                         0      0        0
  MONTH TO DATE    0                         0      0        0
  SINCE JUN 1      0                         0      0        0
  SINCE JUL 1      0                         0      0        0

 COOLING
  YESTERDAY       24                        20      4       21
  MONTH TO DATE  614                       580     34      603
  SINCE JUN 1   1181                      1148     33     1225
  SINCE JAN 1   2265                      2249     16     2161
..................................................................


WIND (MPH)
  HIGHEST WIND SPEED    22   HIGHEST WIND DIRECTION    SE (140)
  HIGHEST GUST SPEED    30   HIGHEST GUST DIRECTION    SE (150)
  AVERAGE WIND SPEED    11.5



WEATHER CONDITIONS
 THE FOLLOWING WEATHER WAS RECORDED YESTERDAY.
  FOG


RELATIVE HUMIDITY (PERCENT)
 HIGHEST    97
 LOWEST     42
 AVERAGE    70

..........................................................


THE HARLINGEN CLIMATE NORMALS FOR TODAY
                         NORMAL    RECORD    YEAR
 MAXIMUM TEMPERATURE (F)   96       105      1946
 MINIMUM TEMPERATURE (F)   75        69      1971


SUNRISE AND SUNSET
JULY 30 2015..........SUNRISE   655 AM CDT   SUNSET   819 PM CDT
JULY 31 2015..........SUNRISE   656 AM CDT   SUNSET   818 PM CDT


-  INDICATES NEGATIVE NUMBERS.
R  INDICATES RECORD WAS SET OR TIED.
MM INDICATES DATA IS MISSING.
T  INDICATES TRACE AMOUNT.




$$
