000
CDUS44 KBRO 302127
CLIHRL


CLIMATE REPORT
NATIONAL WEATHER SERVICE BROWNSVILLE TX
426 PM CDT MON MAY 30 2016


...................................

...THE HARLINGEN CLIMATE SUMMARY FOR MAY 30 2016...
VALID TODAY AS OF 0400 PM LOCAL TIME.

CLIMATE NORMAL PERIOD 1981 TO 2010
CLIMATE RECORD PERIOD 1912 TO 2016


WEATHER ITEM   OBSERVED TIME   RECORD YEAR NORMAL DEPARTURE LAST
                VALUE   (LST)  VALUE       VALUE  FROM      YEAR
                                                  NORMAL
..................................................................
TEMPERATURE (F)
 TODAY
  MAXIMUM         93   1156 AM  98    2012  93      0       90
                                      2011
  MINIMUM         75    101 PM  55    1992  73      2       72
  AVERAGE         84                        83      1       81

PRECIPITATION (IN)
  TODAY            0.79          1.87 1986   0.09   0.70      T
  MONTH TO DATE    2.42                      2.41   0.01     2.78
  SINCE MAR 1      4.69                      5.37  -0.68     9.57
  SINCE JAN 1      6.60                      7.84  -1.24    12.49

SNOWFALL (IN)
  TODAY            0.0
  MONTH TO DATE    0.0
  SINCE MAR 1      0.0
  SINCE JUL 1      0.0
  SNOW DEPTH       0

DEGREE DAYS
 HEATING
  TODAY            0                         0      0        0
  MONTH TO DATE    0                         0      0        0
  SINCE MAR 1     13                        54    -41       74
  SINCE JUL 1    389                       622   -233      767

 COOLING
  TODAY           19                        18      1       16
  MONTH TO DATE  530                       469     61      511
  SINCE MAR 1   1202                       958    244     1011
  SINCE JAN 1   1342                      1083    259     1070
..................................................................


WIND (MPH)
  HIGHEST WIND SPEED    28   HIGHEST WIND DIRECTION     E (80)
  HIGHEST GUST SPEED    34   HIGHEST GUST DIRECTION     E (70)
  AVERAGE WIND SPEED     8.1



WEATHER CONDITIONS
 THE FOLLOWING WEATHER WAS RECORDED TODAY.
  THUNDERSTORM
  HEAVY RAIN
  RAIN
  LIGHT RAIN
  FOG


RELATIVE HUMIDITY (PERCENT)
 HIGHEST    94
 LOWEST     56
 AVERAGE    75

..........................................................


THE HARLINGEN CLIMATE NORMALS FOR TOMORROW
                         NORMAL    RECORD    YEAR
 MAXIMUM TEMPERATURE (F)   93       101      2005
 MINIMUM TEMPERATURE (F)   73        57      1984


SUNRISE AND SUNSET
MAY 30 2016...........SUNRISE   639 AM CDT   SUNSET   818 PM CDT
MAY 31 2016...........SUNRISE   638 AM CDT   SUNSET   819 PM CDT


-  INDICATES NEGATIVE NUMBERS.
R  INDICATES RECORD WAS SET OR TIED.
MM INDICATES DATA IS MISSING.
T  INDICATES TRACE AMOUNT.




$$
