000
CDUS44 KBRO 250627
CLIHRL


CLIMATE REPORT
NATIONAL WEATHER SERVICE BROWNSVILLE TX
127 AM CDT SUN JUN 25 2017


...................................

...THE HARLINGEN CLIMATE SUMMARY FOR JUNE 24 2017...

CLIMATE NORMAL PERIOD 1981 TO 2010
CLIMATE RECORD PERIOD 1912 TO 2017


WEATHER ITEM   OBSERVED TIME   RECORD YEAR NORMAL DEPARTURE LAST
                VALUE   (LST)  VALUE       VALUE  FROM      YEAR
                                                  NORMAL
..................................................................
TEMPERATURE (F)
 YESTERDAY
  MAXIMUM         98    221 PM 100    1933  94      4       96
                                      1945
  MINIMUM         79    613 AM  67    1956  75      4       75
  AVERAGE         89                        84      5       86

PRECIPITATION (IN)
  YESTERDAY        T             2.83 1977   0.09  -0.09      T
  MONTH TO DATE    0.07                      1.87  -1.80     4.64
  SINCE JUN 1      0.07                      1.87  -1.80     4.64
  SINCE JAN 1      6.66                      9.79  -3.13    11.53

SNOWFALL (IN)
  YESTERDAY        0.0
  MONTH TO DATE    0.0
  SINCE JUN 1      0.0
  SINCE JUL 1      0.0

DEGREE DAYS
 HEATING
  YESTERDAY        0                         0      0        0
  MONTH TO DATE    0                         0      0        0
  SINCE JUN 1      0                         0      0        0
  SINCE JUL 1    234                       622   -388      389

 COOLING
  YESTERDAY       24                        19      5       21
  MONTH TO DATE  494                       449     45      460
  SINCE JUN 1    494                       449     45      460
  SINCE JAN 1   2029                      1550    479     1821
..................................................................


WIND (MPH)
  HIGHEST WIND SPEED    23   HIGHEST WIND DIRECTION     E (80)
  HIGHEST GUST SPEED    29   HIGHEST GUST DIRECTION     E (90)
  AVERAGE WIND SPEED    11.4



WEATHER CONDITIONS
 THE FOLLOWING WEATHER WAS RECORDED YESTERDAY.
  LIGHT RAIN


RELATIVE HUMIDITY (PERCENT)
 HIGHEST   100
 LOWEST     53
 AVERAGE    77

..........................................................


THE HARLINGEN CLIMATE NORMALS FOR TODAY
                         NORMAL    RECORD    YEAR
 MAXIMUM TEMPERATURE (F)   94       104      2012
 MINIMUM TEMPERATURE (F)   75        66      1926


SUNRISE AND SUNSET
JUNE 25 2017..........SUNRISE   640 AM CDT   SUNSET   827 PM CDT
JUNE 26 2017..........SUNRISE   640 AM CDT   SUNSET   827 PM CDT


-  INDICATES NEGATIVE NUMBERS.
R  INDICATES RECORD WAS SET OR TIED.
MM INDICATES DATA IS MISSING.
T  INDICATES TRACE AMOUNT.




$$
