000
CDUS44 KBRO 122241
CLIHRL


CLIMATE REPORT
NATIONAL WEATHER SERVICE BROWNSVILLE TX
440 PM CST TUE DEC 12 2017


...................................

...THE HARLINGEN CLIMATE SUMMARY FOR DECEMBER 12 2017...
VALID TODAY AS OF 0400 PM LOCAL TIME.

CLIMATE NORMAL PERIOD 1981 TO 2010
CLIMATE RECORD PERIOD 1912 TO 2017


WEATHER ITEM   OBSERVED TIME   RECORD YEAR NORMAL DEPARTURE LAST
                VALUE   (LST)  VALUE       VALUE  FROM      YEAR
                                                  NORMAL
..................................................................
TEMPERATURE (F)
 TODAY
  MAXIMUM         74    214 PM  89    1921  72      2       83
  MINIMUM         46    715 AM  28    1957  50     -4       63
  AVERAGE         60                        61     -1       73

PRECIPITATION (IN)
  TODAY            0.00          0.22 1912   0.05  -0.05     0.00
  MONTH TO DATE    0.80                      0.63   0.17     1.05
  SINCE DEC 1      0.80                      0.63   0.17     1.05
  SINCE JAN 1     19.13                     24.55  -5.42    21.31

SNOWFALL (IN)
  TODAY            0.0
  MONTH TO DATE    1.0
  SINCE DEC 1      1.0
  SINCE JUL 1      1.0
  SNOW DEPTH       0

DEGREE DAYS
 HEATING
  TODAY            5                         6     -1        0
  MONTH TO DATE   98                        64     34       55
  SINCE DEC 1     98                        64     34       55
  SINCE JUL 1    141                       121     20       70

 COOLING
  TODAY            0                         2     -2        8
  MONTH TO DATE   41                        29     12       34
  SINCE DEC 1     41                        29     12       34
  SINCE JAN 1   4696                      3963    733     4672
..................................................................


WIND (MPH)
  HIGHEST WIND SPEED    16   HIGHEST WIND DIRECTION     N (20)
  HIGHEST GUST SPEED    21   HIGHEST GUST DIRECTION    NE (30)
  AVERAGE WIND SPEED     7.9



WEATHER CONDITIONS
 THE FOLLOWING WEATHER WAS RECORDED TODAY.
  NO SIGNIFICANT WEATHER WAS OBSERVED.


RELATIVE HUMIDITY (PERCENT)
 HIGHEST    93
 LOWEST     31
 AVERAGE    62

..........................................................


THE HARLINGEN CLIMATE NORMALS FOR TOMORROW
                         NORMAL    RECORD    YEAR
 MAXIMUM TEMPERATURE (F)   72        93      1921
 MINIMUM TEMPERATURE (F)   50        26      1966


SUNRISE AND SUNSET
DECEMBER 12 2017......SUNRISE   709 AM CST   SUNSET   540 PM CST
DECEMBER 13 2017......SUNRISE   710 AM CST   SUNSET   541 PM CST


-  INDICATES NEGATIVE NUMBERS.
R  INDICATES RECORD WAS SET OR TIED.
MM INDICATES DATA IS MISSING.
T  INDICATES TRACE AMOUNT.




$$
