000
CDUS44 KBRO 062227
CLIHRL


CLIMATE REPORT
NATIONAL WEATHER SERVICE BROWNSVILLE TX
427 PM CST FRI MAR 6 2015


...................................

...THE HARLINGEN CLIMATE SUMMARY FOR MARCH 6 2015...
VALID TODAY AS OF 0400 PM LOCAL TIME.

CLIMATE NORMAL PERIOD 1981 TO 2010
CLIMATE RECORD PERIOD 1912 TO 2015


WEATHER ITEM   OBSERVED TIME   RECORD YEAR NORMAL DEPARTURE LAST
                VALUE   (LST)  VALUE       VALUE  FROM      YEAR
                                                  NORMAL
..................................................................
TEMPERATURE (F)
 TODAY
  MAXIMUM         54    308 PM  98    1930  78    -24       71
  MINIMUM         43    716 AM  32    1966  56    -13       44
  AVERAGE         49                        67    -18       58

PRECIPITATION (IN)
  TODAY            0.00          0.29 1993   0.04  -0.04     0.00
  MONTH TO DATE    0.06                      0.23  -0.17     0.19
  SINCE MAR 1      0.06                      0.23  -0.17     0.19
  SINCE JAN 1      2.98                      2.70   0.28     1.19

SNOWFALL (IN)
  TODAY            0.0
  MONTH TO DATE    0.0
  SINCE MAR 1      0.0
  SINCE JUL 1      0.0
  SNOW DEPTH       0

DEGREE DAYS
 HEATING
  TODAY           16                         2     14        7
  MONTH TO DATE   46                        16     30       60
  SINCE MAR 1     46                        16     30       60
  SINCE JUL 1    739                       584    155      871

 COOLING
  TODAY            0                         4     -4        0
  MONTH TO DATE   15                        24     -9       17
  SINCE MAR 1     15                        24     -9       17
  SINCE JAN 1     74                       149    -75      128
..................................................................


WIND (MPH)
  HIGHEST WIND SPEED    20   HIGHEST WIND DIRECTION     N (360)
  HIGHEST GUST SPEED    23   HIGHEST GUST DIRECTION     N (350)
  AVERAGE WIND SPEED    14.0



WEATHER CONDITIONS
 THE FOLLOWING WEATHER WAS RECORDED TODAY.
  NO SIGNIFICANT WEATHER WAS OBSERVED.


RELATIVE HUMIDITY (PERCENT)
 HIGHEST    65
 LOWEST     46
 AVERAGE    56

..........................................................


THE HARLINGEN CLIMATE NORMALS FOR TOMORROW
                         NORMAL    RECORD    YEAR
 MAXIMUM TEMPERATURE (F)   78        97      1991
 MINIMUM TEMPERATURE (F)   56        34      1989


SUNRISE AND SUNSET
MARCH  6 2015.........SUNRISE   649 AM CST   SUNSET   635 PM CST
MARCH  7 2015.........SUNRISE   648 AM CST   SUNSET   635 PM CST


-  INDICATES NEGATIVE NUMBERS.
R  INDICATES RECORD WAS SET OR TIED.
MM INDICATES DATA IS MISSING.
T  INDICATES TRACE AMOUNT.




$$
