000
CDUS44 KBRO 232137
CLIHRL


CLIMATE REPORT
NATIONAL WEATHER SERVICE BROWNSVILLE TX
437 PM CDT TUE MAY 23 2017


...................................

...THE HARLINGEN CLIMATE SUMMARY FOR MAY 23 2017...
VALID TODAY AS OF 0400 PM LOCAL TIME.

CLIMATE NORMAL PERIOD 1981 TO 2010
CLIMATE RECORD PERIOD 1912 TO 2017


WEATHER ITEM   OBSERVED TIME   RECORD YEAR NORMAL DEPARTURE LAST
                VALUE   (LST)  VALUE       VALUE  FROM      YEAR
                                                  NORMAL
..................................................................
TEMPERATURE (F)
 TODAY
  MAXIMUM         91   1253 PM 101    1916  92     -1       94
  MINIMUM         75    507 AM  56    1928  72      3       77
  AVERAGE         83                        82      1       86

PRECIPITATION (IN)
  TODAY            T             1.73 1959   0.09  -0.09      T
  MONTH TO DATE    0.12                      1.78  -1.66     1.49
  SINCE MAR 1      3.21                      4.74  -1.53     3.76
  SINCE JAN 1      4.52                      7.21  -2.69     5.67

SNOWFALL (IN)
  TODAY            0.0
  MONTH TO DATE    0.0
  SINCE MAR 1      0.0
  SINCE JUL 1      0.0
  SNOW DEPTH       0

DEGREE DAYS
 HEATING
  TODAY            0                         0      0        0
  MONTH TO DATE    0                         0      0        0
  SINCE MAR 1      4                        54    -50       13
  SINCE JUL 1    234                       622   -388      389

 COOLING
  TODAY           18                        17      1       21
  MONTH TO DATE  360                       348     12      379
  SINCE MAR 1   1029                       837    192     1051
  SINCE JAN 1   1396                       962    434     1191
..................................................................


WIND (MPH)
  HIGHEST WIND SPEED    20   HIGHEST WIND DIRECTION     E (80)
  HIGHEST GUST SPEED    23   HIGHEST GUST DIRECTION     E (80)
  AVERAGE WIND SPEED     6.1



WEATHER CONDITIONS
 THE FOLLOWING WEATHER WAS RECORDED TODAY.
  THUNDERSTORM
  LIGHT RAIN
  FOG


RELATIVE HUMIDITY (PERCENT)
 HIGHEST   100
 LOWEST     60
 AVERAGE    80

..........................................................


THE HARLINGEN CLIMATE NORMALS FOR TOMORROW
                         NORMAL    RECORD    YEAR
 MAXIMUM TEMPERATURE (F)   92       101      1925
 MINIMUM TEMPERATURE (F)   72        57      1928
                                             1967


SUNRISE AND SUNSET
MAY 23 2017...........SUNRISE   641 AM CDT   SUNSET   815 PM CDT
MAY 24 2017...........SUNRISE   640 AM CDT   SUNSET   815 PM CDT


-  INDICATES NEGATIVE NUMBERS.
R  INDICATES RECORD WAS SET OR TIED.
MM INDICATES DATA IS MISSING.
T  INDICATES TRACE AMOUNT.




$$
