000
CDUS44 KBRO 290629
CLIHRL


CLIMATE REPORT
NATIONAL WEATHER SERVICE BROWNSVILLE TX
128 AM CDT TUE JUL 29 2014


...................................

...THE HARLINGEN CLIMATE SUMMARY FOR JULY 28 2014...

CLIMATE NORMAL PERIOD 1981 TO 2010
CLIMATE RECORD PERIOD 1912 TO 2014


WEATHER ITEM   OBSERVED TIME   RECORD YEAR NORMAL DEPARTURE LAST
                VALUE   (LST)  VALUE       VALUE  FROM      YEAR
                                                  NORMAL
..................................................................
TEMPERATURE (F)
 YESTERDAY
  MAXIMUM        101    235 PM 107    1954  96      5       99
  MINIMUM         75   1159 PM  68    1922  75      0       78
  AVERAGE         88                        86      2       89

PRECIPITATION (IN)
  YESTERDAY        0.00          0.97 1922   0.05  -0.05     0.00
  MONTH TO DATE    0.59                      1.79  -1.20     1.62
  SINCE JUN 1      0.88                      4.29  -3.41     2.42
  SINCE JAN 1      5.72                     12.21  -6.49     9.59

SNOWFALL (IN)
  YESTERDAY        0.0
  MONTH TO DATE    0.0
  SINCE JUN 1      0.0
  SINCE JUL 1      0.0

DEGREE DAYS
 HEATING
  YESTERDAY        0                         0      0        0
  MONTH TO DATE    0                         0      0        0
  SINCE JUN 1      0                         0      0        0
  SINCE JUL 1      0                         0      0        0

 COOLING
  YESTERDAY       23                        20      3       24
  MONTH TO DATE  582                       560     22      571
  SINCE JUN 1   1204                      1128     76     1206
  SINCE JAN 1   2140                      2229    -89     2301
..................................................................


WIND (MPH)
  HIGHEST WIND SPEED    24   HIGHEST WIND DIRECTION    SE (120)
  HIGHEST GUST SPEED    30   HIGHEST GUST DIRECTION    SE (130)
  AVERAGE WIND SPEED    11.3



WEATHER CONDITIONS
 THE FOLLOWING WEATHER WAS RECORDED YESTERDAY.
  FOG


RELATIVE HUMIDITY (PERCENT)
 HIGHEST   100
 LOWEST     38
 AVERAGE    69

..........................................................


THE HARLINGEN CLIMATE NORMALS FOR TODAY
                         NORMAL    RECORD    YEAR
 MAXIMUM TEMPERATURE (F)   96       104      1957
 MINIMUM TEMPERATURE (F)   75        69      1933


SUNRISE AND SUNSET
JULY 29 2014..........SUNRISE   655 AM CDT   SUNSET   819 PM CDT
JULY 30 2014..........SUNRISE   655 AM CDT   SUNSET   819 PM CDT


-  INDICATES NEGATIVE NUMBERS.
R  INDICATES RECORD WAS SET OR TIED.
MM INDICATES DATA IS MISSING.
T  INDICATES TRACE AMOUNT.




$$
