000
CDUS44 KBRO 230626
CLIHRL


CLIMATE REPORT
NATIONAL WEATHER SERVICE BROWNSVILLE TX
126 AM CDT TUE SEP 23 2014


...................................

...THE HARLINGEN CLIMATE SUMMARY FOR SEPTEMBER 22 2014...

CLIMATE NORMAL PERIOD 1981 TO 2010
CLIMATE RECORD PERIOD 1912 TO 2014


WEATHER ITEM   OBSERVED TIME   RECORD YEAR NORMAL DEPARTURE LAST
                VALUE   (LST)  VALUE       VALUE  FROM      YEAR
                                                  NORMAL
..................................................................
TEMPERATURE (F)
 YESTERDAY
  MAXIMUM         88    332 PM 100    1931  90     -2       86
                                      1953
  MINIMUM         73   1159 PM  56    1913  71      2       68
  AVERAGE         81                        81      0       77

PRECIPITATION (IN)
  YESTERDAY        0.06          1.10 1932   0.18  -0.12     0.00
  MONTH TO DATE    5.98                      3.96   2.02     9.20
  SINCE SEP 1      5.98                      3.96   2.02     9.20
  SINCE JAN 1     12.63                     18.17  -5.54    21.04

SNOWFALL (IN)
  YESTERDAY        0.0
  MONTH TO DATE    0.0
  SINCE SEP 1      0.0
  SINCE JUL 1      0.0

DEGREE DAYS
 HEATING
  YESTERDAY        0                         0      0        0
  MONTH TO DATE    0                         0      0        0
  SINCE SEP 1      0                         0      0        0
  SINCE JUL 1      0                         0      0        0

 COOLING
  YESTERDAY       16                        16      0       12
  MONTH TO DATE  405                       387     18      360
  SINCE SEP 1    405                       387     18      360
  SINCE JAN 1   3302                      3311     -9     3377
..................................................................


WIND (MPH)
  HIGHEST WIND SPEED    21   HIGHEST WIND DIRECTION    NE (60)
  HIGHEST GUST SPEED    25   HIGHEST GUST DIRECTION    NE (50)
  AVERAGE WIND SPEED     9.1



WEATHER CONDITIONS
 THE FOLLOWING WEATHER WAS RECORDED YESTERDAY.
  LIGHT RAIN
  FOG


RELATIVE HUMIDITY (PERCENT)
 HIGHEST   100
 LOWEST     63
 AVERAGE    82

..........................................................


THE HARLINGEN CLIMATE NORMALS FOR TODAY
                         NORMAL    RECORD    YEAR
 MAXIMUM TEMPERATURE (F)   90       101      2005
 MINIMUM TEMPERATURE (F)   71        54      1975


SUNRISE AND SUNSET
SEPTEMBER 23 2014.....SUNRISE   720 AM CDT   SUNSET   726 PM CDT
SEPTEMBER 24 2014.....SUNRISE   720 AM CDT   SUNSET   725 PM CDT


-  INDICATES NEGATIVE NUMBERS.
R  INDICATES RECORD WAS SET OR TIED.
MM INDICATES DATA IS MISSING.
T  INDICATES TRACE AMOUNT.




$$
