000
CDUS44 KBRO 230728
CLIHRL


CLIMATE REPORT
NATIONAL WEATHER SERVICE BROWNSVILLE TX
128 AM CST SUN NOV 23 2014


...................................

...THE HARLINGEN CLIMATE SUMMARY FOR NOVEMBER 22 2014...

CLIMATE NORMAL PERIOD 1981 TO 2010
CLIMATE RECORD PERIOD 1912 TO 2014


WEATHER ITEM   OBSERVED TIME   RECORD YEAR NORMAL DEPARTURE LAST
                VALUE   (LST)  VALUE       VALUE  FROM      YEAR
                                                  NORMAL
..................................................................
TEMPERATURE (F)
 YESTERDAY
  MAXIMUM         82   1203 PM  91    2011  77      5       88
  MINIMUM         62   1159 PM  33    1969  55      7       46
  AVERAGE         72                        66      6       67

PRECIPITATION (IN)
  YESTERDAY        1.94          4.75 2013   0.03   1.91     4.75
  MONTH TO DATE    5.09                      1.22   3.87     6.47
  SINCE SEP 1     15.12                      9.43   5.69    16.44
  SINCE JAN 1     21.77                     23.64  -1.87    28.28

SNOWFALL (IN)
  YESTERDAY        0.0
  MONTH TO DATE    0.0
  SINCE SEP 1      0.0
  SINCE JUL 1      0.0

DEGREE DAYS
 HEATING
  YESTERDAY        0                         3     -3        0
  MONTH TO DATE  111                        27     84       23
  SINCE SEP 1    111                        30     81       23
  SINCE JUL 1    111                        30     81       23

 COOLING
  YESTERDAY        7                         4      3        2
  MONTH TO DATE   63                       131    -68      116
  SINCE SEP 1    917                       983    -66      996
  SINCE JAN 1   3814                      3907    -93     4013
..................................................................


WIND (MPH)
  HIGHEST WIND SPEED    28   HIGHEST WIND DIRECTION     S (170)
  HIGHEST GUST SPEED    32   HIGHEST GUST DIRECTION     S (170)
  AVERAGE WIND SPEED    13.3



WEATHER CONDITIONS
 THE FOLLOWING WEATHER WAS RECORDED YESTERDAY.
  THUNDERSTORM
  HEAVY RAIN
  RAIN
  LIGHT RAIN
  FOG


RELATIVE HUMIDITY (PERCENT)
 HIGHEST    93
 LOWEST     67
 AVERAGE    80

..........................................................


THE HARLINGEN CLIMATE NORMALS FOR TODAY
                         NORMAL    RECORD    YEAR
 MAXIMUM TEMPERATURE (F)   77        90      1947
 MINIMUM TEMPERATURE (F)   55        33      1925


SUNRISE AND SUNSET
NOVEMBER 23 2014......SUNRISE   655 AM CST   SUNSET   539 PM CST
NOVEMBER 24 2014......SUNRISE   656 AM CST   SUNSET   539 PM CST


-  INDICATES NEGATIVE NUMBERS.
R  INDICATES RECORD WAS SET OR TIED.
MM INDICATES DATA IS MISSING.
T  INDICATES TRACE AMOUNT.




$$
