000
CDUS44 KBRO 302136
CLIHRL


CLIMATE REPORT
NATIONAL WEATHER SERVICE BROWNSVILLE TX
436 PM CDT THU MAR 30 2017


...................................

...THE HARLINGEN CLIMATE SUMMARY FOR MARCH 30 2017...
VALID TODAY AS OF 0400 PM LOCAL TIME.

CLIMATE NORMAL PERIOD 1981 TO 2010
CLIMATE RECORD PERIOD 1912 TO 2017


WEATHER ITEM   OBSERVED TIME   RECORD YEAR NORMAL DEPARTURE LAST
                VALUE   (LST)  VALUE       VALUE  FROM      YEAR
                                                  NORMAL
..................................................................
TEMPERATURE (F)
 TODAY
  MAXIMUM         85    255 PM  99    1946  83      2       87
  MINIMUM         63    543 AM  35    1930  61      2       75
  AVERAGE         74                        72      2       81

PRECIPITATION (IN)
  TODAY            T             1.19 1988   0.04  -0.04     0.00
  MONTH TO DATE    2.22                      1.25   0.97     1.78
  SINCE MAR 1      2.22                      1.25   0.97     1.78
  SINCE JAN 1      3.53                      3.72  -0.19     3.69

SNOWFALL (IN)
  TODAY            0.0
  MONTH TO DATE    0.0
  SINCE MAR 1      0.0
  SINCE JUL 1      0.0
  SNOW DEPTH       0

DEGREE DAYS
 HEATING
  TODAY            0                         1     -1        0
  MONTH TO DATE    4                        48    -44       11
  SINCE MAR 1      4                        48    -44       11
  SINCE JUL 1    234                       616   -382      387

 COOLING
  TODAY            9                         8      1       16
  MONTH TO DATE  283                       163    120      262
  SINCE MAR 1    283                       163    120      262
  SINCE JAN 1    650                       288    362      402
..................................................................


WIND (MPH)
  HIGHEST WIND SPEED    26   HIGHEST WIND DIRECTION     N (340)
  HIGHEST GUST SPEED    32   HIGHEST GUST DIRECTION     N (340)
  AVERAGE WIND SPEED    11.9



WEATHER CONDITIONS
 THE FOLLOWING WEATHER WAS RECORDED TODAY.
  LIGHT RAIN
  FOG


RELATIVE HUMIDITY (PERCENT)
 HIGHEST   100
 LOWEST     27
 AVERAGE    64

..........................................................


THE HARLINGEN CLIMATE NORMALS FOR TOMORROW
                         NORMAL    RECORD    YEAR
 MAXIMUM TEMPERATURE (F)   83       101      1989
 MINIMUM TEMPERATURE (F)   61        35      1937


SUNRISE AND SUNSET
MARCH 30 2017.........SUNRISE   724 AM CDT   SUNSET   747 PM CDT
MARCH 31 2017.........SUNRISE   722 AM CDT   SUNSET   747 PM CDT


-  INDICATES NEGATIVE NUMBERS.
R  INDICATES RECORD WAS SET OR TIED.
MM INDICATES DATA IS MISSING.
T  INDICATES TRACE AMOUNT.




$$
