000
CDUS44 KBRO 190627
CLIHRL


CLIMATE REPORT
NATIONAL WEATHER SERVICE BROWNSVILLE TX
126 AM CDT SAT AUG 19 2017


...................................

...THE HARLINGEN CLIMATE SUMMARY FOR AUGUST 18 2017...

CLIMATE NORMAL PERIOD 1981 TO 2010
CLIMATE RECORD PERIOD 1912 TO 2017


WEATHER ITEM   OBSERVED TIME   RECORD YEAR NORMAL DEPARTURE LAST
                VALUE   (LST)  VALUE       VALUE  FROM      YEAR
                                                  NORMAL
..................................................................
TEMPERATURE (F)
 YESTERDAY
  MAXIMUM        100    214 PM 108    1915  96      4       97
  MINIMUM         78    613 AM  65    1931  75      3       75
  AVERAGE         89                        86      3       86

PRECIPITATION (IN)
  YESTERDAY        0.00          1.96 1961   0.05  -0.05      T
  MONTH TO DATE    0.60                      0.64  -0.04     2.15
  SINCE JUN 1      5.14                      5.07   0.07     7.39
  SINCE JAN 1     11.73                     12.99  -1.26    14.28

SNOWFALL (IN)
  YESTERDAY        0.0
  MONTH TO DATE    0.0
  SINCE JUN 1      0.0
  SINCE JUL 1      0.0

DEGREE DAYS
 HEATING
  YESTERDAY        0                         0      0        0
  MONTH TO DATE    0                         0      0        0
  SINCE JUN 1      0                         0      0        0
  SINCE JUL 1      0                         0      0        0

 COOLING
  YESTERDAY       24                        21      3       21
  MONTH TO DATE  415                       378     37      399
  SINCE JUN 1   1692                      1569    123     1679
  SINCE JAN 1   3227                      2670    557     3040
..................................................................


WIND (MPH)
  HIGHEST WIND SPEED    24   HIGHEST WIND DIRECTION     E (110)
  HIGHEST GUST SPEED    31   HIGHEST GUST DIRECTION     E (110)
  AVERAGE WIND SPEED    11.6



WEATHER CONDITIONS
 THE FOLLOWING WEATHER WAS RECORDED YESTERDAY.
  FOG


RELATIVE HUMIDITY (PERCENT)
 HIGHEST   100
 LOWEST     42
 AVERAGE    71

..........................................................


THE HARLINGEN CLIMATE NORMALS FOR TODAY
                         NORMAL    RECORD    YEAR
 MAXIMUM TEMPERATURE (F)   96       106      1915
 MINIMUM TEMPERATURE (F)   75        67      1931


SUNRISE AND SUNSET
AUGUST 19 2017........SUNRISE   705 AM CDT   SUNSET   803 PM CDT
AUGUST 20 2017........SUNRISE   706 AM CDT   SUNSET   802 PM CDT


-  INDICATES NEGATIVE NUMBERS.
R  INDICATES RECORD WAS SET OR TIED.
MM INDICATES DATA IS MISSING.
T  INDICATES TRACE AMOUNT.




$$
