000
CDUS44 KBRO 040632
CLIHRL


CLIMATE REPORT
NATIONAL WEATHER SERVICE BROWNSVILLE TX
131 AM CDT WED MAY 4 2016


...................................

...THE HARLINGEN CLIMATE SUMMARY FOR MAY 3 2016...

CLIMATE NORMAL PERIOD 1981 TO 2010
CLIMATE RECORD PERIOD 1912 TO 2016


WEATHER ITEM   OBSERVED TIME   RECORD YEAR NORMAL DEPARTURE LAST
                VALUE   (LST)  VALUE       VALUE  FROM      YEAR
                                                  NORMAL
..................................................................
TEMPERATURE (F)
 YESTERDAY
  MAXIMUM         76    544 PM 100    2002  89    -13       87
  MINIMUM         63    531 AM  46    1976  69     -6       65
  AVERAGE         70                        79     -9       76

PRECIPITATION (IN)
  YESTERDAY        T             1.43 1972   0.08  -0.08      T
  MONTH TO DATE    T                         0.22  -0.22      T
  SINCE MAR 1      2.27                      3.18  -0.91     6.79
  SINCE JAN 1      4.18                      5.65  -1.47     9.71

SNOWFALL (IN)
  YESTERDAY        0.0
  MONTH TO DATE    0.0
  SINCE MAR 1      0.0
  SINCE JUL 1      0.0

DEGREE DAYS
 HEATING
  YESTERDAY        0                         0      0        0
  MONTH TO DATE    0                         0      0        0
  SINCE MAR 1     13                        54    -41       74
  SINCE JUL 1    389                       622   -233      767

 COOLING
  YESTERDAY        5                        14     -9       11
  MONTH TO DATE   34                        40     -6       26
  SINCE MAR 1    706                       529    177      526
  SINCE JAN 1    846                       654    192      585
..................................................................


WIND (MPH)
  HIGHEST WIND SPEED    18   HIGHEST WIND DIRECTION     N (350)
  HIGHEST GUST SPEED    22   HIGHEST GUST DIRECTION     N (340)
  AVERAGE WIND SPEED     7.8



WEATHER CONDITIONS
 THE FOLLOWING WEATHER WAS RECORDED YESTERDAY.
  NO SIGNIFICANT WEATHER WAS OBSERVED.


RELATIVE HUMIDITY (PERCENT)
 HIGHEST    78
 LOWEST     57
 AVERAGE    68

..........................................................


THE HARLINGEN CLIMATE NORMALS FOR TODAY
                         NORMAL    RECORD    YEAR
 MAXIMUM TEMPERATURE (F)   89       103      1999
 MINIMUM TEMPERATURE (F)   69        50      1954
                                             1970


SUNRISE AND SUNSET
MAY  4 2016...........SUNRISE   651 AM CDT   SUNSET   804 PM CDT
MAY  5 2016...........SUNRISE   650 AM CDT   SUNSET   805 PM CDT


-  INDICATES NEGATIVE NUMBERS.
R  INDICATES RECORD WAS SET OR TIED.
MM INDICATES DATA IS MISSING.
T  INDICATES TRACE AMOUNT.




$$
