000
CDUS44 KBRO 270639
CLIHRL


CLIMATE REPORT
NATIONAL WEATHER SERVICE BROWNSVILLE TX
138 AM CDT WED JUL 27 2016


...................................

...THE HARLINGEN CLIMATE SUMMARY FOR JULY 26 2016...

CLIMATE NORMAL PERIOD 1981 TO 2010
CLIMATE RECORD PERIOD 1912 TO 2016


WEATHER ITEM   OBSERVED TIME   RECORD YEAR NORMAL DEPARTURE LAST
                VALUE   (LST)  VALUE       VALUE  FROM      YEAR
                                                  NORMAL
..................................................................
TEMPERATURE (F)
 YESTERDAY
  MAXIMUM        100    218 PM 102    1943  96      4      100
  MINIMUM         79    615 AM  68    1933  75      4       80
  AVERAGE         90                        85      5       90

PRECIPITATION (IN)
  YESTERDAY        0.00          0.50 1919   0.04  -0.04     0.00
  MONTH TO DATE    0.09                      1.70  -1.61     1.12
  SINCE JUN 1      5.22                      4.20   1.02     3.33
  SINCE JAN 1     12.11                     12.12  -0.01    15.83

SNOWFALL (IN)
  YESTERDAY        0.0
  MONTH TO DATE    0.0
  SINCE JUN 1      0.0
  SINCE JUL 1      0.0

DEGREE DAYS
 HEATING
  YESTERDAY        0                         0      0        0
  MONTH TO DATE    0                         0      0        0
  SINCE JUN 1      0                         0      0        0
  SINCE JUL 1      0                         0      0        0

 COOLING
  YESTERDAY       25                        20      5       25
  MONTH TO DATE  578                       520     58      542
  SINCE JUN 1   1163                      1088     75     1109
  SINCE JAN 1   2524                      2189    335     2193
..................................................................


WIND (MPH)
  HIGHEST WIND SPEED    28   HIGHEST WIND DIRECTION    SE (150)
  HIGHEST GUST SPEED    34   HIGHEST GUST DIRECTION     S (160)
  AVERAGE WIND SPEED    13.4



WEATHER CONDITIONS
 THE FOLLOWING WEATHER WAS RECORDED YESTERDAY.
  NO SIGNIFICANT WEATHER WAS OBSERVED.


RELATIVE HUMIDITY (PERCENT)
 HIGHEST    91
 LOWEST     38
 AVERAGE    65

..........................................................


THE HARLINGEN CLIMATE NORMALS FOR TODAY
                         NORMAL    RECORD    YEAR
 MAXIMUM TEMPERATURE (F)   96       105      1954
 MINIMUM TEMPERATURE (F)   75        68      1926


SUNRISE AND SUNSET
JULY 27 2016..........SUNRISE   654 AM CDT   SUNSET   820 PM CDT
JULY 28 2016..........SUNRISE   655 AM CDT   SUNSET   819 PM CDT


-  INDICATES NEGATIVE NUMBERS.
R  INDICATES RECORD WAS SET OR TIED.
MM INDICATES DATA IS MISSING.
T  INDICATES TRACE AMOUNT.




$$
