000
CDUS44 KLZK 080638
CLIHRO


CLIMATE REPORT
NATIONAL WEATHER SERVICE LITTLE ROCK AR
1237 AM CST THU DEC 8 2016


...................................

...THE HARRISON CLIMATE SUMMARY FOR DECEMBER 7 2016...

CLIMATE NORMAL PERIOD 1981 TO 2010
CLIMATE RECORD PERIOD 1891 TO 2016


WEATHER ITEM   OBSERVED TIME   RECORD YEAR NORMAL DEPARTURE LAST
                VALUE   (LST)  VALUE       VALUE  FROM      YEAR
                                                  NORMAL
..................................................................
TEMPERATURE (F)
 YESTERDAY
  MAXIMUM         36    159 PM  74    1966  50    -14       64
  MINIMUM         25    513 AM  -6    1950  30     -5       32
  AVERAGE         31                        40     -9       48

PRECIPITATION (IN)
  YESTERDAY        0.00          1.16 1947   0.12  -0.12     0.00
  MONTH TO DATE    0.53                      0.84  -0.31     0.00
  SINCE DEC 1      0.53                      0.84  -0.31     0.00
  SINCE JAN 1     34.62                     41.78  -7.16    54.20

SNOWFALL (IN)
  YESTERDAY        0.0          11.0  1917   0.0    0.0      0.0
  MONTH TO DATE    0.0                       0.0    0.0      0.0
  SINCE DEC 1      0.0                       0.0    0.0      0.0
  SINCE JUL 1      0.0                       0.5   -0.5       T
  SNOW DEPTH       0

DEGREE DAYS
 HEATING
  YESTERDAY       34                        25      9       17
  MONTH TO DATE  180                       168     12      151
  SINCE DEC 1    180                       168     12      151
  SINCE JUL 1    630                       932   -302      737

 COOLING
  YESTERDAY        0                         0      0        0
  MONTH TO DATE    0                         0      0        0
  SINCE DEC 1      0                         0      0        0
  SINCE JAN 1   1647                      1416    231     1464
..................................................................


WIND (MPH)
  HIGHEST WIND SPEED    12   HIGHEST WIND DIRECTION    NW (330)
  HIGHEST GUST SPEED    17   HIGHEST GUST DIRECTION     N (360)
  AVERAGE WIND SPEED     5.0


SKY COVER
  POSSIBLE SUNSHINE  MM
  AVERAGE SKY COVER 0.7


WEATHER CONDITIONS
 THE FOLLOWING WEATHER WAS RECORDED YESTERDAY.
  NO SIGNIFICANT WEATHER WAS OBSERVED.


RELATIVE HUMIDITY (PERCENT)
 HIGHEST    88           500 AM
 LOWEST     47           100 PM
 AVERAGE    68

..........................................................


THE HARRISON CLIMATE NORMALS FOR TODAY
                         NORMAL    RECORD    YEAR
 MAXIMUM TEMPERATURE (F)   49        77      1904
 MINIMUM TEMPERATURE (F)   30        -5      1917


SUNRISE AND SUNSET
DECEMBER  8 2016......SUNRISE   712 AM CST   SUNSET   458 PM CST
DECEMBER  9 2016......SUNRISE   713 AM CST   SUNSET   458 PM CST


-  INDICATES NEGATIVE NUMBERS.
R  INDICATES RECORD WAS SET OR TIED.
MM INDICATES DATA IS MISSING.
T  INDICATES TRACE AMOUNT.




$$
