000
CDUS44 KLZK 220806
CLIHRO


CLIMATE REPORT
NATIONAL WEATHER SERVICE LITTLE ROCK AR
305 AM CDT THU JUN 22 2017


...................................

...THE HARRISON CLIMATE SUMMARY FOR JUNE 21 2017...

CLIMATE NORMAL PERIOD 1981 TO 2010
CLIMATE RECORD PERIOD 1891 TO 2017


WEATHER ITEM   OBSERVED TIME   RECORD YEAR NORMAL DEPARTURE LAST
                VALUE   (LST)  VALUE       VALUE  FROM      YEAR
                                                  NORMAL
..................................................................
TEMPERATURE (F)
 YESTERDAY
  MAXIMUM         89   1257 PM 101    1933  86      3       90
  MINIMUM         63    522 AM  45    1906  64     -1       72
  AVERAGE         76                        75      1       81

PRECIPITATION (IN)
  YESTERDAY        0.00          2.20 1958   0.15  -0.15     0.00
  MONTH TO DATE    1.74                      3.05  -1.31     2.24
  SINCE JUN 1      1.74                      3.05  -1.31     2.24
  SINCE JAN 1     27.82                     21.05   6.77    15.07

SNOWFALL (IN)
  YESTERDAY        0.0          MM      MM   0.0    0.0      0.0
  MONTH TO DATE    0.0                       0.0    0.0      0.0
  SINCE JUN 1      0.0                       0.0    0.0      0.0
  SINCE JUL 1      3.4                      11.5   -8.1      3.7
  SNOW DEPTH       0

DEGREE DAYS
 HEATING
  YESTERDAY        0                         0      0        0
  MONTH TO DATE    0                         3     -3        0
  SINCE JUN 1      0                         3     -3        0
  SINCE JUL 1   2996                      4001  -1005     3233

 COOLING
  YESTERDAY       11                        10      1       16
  MONTH TO DATE  166                       166      0      228
  SINCE JUN 1    166                       166      0      228
  SINCE JAN 1    317                       305     12      333
..................................................................


WIND (MPH)
  HIGHEST WIND SPEED    16   HIGHEST WIND DIRECTION    SE (150)
  HIGHEST GUST SPEED    20   HIGHEST GUST DIRECTION     E (90)
  AVERAGE WIND SPEED     6.7


SKY COVER
  POSSIBLE SUNSHINE  MM
  AVERAGE SKY COVER 0.0


WEATHER CONDITIONS
 THE FOLLOWING WEATHER WAS RECORDED YESTERDAY.
  NO SIGNIFICANT WEATHER WAS OBSERVED.


RELATIVE HUMIDITY (PERCENT)
 HIGHEST   100           500 AM
 LOWEST     37          1000 AM
 AVERAGE    69

..........................................................


THE HARRISON CLIMATE NORMALS FOR TODAY
                         NORMAL    RECORD    YEAR
 MAXIMUM TEMPERATURE (F)   86       101      1936
                                             1933
 MINIMUM TEMPERATURE (F)   65        43      1902


SUNRISE AND SUNSET
JUNE 22 2017..........SUNRISE   556 AM CDT   SUNSET   834 PM CDT
JUNE 23 2017..........SUNRISE   556 AM CDT   SUNSET   834 PM CDT


-  INDICATES NEGATIVE NUMBERS.
R  INDICATES RECORD WAS SET OR TIED.
MM INDICATES DATA IS MISSING.
T  INDICATES TRACE AMOUNT.




$$
