000
CDUS44 KLZK 062156
CLIHRO


CLIMATE REPORT
NATIONAL WEATHER SERVICE LITTLE ROCK AR
356 PM CST FRI MAR 6 2015


...................................

...THE HARRISON CLIMATE SUMMARY FOR MARCH 6 2015...
VALID TODAY AS OF 0300 PM LOCAL TIME.

CLIMATE NORMAL PERIOD 1981 TO 2010
CLIMATE RECORD PERIOD 1891 TO 2015


WEATHER ITEM   OBSERVED TIME   RECORD YEAR NORMAL DEPARTURE LAST
                VALUE   (LST)  VALUE       VALUE  FROM      YEAR
                                                  NORMAL
..................................................................
TEMPERATURE (F)
 TODAY
  MAXIMUM         49    258 PM  87    1974  56     -7       50
  MINIMUM         14    606 AM   8    1899  35    -21       27
  AVERAGE         32                        46    -14       39

PRECIPITATION (IN)
  TODAY            0.00          1.25 1933   0.11  -0.11     0.00
  MONTH TO DATE    1.14                      0.64   0.50     1.07
  SINCE MAR 1      1.14                      0.64   0.50     1.07
  SINCE JAN 1      4.68                      5.84  -1.16     3.02

SNOWFALL (IN)
  TODAY            0.0           5.0  2008   0.1   -0.1      0.0
                                      1967
  MONTH TO DATE    4.3                       0.6    3.7      5.0
  SINCE MAR 1      4.3                       0.6    3.7      5.0
  SINCE JUL 1     13.6                       9.8    3.8     20.8
  SNOW DEPTH       3

DEGREE DAYS
 HEATING
  TODAY           33                        19     14       26
  MONTH TO DATE  194                       121     73      207
  SINCE MAR 1    194                       121     73      207
  SINCE JUL 1   3589                      3293    296     3742

 COOLING
  TODAY            0                         0      0        0
  MONTH TO DATE    0                         0      0        0
  SINCE MAR 1      0                         0      0        0
  SINCE JAN 1      0                         0      0        0
..................................................................


WIND (MPH)
  HIGHEST WIND SPEED    12   HIGHEST WIND DIRECTION     W (250)
  HIGHEST GUST SPEED    16   HIGHEST GUST DIRECTION     W (250)
  AVERAGE WIND SPEED     5.2


SKY COVER
  POSSIBLE SUNSHINE  MM
  AVERAGE SKY COVER 0.0


WEATHER CONDITIONS
 THE FOLLOWING WEATHER WAS RECORDED TODAY.
  NO SIGNIFICANT WEATHER WAS OBSERVED.


RELATIVE HUMIDITY (PERCENT)
 HIGHEST    88           300 AM
 LOWEST     39          1100 AM
 AVERAGE    64

..........................................................


THE HARRISON CLIMATE NORMALS FOR TOMORROW
                         NORMAL    RECORD    YEAR
 MAXIMUM TEMPERATURE (F)   57        82      1974
 MINIMUM TEMPERATURE (F)   35         4      1920


SUNRISE AND SUNSET
MARCH  6 2015.........SUNRISE   636 AM CST   SUNSET   612 PM CST
MARCH  7 2015.........SUNRISE   635 AM CST   SUNSET   613 PM CST


-  INDICATES NEGATIVE NUMBERS.
R  INDICATES RECORD WAS SET OR TIED.
MM INDICATES DATA IS MISSING.
T  INDICATES TRACE AMOUNT.




$$
