000
CDUS44 KLZK 300632
CLIHRO


CLIMATE REPORT
NATIONAL WEATHER SERVICE LITTLE ROCK AR
132 AM CDT FRI SEP 30 2016


...................................

...THE HARRISON CLIMATE SUMMARY FOR SEPTEMBER 29 2016...

CLIMATE NORMAL PERIOD 1981 TO 2010
CLIMATE RECORD PERIOD 1891 TO 2016


WEATHER ITEM   OBSERVED TIME   RECORD YEAR NORMAL DEPARTURE LAST
                VALUE   (LST)  VALUE       VALUE  FROM      YEAR
                                                  NORMAL
..................................................................
TEMPERATURE (F)
 YESTERDAY
  MAXIMUM         74    315 PM 101    1953  75     -1       83
  MINIMUM         48    555 AM  30    1967  53     -5       63
  AVERAGE         61                        64     -3       73

PRECIPITATION (IN)
  YESTERDAY        0.00          2.64 1926   0.14  -0.14     0.00
  MONTH TO DATE    1.24                      4.08  -2.84     5.05
  SINCE SEP 1      1.24                      4.08  -2.84     5.05
  SINCE JAN 1     29.52                     33.04  -3.52    45.27

SNOWFALL (IN)
  YESTERDAY        0.0          MM      MM   0.0    0.0      0.0
  MONTH TO DATE    0.0                       0.0    0.0      0.0
  SINCE SEP 1      0.0                       0.0    0.0      0.0
  SINCE JUL 1      0.0                       0.0    0.0      0.0
  SNOW DEPTH       0

DEGREE DAYS
 HEATING
  YESTERDAY        4                         4      0        0
  MONTH TO DATE   10                        38    -28       11
  SINCE SEP 1     10                        38    -28       11
  SINCE JUL 1     10                        39    -29       12

 COOLING
  YESTERDAY        0                         3     -3        8
  MONTH TO DATE  227                       166     61      216
  SINCE SEP 1    227                       166     61      216
  SINCE JAN 1   1538                      1377    161     1436
..................................................................


WIND (MPH)
  HIGHEST WIND SPEED    15   HIGHEST WIND DIRECTION     N (20)
  HIGHEST GUST SPEED    21   HIGHEST GUST DIRECTION     N (350)
  AVERAGE WIND SPEED     7.1


SKY COVER
  POSSIBLE SUNSHINE  MM
  AVERAGE SKY COVER 0.0


WEATHER CONDITIONS
 THE FOLLOWING WEATHER WAS RECORDED YESTERDAY.
  NO SIGNIFICANT WEATHER WAS OBSERVED.


RELATIVE HUMIDITY (PERCENT)
 HIGHEST    93           500 AM
 LOWEST     35           300 PM
 AVERAGE    64

..........................................................


THE HARRISON CLIMATE NORMALS FOR TODAY
                         NORMAL    RECORD    YEAR
 MAXIMUM TEMPERATURE (F)   75        94      1953
 MINIMUM TEMPERATURE (F)   52        31      1949


SUNRISE AND SUNSET
SEPTEMBER 30 2016.....SUNRISE   707 AM CDT   SUNSET   657 PM CDT
OCTOBER  1 2016.......SUNRISE   708 AM CDT   SUNSET   655 PM CDT


-  INDICATES NEGATIVE NUMBERS.
R  INDICATES RECORD WAS SET OR TIED.
MM INDICATES DATA IS MISSING.
T  INDICATES TRACE AMOUNT.




$$
