000
CDUS44 KLZK 300903
CLIHRO


CLIMATE REPORT
NATIONAL WEATHER SERVICE LITTLE ROCK AR
403 AM CDT TUE SEP 30 2014


...................................

...THE HARRISON CLIMATE SUMMARY FOR SEPTEMBER 29 2014...

CLIMATE NORMAL PERIOD 1981 TO 2010
CLIMATE RECORD PERIOD 1891 TO 2014


WEATHER ITEM   OBSERVED TIME   RECORD YEAR NORMAL DEPARTURE LAST
                VALUE   (LST)  VALUE       VALUE  FROM      YEAR
                                                  NORMAL
..................................................................
TEMPERATURE (F)
 YESTERDAY
  MAXIMUM         85    304 PM 101    1953  75     10       75
  MINIMUM         57    629 AM  30    1967  53      4       59
  AVERAGE         71                        64      7       67

PRECIPITATION (IN)
  YESTERDAY        0.00          2.64 1926   0.14  -0.14     0.05
  MONTH TO DATE    5.15                      4.08   1.07     1.35
  SINCE SEP 1      5.15                      4.08   1.07     1.35
  SINCE JAN 1     31.83                     33.04  -1.21    34.17

SNOWFALL (IN)
  YESTERDAY        0.0          MM      MM   0.0    0.0      0.0
  MONTH TO DATE    0.0                       0.0    0.0      0.0
  SINCE SEP 1      0.0                       0.0    0.0      0.0
  SINCE JUL 1      0.0                       0.0    0.0      0.0
  SNOW DEPTH       0

DEGREE DAYS
 HEATING
  YESTERDAY        0                         4     -4        0
  MONTH TO DATE   33                        38     -5        7
  SINCE SEP 1     33                        38     -5        7
  SINCE JUL 1     34                        39     -5        8

 COOLING
  YESTERDAY        6                         3      3        2
  MONTH TO DATE  161                       166     -5      218
  SINCE SEP 1    161                       166     -5      218
  SINCE JAN 1   1291                      1377    -86     1362
..................................................................


WIND (MPH)
  HIGHEST WIND SPEED     9   HIGHEST WIND DIRECTION    SE (120)
  HIGHEST GUST SPEED    12   HIGHEST GUST DIRECTION    SE (140)
  AVERAGE WIND SPEED     2.2


SKY COVER
  POSSIBLE SUNSHINE  MM
  AVERAGE SKY COVER 0.0


WEATHER CONDITIONS
 THE FOLLOWING WEATHER WAS RECORDED YESTERDAY.
  NO SIGNIFICANT WEATHER WAS OBSERVED.


RELATIVE HUMIDITY (PERCENT)
 HIGHEST   100           100 AM
 LOWEST     43           100 PM
 AVERAGE    72

..........................................................


THE HARRISON CLIMATE NORMALS FOR TODAY
                         NORMAL    RECORD    YEAR
 MAXIMUM TEMPERATURE (F)   75        94      1953
 MINIMUM TEMPERATURE (F)   52        31      1949


SUNRISE AND SUNSET
SEPTEMBER 30 2014.....SUNRISE   707 AM CDT   SUNSET   658 PM CDT
OCTOBER  1 2014.......SUNRISE   708 AM CDT   SUNSET   656 PM CDT


-  INDICATES NEGATIVE NUMBERS.
R  INDICATES RECORD WAS SET OR TIED.
MM INDICATES DATA IS MISSING.
T  INDICATES TRACE AMOUNT.




$$
