000
CDUS44 KLZK 182103
CLIHRO


CLIMATE REPORT
NATIONAL WEATHER SERVICE LITTLE ROCK AR
402 PM CDT FRI APR 18 2014


...................................

...THE HARRISON CLIMATE SUMMARY FOR APRIL 18 2014...
VALID TODAY AS OF 0400 PM LOCAL TIME.

CLIMATE NORMAL PERIOD 1981 TO 2010
CLIMATE RECORD PERIOD 1891 TO 2014


WEATHER ITEM   OBSERVED TIME   RECORD YEAR NORMAL DEPARTURE LAST
                VALUE   (LST)  VALUE       VALUE  FROM      YEAR
                                                  NORMAL
..................................................................
TEMPERATURE (F)
 TODAY
  MAXIMUM         73    231 PM  92    2006  70      3       75
  MINIMUM         45    604 AM  30    1961  48     -3       38
                                      1960
                                      1956
  AVERAGE         59                        59      0       57

PRECIPITATION (IN)
  TODAY            0.00          2.02 1927   0.15  -0.15     0.76
  MONTH TO DATE    2.34                      2.38  -0.04     1.62
  SINCE MAR 1      6.78                      6.17   0.61     4.22
  SINCE JAN 1      8.73                     11.37  -2.64    10.84

SNOWFALL (IN)
  TODAY            0.0           T    1938   0.0    0.0      0.0
  MONTH TO DATE    0.0                       0.3   -0.3       T
  SINCE MAR 1     10.0                       2.3    7.7      1.8
  SINCE JUL 1     25.8                      11.5   14.3      4.6
  SNOW DEPTH       0

DEGREE DAYS
 HEATING
  TODAY            6                         7     -1        8
  MONTH TO DATE  176                       171      5      158
  SINCE MAR 1    793                       679    114      807
  SINCE JUL 1   4328                      3851    477     3711

 COOLING
  TODAY            0                         1     -1        0
  MONTH TO DATE   12                        18     -6       20
  SINCE MAR 1     12                        24    -12       26
  SINCE JAN 1     12                        24    -12       27
..................................................................


WIND (MPH)
  HIGHEST WIND SPEED    12   HIGHEST WIND DIRECTION     S (160)
  HIGHEST GUST SPEED    15   HIGHEST GUST DIRECTION    SE (140)
  AVERAGE WIND SPEED     3.6


SKY COVER
  POSSIBLE SUNSHINE  MM
  AVERAGE SKY COVER 0.3


WEATHER CONDITIONS
 THE FOLLOWING WEATHER WAS RECORDED TODAY.
  NO SIGNIFICANT WEATHER WAS OBSERVED.


RELATIVE HUMIDITY (PERCENT)
 HIGHEST    86           500 AM
 LOWEST     31           200 PM
 AVERAGE    59

..........................................................


THE HARRISON CLIMATE NORMALS FOR TOMORROW
                         NORMAL    RECORD    YEAR
 MAXIMUM TEMPERATURE (F)   70        90      1987
 MINIMUM TEMPERATURE (F)   48        26      1953


SUNRISE AND SUNSET
APRIL 18 2014.........SUNRISE   635 AM CDT   SUNSET   749 PM CDT
APRIL 19 2014.........SUNRISE   634 AM CDT   SUNSET   750 PM CDT


-  INDICATES NEGATIVE NUMBERS.
R  INDICATES RECORD WAS SET OR TIED.
MM INDICATES DATA IS MISSING.
T  INDICATES TRACE AMOUNT.




$$
