000
CDUS44 KLZK 190635
CLIHRO


CLIMATE REPORT
NATIONAL WEATHER SERVICE LITTLE ROCK AR
134 AM CDT THU OCT 19 2017


...................................

...THE HARRISON CLIMATE SUMMARY FOR OCTOBER 18 2017...

CLIMATE NORMAL PERIOD 1981 TO 2010
CLIMATE RECORD PERIOD 1891 TO 2017


WEATHER ITEM   OBSERVED TIME   RECORD YEAR NORMAL DEPARTURE LAST
                VALUE   (LST)  VALUE       VALUE  FROM      YEAR
                                                  NORMAL
..................................................................
TEMPERATURE (F)
 YESTERDAY
  MAXIMUM         78    345 PM  95    1926  70      8       83
  MINIMUM         43    646 AM  24    1948  47     -4       68
  AVERAGE         61                        58      3       76

PRECIPITATION (IN)
  YESTERDAY        0.00          2.48 1918   0.12  -0.12     0.00
  MONTH TO DATE    0.91                      1.98  -1.07     3.10
  SINCE SEP 1      1.49                      6.18  -4.69     4.34
  SINCE JAN 1     36.67                     35.14   1.53    32.62

SNOWFALL (IN)
  YESTERDAY        0.0          MM      MM   0.0    0.0      0.0
  MONTH TO DATE    0.0                       0.0    0.0      0.0
  SINCE SEP 1      0.0                       0.0    0.0      0.0
  SINCE JUL 1      0.0                       0.0    0.0      0.0
  SNOW DEPTH       0

DEGREE DAYS
 HEATING
  YESTERDAY        4                         7     -3        0
  MONTH TO DATE   51                       101    -50       45
  SINCE SEP 1     55                       143    -88       57
  SINCE JUL 1     55                       144    -89       57

 COOLING
  YESTERDAY        0                         1     -1       11
  MONTH TO DATE   76                        24     52       53
  SINCE SEP 1    282                       192     90      280
  SINCE JAN 1   1387                      1403    -16     1591
..................................................................


WIND (MPH)
  HIGHEST WIND SPEED    15   HIGHEST WIND DIRECTION     S (160)
  HIGHEST GUST SPEED    20   HIGHEST GUST DIRECTION    SE (150)
  AVERAGE WIND SPEED     8.4


SKY COVER
  POSSIBLE SUNSHINE  MM
  AVERAGE SKY COVER 0.0


WEATHER CONDITIONS
 THE FOLLOWING WEATHER WAS RECORDED YESTERDAY.
  NO SIGNIFICANT WEATHER WAS OBSERVED.


RELATIVE HUMIDITY (PERCENT)
 HIGHEST    83           300 AM
 LOWEST     27          1200 PM
 AVERAGE    55

..........................................................


THE HARRISON CLIMATE NORMALS FOR TODAY
                         NORMAL    RECORD    YEAR
 MAXIMUM TEMPERATURE (F)   69        89      1927
 MINIMUM TEMPERATURE (F)   47        24      1925


SUNRISE AND SUNSET
OCTOBER 19 2017.......SUNRISE   723 AM CDT   SUNSET   631 PM CDT
OCTOBER 20 2017.......SUNRISE   724 AM CDT   SUNSET   630 PM CDT


-  INDICATES NEGATIVE NUMBERS.
R  INDICATES RECORD WAS SET OR TIED.
MM INDICATES DATA IS MISSING.
T  INDICATES TRACE AMOUNT.




$$
