000
CDUS42 KMHX 290536
CLIHSE


CLIMATE REPORT
NATIONAL WEATHER SERVICE NEWPORT/MOREHEAD CITY NC
136 AM EDT THU SEP 29 2016


...................................

...THE CAPE HATTERAS NC CLIMATE SUMMARY FOR SEPTEMBER 28 2016...

CLIMATE NORMAL PERIOD 1981 TO 2010
CLIMATE RECORD PERIOD 1874 TO 2016


WEATHER ITEM   OBSERVED TIME   RECORD YEAR NORMAL DEPARTURE LAST
                VALUE   (LST)  VALUE       VALUE  FROM      YEAR
                                                  NORMAL
..................................................................
TEMPERATURE (F)
 YESTERDAY
  MAXIMUM         84    120 PM  87    2011  77      7       78
  MINIMUM         72    419 AM  51    1963  66      6       73
  AVERAGE         78                        71      7       76

PRECIPITATION (IN)
  YESTERDAY        0.00          3.62 1992   0.19  -0.19     1.62
  MONTH TO DATE    8.73                      5.86   2.87    12.13
  SINCE SEP 1      8.73                      5.86   2.87    12.13
  SINCE JAN 1     60.99                     43.05  17.94    48.83

SNOWFALL (IN)
  YESTERDAY        0.0
  MONTH TO DATE    0.0
  SINCE NOV 1      T
  SINCE JUL 1      0.0
  SNOW DEPTH       0

DEGREE DAYS
 HEATING
  YESTERDAY        0                         0      0        0
  MONTH TO DATE    0                         0      0        0
  SINCE SEP 1      0                         0      0        0
  SINCE JUL 1      0                         0      0        0

 COOLING
  YESTERDAY       13                         7      6       11
  MONTH TO DATE  381                       273    108      340
  SINCE SEP 1    381                       273    108      340
  SINCE JAN 1   2016                      1579    437     1856
..................................................................


WIND (MPH)
  HIGHEST WIND SPEED    10   HIGHEST WIND DIRECTION    SE (120)
  HIGHEST GUST SPEED    14   HIGHEST GUST DIRECTION     N (20)
  AVERAGE WIND SPEED     5.0


SKY COVER
  POSSIBLE SUNSHINE  MM
  AVERAGE SKY COVER 0.2


WEATHER CONDITIONS
 THE FOLLOWING WEATHER WAS RECORDED YESTERDAY.
  NO SIGNIFICANT WEATHER WAS OBSERVED.


RELATIVE HUMIDITY (PERCENT)
 HIGHEST    94           800 PM
 LOWEST     65           300 PM
 AVERAGE    80

..........................................................


THE CAPE HATTERAS NC CLIMATE NORMALS FOR TODAY
                         NORMAL    RECORD    YEAR
 MAXIMUM TEMPERATURE (F)   77        85      2015
                                             1986
                                             1979
 MINIMUM TEMPERATURE (F)   65        47      1981


SUNRISE AND SUNSET
SEPTEMBER 29 2016.....SUNRISE   656 AM EDT   SUNSET   648 PM EDT
SEPTEMBER 30 2016.....SUNRISE   657 AM EDT   SUNSET   647 PM EDT


-  INDICATES NEGATIVE NUMBERS.
R  INDICATES RECORD WAS SET OR TIED.
MM INDICATES DATA IS MISSING.
T  INDICATES TRACE AMOUNT.




$$
