000
CDUS42 KMHX 100754
CLIHSE


CLIMATE REPORT
NATIONAL WEATHER SERVICE NEWPORT/MOREHEAD CITY NC
252 AM EST SAT DEC 10 2016


...................................

...THE CAPE HATTERAS NC CLIMATE SUMMARY FOR DECEMBER 9 2016...

CLIMATE NORMAL PERIOD 1981 TO 2010
CLIMATE RECORD PERIOD 1874 TO 2016


WEATHER ITEM   OBSERVED TIME   RECORD YEAR NORMAL DEPARTURE LAST
                VALUE   (LST)  VALUE       VALUE  FROM      YEAR
                                                  NORMAL
..................................................................
TEMPERATURE (F)
 YESTERDAY
  MAXIMUM         47        MM  74    1978  58    -11       68
  MINIMUM         38        MM  28    1976  44     -6       41
  AVERAGE         43                        51     -8       55

PRECIPITATION (IN)
  YESTERDAY        0.00          2.18 1957   0.13  -0.13     0.00
  MONTH TO DATE    1.82                      1.20   0.62     1.23
  SINCE DEC 1      1.82                      1.20   0.62     1.23
  SINCE JAN 1     70.06                     54.97  15.09    65.81

SNOWFALL (IN)
  YESTERDAY        0.0
  MONTH TO DATE    0.0
  SINCE NOV 1      0.0
  SINCE JUL 1      0.0
  SNOW DEPTH       0

DEGREE DAYS
 HEATING
  YESTERDAY       22                        14      8       10
  MONTH TO DATE  107                       118    -11       73
  SINCE DEC 1    107                       118    -11       73
  SINCE JUL 1    379                       436    -57      245

 COOLING
  YESTERDAY        0                         0      0        0
  MONTH TO DATE    0                         0      0        0
  SINCE DEC 1      0                         0      0        0
  SINCE JAN 1   2221                      1711    510     2039
..................................................................


WIND (MPH)
  HIGHEST WIND SPEED    13   HIGHEST WIND DIRECTION    NW (320)
  HIGHEST GUST SPEED    27   HIGHEST GUST DIRECTION    NW (330)
  AVERAGE WIND SPEED     7.7


SKY COVER
  POSSIBLE SUNSHINE  MM
  AVERAGE SKY COVER 0.0


WEATHER CONDITIONS
 THE FOLLOWING WEATHER WAS RECORDED YESTERDAY.
  NO SIGNIFICANT WEATHER WAS OBSERVED.


RELATIVE HUMIDITY (PERCENT)
 HIGHEST    53           400 AM
 LOWEST     43           400 PM
 AVERAGE    48

..........................................................


THE CAPE HATTERAS NC CLIMATE NORMALS FOR TODAY
                         NORMAL    RECORD    YEAR
 MAXIMUM TEMPERATURE (F)   57        73      1986
                                             1966
 MINIMUM TEMPERATURE (F)   44        24      1917


SUNRISE AND SUNSET
DECEMBER 10 2016......SUNRISE   700 AM EST   SUNSET   451 PM EST
DECEMBER 11 2016......SUNRISE   701 AM EST   SUNSET   451 PM EST


-  INDICATES NEGATIVE NUMBERS.
R  INDICATES RECORD WAS SET OR TIED.
MM INDICATES DATA IS MISSING.
T  INDICATES TRACE AMOUNT.




$$
