000
CDUS42 KMHX 210643
CLIHSE


CLIMATE REPORT
NATIONAL WEATHER SERVICE NEWPORT/MOREHEAD CITY NC
142 AM EST SAT JAN 21 2017


...................................

...THE CAPE HATTERAS NC CLIMATE SUMMARY FOR JANUARY 20 2017...

CLIMATE NORMAL PERIOD 1981 TO 2010
CLIMATE RECORD PERIOD 1874 TO 2017


WEATHER ITEM   OBSERVED TIME   RECORD YEAR NORMAL DEPARTURE LAST
                VALUE   (LST)  VALUE       VALUE  FROM      YEAR
                                                  NORMAL
..................................................................
TEMPERATURE (F)
 YESTERDAY
  MAXIMUM         68   1200 PM  72    1907  52     16       37
  MINIMUM         42    106 AM  10    1985  39      3       28
  AVERAGE         55                        45     10       33

PRECIPITATION (IN)
  YESTERDAY        0.06          3.03 1978   0.17  -0.11      T
  MONTH TO DATE    2.98                      3.40  -0.42     2.96
  SINCE DEC 1      7.99                      7.67   0.32     7.93
  SINCE JAN 1      2.98                      3.40  -0.42     2.96

SNOWFALL (IN)
  YESTERDAY        0.0
  MONTH TO DATE    T
  SINCE NOV 1      T
  SINCE JUL 1      T
  SNOW DEPTH       0

DEGREE DAYS
 HEATING
  YESTERDAY       10                        20    -10       32
  MONTH TO DATE  260                       393   -133      363
  SINCE DEC 1    646                       882   -236      486
  SINCE JUL 1    918                      1200   -282      658

 COOLING
  YESTERDAY        0                         0      0        0
  MONTH TO DATE    0                         0      0        0
  SINCE DEC 1      3                         3      0       64
  SINCE JAN 1      0                         0      0        0
..................................................................


WIND (MPH)
  HIGHEST WIND SPEED    12   HIGHEST WIND DIRECTION     E (90)
  HIGHEST GUST SPEED    14   HIGHEST GUST DIRECTION    SW (210)
  AVERAGE WIND SPEED     5.5


SKY COVER
  POSSIBLE SUNSHINE  MM
  AVERAGE SKY COVER 0.4


WEATHER CONDITIONS
 THE FOLLOWING WEATHER WAS RECORDED YESTERDAY.
  RAIN
  LIGHT RAIN
  FOG
  HAZE


RELATIVE HUMIDITY (PERCENT)
 HIGHEST    96          1000 PM
 LOWEST     63          1100 AM
 AVERAGE    80

..........................................................


THE CAPE HATTERAS NC CLIMATE NORMALS FOR TODAY
                         NORMAL    RECORD    YEAR
 MAXIMUM TEMPERATURE (F)   52        73      1937
 MINIMUM TEMPERATURE (F)   39         6      1985


SUNRISE AND SUNSET
JANUARY 21 2017.......SUNRISE   708 AM EST   SUNSET   520 PM EST
JANUARY 22 2017.......SUNRISE   708 AM EST   SUNSET   521 PM EST


-  INDICATES NEGATIVE NUMBERS.
R  INDICATES RECORD WAS SET OR TIED.
MM INDICATES DATA IS MISSING.
T  INDICATES TRACE AMOUNT.




$$
