000
CDUS42 KMHX 180526
CLIHSE


CLIMATE REPORT
NATIONAL WEATHER SERVICE NEWPORT/MOREHEAD CITY NC
1226 AM EST MON DEC 18 2017


...................................

...THE CAPE HATTERAS NC CLIMATE SUMMARY FOR DECEMBER 17 2017...

CLIMATE NORMAL PERIOD 1981 TO 2010
CLIMATE RECORD PERIOD 1874 TO 2017


WEATHER ITEM   OBSERVED TIME   RECORD YEAR NORMAL DEPARTURE LAST
                VALUE   (LST)  VALUE       VALUE  FROM      YEAR
                                                  NORMAL
..................................................................
TEMPERATURE (F)
 YESTERDAY
  MAXIMUM         54   1212 PM  75    2015  55     -1       67
  MINIMUM         34   1252 AM  25    1988  42     -8       48
                                      1963
  AVERAGE         44                        49     -5       58

PRECIPITATION (IN)
  YESTERDAY        0.01          3.34 1930   0.14  -0.13     0.41
  MONTH TO DATE    3.08                      2.29   0.79     3.31
  SINCE DEC 1      3.08                      2.29   0.79     3.31
  SINCE JAN 1     56.88                     56.06   0.82    71.55

SNOWFALL (IN)
  YESTERDAY        0.0
  MONTH TO DATE    0.0
  SINCE NOV 1      0.0
  SINCE JUL 1      0.0
  SNOW DEPTH       0

DEGREE DAYS
 HEATING
  YESTERDAY       21                        16      5        7
  MONTH TO DATE  246                       241      5      236
  SINCE DEC 1    246                       241      5      236
  SINCE JUL 1    492                       559    -67      508

 COOLING
  YESTERDAY        0                         0      0        0
  MONTH TO DATE    2                         0      2        0
  SINCE DEC 1      2                         0      2        0
  SINCE JAN 1   2352                      1711    641     2221
..................................................................


WIND (MPH)
  HIGHEST WIND SPEED     9   HIGHEST WIND DIRECTION    NW (330)
  HIGHEST GUST SPEED    15   HIGHEST GUST DIRECTION     W (290)
  AVERAGE WIND SPEED     3.5


SKY COVER
  POSSIBLE SUNSHINE  MM
  AVERAGE SKY COVER 0.3


WEATHER CONDITIONS
 THE FOLLOWING WEATHER WAS RECORDED YESTERDAY.
  LIGHT RAIN


RELATIVE HUMIDITY (PERCENT)
 HIGHEST   100           100 AM
 LOWEST     48          1100 AM
 AVERAGE    74

..........................................................


THE CAPE HATTERAS NC CLIMATE NORMALS FOR TODAY
                         NORMAL    RECORD    YEAR
 MAXIMUM TEMPERATURE (F)   55        72      1990
                                             1984
                                             1967
 MINIMUM TEMPERATURE (F)   42        23      1968


SUNRISE AND SUNSET
DECEMBER 18 2017......SUNRISE   706 AM EST   SUNSET   453 PM EST
DECEMBER 19 2017......SUNRISE   706 AM EST   SUNSET   453 PM EST


-  INDICATES NEGATIVE NUMBERS.
R  INDICATES RECORD WAS SET OR TIED.
MM INDICATES DATA IS MISSING.
T  INDICATES TRACE AMOUNT.




$$
