000
CDUS43 KGID 240656
CLIHSI


CLIMATE REPORT
NATIONAL WEATHER SERVICE HASTINGS NE
155 AM CDT THU APR 24 2014


...................................

...THE HASTINGS NE CLIMATE SUMMARY FOR APRIL 23 2014...

CLIMATE NORMAL PERIOD 1981 TO 2010
CLIMATE RECORD PERIOD 1894 TO 2014


WEATHER ITEM   OBSERVED TIME   RECORD YEAR NORMAL DEPARTURE LAST
                VALUE   (LST)  VALUE       VALUE  FROM      YEAR
                                                  NORMAL
..................................................................
TEMPERATURE (F)
 YESTERDAY
  MAXIMUM         80    241 PM  96    1989  65     15       37
  MINIMUM         53    638 AM  26    2013  41     12       26
  AVERAGE         67                        53     14       32

PRECIPITATION (IN)
  YESTERDAY        1.77          1.78 1944   0.09   1.68      T
  MONTH TO DATE    3.17                      1.75   1.42     2.63
  SINCE MAR 1      3.32                      3.54  -0.22     4.88
  SINCE JAN 1      4.03                      4.44  -0.41     6.10

SNOWFALL (IN)
  YESTERDAY        0.0           6.6  1956   0.0    0.0       T
  MONTH TO DATE    2.2                       1.1    1.1      3.7
  SINCE MAR 1      3.4                       6.3   -2.9     11.6
  SINCE JUL 1     21.7                      28.7   -7.0     35.4
  SNOW DEPTH       0

DEGREE DAYS
 HEATING
  YESTERDAY        0                        12    -12       33
  MONTH TO DATE  324                       358    -34      531
  SINCE MAR 1   1183                      1135     48     1413
  SINCE JUL 1   6063                      5765    298     6040

 COOLING
  YESTERDAY        2                         0      2        0
  MONTH TO DATE    6                         0      6        0
  SINCE MAR 1      6                         0      6        0
  SINCE JAN 1      6                         0      6        0
..................................................................


WIND (MPH)
  HIGHEST WIND SPEED    32   HIGHEST WIND DIRECTION     S (160)
  HIGHEST GUST SPEED    42   HIGHEST GUST DIRECTION     S (160)
  AVERAGE WIND SPEED    16.2


SKY COVER
  AVERAGE SKY COVER 0.4


WEATHER CONDITIONS
 THE FOLLOWING WEATHER WAS RECORDED YESTERDAY.
  THUNDERSTORM
  HEAVY RAIN
  RAIN
  LIGHT RAIN
  FOG


RELATIVE HUMIDITY (PERCENT)
 HIGHEST    87           900 PM
 LOWEST     35           200 PM
 AVERAGE    61

..........................................................


THE HASTINGS NE CLIMATE NORMALS FOR TODAY
                         NORMAL    RECORD    YEAR
 MAXIMUM TEMPERATURE (F)   66        94      2012
 MINIMUM TEMPERATURE (F)   42        21      1956


SUNRISE AND SUNSET
APRIL 24 2014.........SUNRISE   642 AM CDT   SUNSET   822 PM CDT
APRIL 25 2014.........SUNRISE   641 AM CDT   SUNSET   823 PM CDT


-  INDICATES NEGATIVE NUMBERS.
R  INDICATES RECORD WAS SET OR TIED.
MM INDICATES DATA IS MISSING.
T  INDICATES TRACE AMOUNT.




$$
