000
CDUS43 KGID 050657
CLIHSI


CLIMATE REPORT
NATIONAL WEATHER SERVICE HASTINGS NE
155 AM CDT THU MAY 5 2016


...................................

...THE HASTINGS NE CLIMATE SUMMARY FOR MAY 4 2016...

CLIMATE NORMAL PERIOD 1981 TO 2010
CLIMATE RECORD PERIOD 1894 TO 2016


WEATHER ITEM   OBSERVED TIME   RECORD YEAR NORMAL DEPARTURE LAST
                VALUE   (LST)  VALUE       VALUE  FROM      YEAR
                                                  NORMAL
..................................................................
TEMPERATURE (F)
 YESTERDAY
  MAXIMUM         71    419 PM  90    1962  68      3       64
  MINIMUM         46    606 AM  26    1907  46      0       54
  AVERAGE         59                        57      2       59

PRECIPITATION (IN)
  YESTERDAY        0.00          2.01 2001   0.16  -0.16     0.13
  MONTH TO DATE    0.03                      0.64  -0.61     0.13
  SINCE MAR 1      6.26                      4.99   1.27     3.88
  SINCE JAN 1      8.18                      5.89   2.29     4.99

SNOWFALL (IN)
  YESTERDAY        0.0           T    2003   0.0    0.0      0.0
  MONTH TO DATE    0.0                       0.0    0.0      0.0
  SINCE MAR 1      2.1                       6.4   -4.3      0.8
  SINCE JUL 1     32.4                      28.8    3.6     17.0
  6 AM SNOW DEPTH  0

DEGREE DAYS
 HEATING
  YESTERDAY        6                         9     -3        6
  MONTH TO DATE   53                        36     17        6
  SINCE MAR 1    983                      1245   -262      997
  SINCE JUL 1   4893                      5875   -982     5620

 COOLING
  YESTERDAY        0                         1     -1        0
  MONTH TO DATE    0                         2     -2       17
  SINCE MAR 1      0                         7     -7       21
  SINCE JAN 1      0                         7     -7       21
..................................................................


WIND (MPH)
  HIGHEST WIND SPEED    20   HIGHEST WIND DIRECTION     N (360)
  HIGHEST GUST SPEED    24   HIGHEST GUST DIRECTION     N (350)
  AVERAGE WIND SPEED    10.1


SKY COVER
  AVERAGE SKY COVER 0.0


WEATHER CONDITIONS
 THE FOLLOWING WEATHER WAS RECORDED YESTERDAY.
  NO SIGNIFICANT WEATHER WAS OBSERVED.


RELATIVE HUMIDITY (PERCENT)
 HIGHEST    77           400 AM
 LOWEST     23           500 PM
 AVERAGE    50

..........................................................


THE HASTINGS NE CLIMATE NORMALS FOR TODAY
                         NORMAL    RECORD    YEAR
 MAXIMUM TEMPERATURE (F)   69        94      1909
 MINIMUM TEMPERATURE (F)   46        29      1944


SUNRISE AND SUNSET
MAY  5 2016...........SUNRISE   627 AM CDT   SUNSET   834 PM CDT
MAY  6 2016...........SUNRISE   626 AM CDT   SUNSET   835 PM CDT


-  INDICATES NEGATIVE NUMBERS.
R  INDICATES RECORD WAS SET OR TIED.
MM INDICATES DATA IS MISSING.
T  INDICATES TRACE AMOUNT.




$$
