000
CDUS43 KGID 060629
CLIHSI


CLIMATE REPORT
NATIONAL WEATHER SERVICE HASTINGS NE
1228 AM CST FRI MAR 6 2015


...................................

...THE HASTINGS NE CLIMATE SUMMARY FOR MARCH 5 2015...

CLIMATE NORMAL PERIOD 1981 TO 2010
CLIMATE RECORD PERIOD 1894 TO 2015


WEATHER ITEM   OBSERVED TIME   RECORD YEAR NORMAL DEPARTURE LAST
                VALUE   (LST)  VALUE       VALUE  FROM      YEAR
                                                  NORMAL
..................................................................
TEMPERATURE (F)
 YESTERDAY
  MAXIMUM         41    448 PM  75    2009  46     -5       36
                                      1950
                                      1910
  MINIMUM          1    432 AM  -1    1989  25    -24       20
  AVERAGE         21                        36    -15       28

PRECIPITATION (IN)
  YESTERDAY        0.00          1.10 1915   0.04  -0.04     0.00
  MONTH TO DATE    0.04                      0.17  -0.13      T
  SINCE MAR 1      0.04                      0.17  -0.13      T
  SINCE JAN 1      1.15                      1.07   0.08     0.71

SNOWFALL (IN)
  YESTERDAY        0.0          10.0  1915   0.2   -0.2      0.0
  MONTH TO DATE    0.8                       0.9   -0.1       T
  SINCE MAR 1      0.8                       0.9   -0.1       T
  SINCE JUL 1     17.0                      23.3   -6.3     18.3
  SNOW DEPTH       0

DEGREE DAYS
 HEATING
  YESTERDAY       44                        29     15       37
  MONTH TO DATE  198                       150     48      245
  SINCE MAR 1    198                       150     48      245
  SINCE JUL 1   4821                      4780     41     5125

 COOLING
  YESTERDAY        0                         0      0        0
  MONTH TO DATE    0                         0      0        0
  SINCE MAR 1      0                         0      0        0
  SINCE JAN 1      0                         0      0        0
..................................................................


WIND (MPH)
  HIGHEST WIND SPEED    15   HIGHEST WIND DIRECTION     S (200)
  HIGHEST GUST SPEED    21   HIGHEST GUST DIRECTION     S (170)
  AVERAGE WIND SPEED     7.4


SKY COVER
  AVERAGE SKY COVER 0.0


WEATHER CONDITIONS
 THE FOLLOWING WEATHER WAS RECORDED YESTERDAY.
  NO SIGNIFICANT WEATHER WAS OBSERVED.


RELATIVE HUMIDITY (PERCENT)
 HIGHEST    76           200 AM
 LOWEST     20           500 PM
 AVERAGE    48

..........................................................


THE HASTINGS NE CLIMATE NORMALS FOR TODAY
                         NORMAL    RECORD    YEAR
 MAXIMUM TEMPERATURE (F)   47        83      1972
 MINIMUM TEMPERATURE (F)   25        -8      1943


SUNRISE AND SUNSET
MARCH  6 2015.........SUNRISE   700 AM CST   SUNSET   630 PM CST
MARCH  7 2015.........SUNRISE   659 AM CST   SUNSET   632 PM CST


-  INDICATES NEGATIVE NUMBERS.
R  INDICATES RECORD WAS SET OR TIED.
MM INDICATES DATA IS MISSING.
T  INDICATES TRACE AMOUNT.




$$
