000
CDUS43 KGID 010631
CLIHSI


CLIMATE REPORT
NATIONAL WEATHER SERVICE HASTINGS NE
131 AM CDT MON SEP 1 2014


...................................

...THE HASTINGS NE CLIMATE SUMMARY FOR AUGUST 31 2014...

CLIMATE NORMAL PERIOD 1981 TO 2010
CLIMATE RECORD PERIOD 1894 TO 2014


WEATHER ITEM   OBSERVED TIME   RECORD YEAR NORMAL DEPARTURE LAST
                VALUE   (LST)  VALUE       VALUE  FROM      YEAR
                                                  NORMAL
..................................................................
TEMPERATURE (F)
 YESTERDAY
  MAXIMUM         86    214 PM 103    1984  83      3       94
  MINIMUM         63   1110 PM  44    1915  60      3       69
  AVERAGE         75                        71      4       82

PRECIPITATION (IN)
  YESTERDAY        0.00          6.09 1969   0.14  -0.14      T
  MONTH TO DATE    7.79                      3.30   4.49     3.25
  SINCE JUN 1     17.96                     10.84   7.12     6.26
  SINCE JAN 1     24.90                     20.66   4.24    18.06

SNOWFALL (IN)
  YESTERDAY        0.0                       0.0    0.0      0.0
  MONTH TO DATE    0.0                       0.0    0.0      0.0
  SINCE JUN 1      0.0                       0.0    0.0      0.0
  SINCE JUL 1      0.0                       0.0    0.0      0.0
  SNOW DEPTH       0

DEGREE DAYS
 HEATING
  YESTERDAY        0                         1     -1        0
  MONTH TO DATE    0                         2     -2        0
  SINCE JUN 1     14                        27    -13       33
  SINCE JUL 1      6                         6      0        6

 COOLING
  YESTERDAY       10                         7      3       17
  MONTH TO DATE  291                       293     -2      315
  SINCE JUN 1    802                       894    -92      884
  SINCE JAN 1    920                       953    -33      958
..................................................................


WIND (MPH)
  HIGHEST WIND SPEED    32   HIGHEST WIND DIRECTION     N (340)
  HIGHEST GUST SPEED    39   HIGHEST GUST DIRECTION     N (340)
  AVERAGE WIND SPEED     9.1


SKY COVER
  AVERAGE SKY COVER 0.2


WEATHER CONDITIONS
 THE FOLLOWING WEATHER WAS RECORDED YESTERDAY.
  THUNDERSTORM


RELATIVE HUMIDITY (PERCENT)
 HIGHEST    90          1100 PM
 LOWEST     47          1100 AM
 AVERAGE    69

..........................................................


THE HASTINGS NE CLIMATE NORMALS FOR TODAY
                         NORMAL    RECORD    YEAR
 MAXIMUM TEMPERATURE (F)   82       101      1990
                                             1948
 MINIMUM TEMPERATURE (F)   59        42      1956


SUNRISE AND SUNSET
SEPTEMBER  1 2014.....SUNRISE   701 AM CDT   SUNSET   806 PM CDT
SEPTEMBER  2 2014.....SUNRISE   702 AM CDT   SUNSET   804 PM CDT


-  INDICATES NEGATIVE NUMBERS.
R  INDICATES RECORD WAS SET OR TIED.
MM INDICATES DATA IS MISSING.
T  INDICATES TRACE AMOUNT.




$$
