000
CDUS43 KGID 312223
CLIHSI


CLIMATE REPORT
NATIONAL WEATHER SERVICE HASTINGS NE
523 PM CDT TUE MAY 31 2016


...................................

...THE HASTINGS NE CLIMATE SUMMARY FOR MAY 31 2016...
VALID TODAY AS OF 0500 PM LOCAL TIME.

CLIMATE NORMAL PERIOD 1981 TO 2010
CLIMATE RECORD PERIOD 1894 TO 2016


WEATHER ITEM   OBSERVED TIME   RECORD YEAR NORMAL DEPARTURE LAST
                VALUE   (LST)  VALUE       VALUE  FROM      YEAR
                                                  NORMAL
..................................................................
TEMPERATURE (F)
 TODAY
  MAXIMUM         73    359 PM 102    1934  77     -4       72
  MINIMUM         57    432 AM  38    1964  56      1       44
  AVERAGE         65                        67     -2       58

PRECIPITATION (IN)
  TODAY            0.12          1.73 1896   0.12   0.00     0.00
  MONTH TO DATE    3.68                      4.57  -0.89     3.86
  SINCE MAR 1      9.91                      8.92   0.99     7.61
  SINCE JAN 1     11.83                      9.82   2.01     8.72

SNOWFALL (IN)
  TODAY            0.0                       0.0    0.0      0.0
  MONTH TO DATE    0.0                       0.0    0.0      0.0
  SINCE MAR 1      2.1                       6.4   -4.3      0.8
  SINCE JUL 1     32.4                      28.8    3.6     17.0
  SNOW DEPTH       0

DEGREE DAYS
 HEATING
  TODAY            0                         2     -2        7
  MONTH TO DATE  176                       169      7      184
  SINCE MAR 1   1106                      1378   -272     1175
  SINCE JUL 1   5016                      6008   -992     5798

 COOLING
  TODAY            0                         4     -4        0
  MONTH TO DATE   28                        54    -26       27
  SINCE MAR 1     28                        59    -31       31
  SINCE JAN 1     28                        59    -31       31
..................................................................


WIND (MPH)
  HIGHEST WIND SPEED    18   HIGHEST WIND DIRECTION     N (360)
  HIGHEST GUST SPEED    23   HIGHEST GUST DIRECTION     N (20)
  AVERAGE WIND SPEED    10.1


SKY COVER
  AVERAGE SKY COVER 0.2


WEATHER CONDITIONS
 THE FOLLOWING WEATHER WAS RECORDED TODAY.
  RAIN
  LIGHT RAIN
  FOG


RELATIVE HUMIDITY (PERCENT)
 HIGHEST   100           100 AM
 LOWEST     33           400 PM
 AVERAGE    67

..........................................................


THE HASTINGS NE CLIMATE NORMALS FOR TOMORROW
                         NORMAL    RECORD    YEAR
 MAXIMUM TEMPERATURE (F)   78        98      1934
 MINIMUM TEMPERATURE (F)   57        39      1956


SUNRISE AND SUNSET
MAY 31 2016...........SUNRISE   605 AM CDT   SUNSET   858 PM CDT
JUNE  1 2016..........SUNRISE   605 AM CDT   SUNSET   859 PM CDT


-  INDICATES NEGATIVE NUMBERS.
R  INDICATES RECORD WAS SET OR TIED.
MM INDICATES DATA IS MISSING.
T  INDICATES TRACE AMOUNT.




$$
