202
CDUS43 KGID 250626
CLIHSI


CLIMATE REPORT
NATIONAL WEATHER SERVICE HASTINGS NE
126 AM CDT SUN JUN 25 2017


...................................

...THE HASTINGS NE CLIMATE SUMMARY FOR JUNE 24 2017...

CLIMATE NORMAL PERIOD 1981 TO 2010
CLIMATE RECORD PERIOD 1894 TO 2017


WEATHER ITEM   OBSERVED TIME   RECORD YEAR NORMAL DEPARTURE LAST
                VALUE   (LST)  VALUE       VALUE  FROM      YEAR
                                                  NORMAL
..................................................................
TEMPERATURE (F)
 YESTERDAY
  MAXIMUM         78    337 PM 105    1973  86     -8       94
  MINIMUM         49    426 AM  42    1940  63    -14       66
  AVERAGE         64                        74    -10       80

PRECIPITATION (IN)
  YESTERDAY        0.00          4.20 1968   0.12  -0.12     0.00
  MONTH TO DATE    1.70                      3.15  -1.45     0.18
  SINCE JUN 1      1.70                      3.15  -1.45     0.18
  SINCE JAN 1     13.54                     12.97   0.57    12.01

SNOWFALL (IN)
  YESTERDAY        0.0                       0.0    0.0      0.0
  MONTH TO DATE    0.0                       0.0    0.0      0.0
  SINCE JUN 1      0.0                       0.0    0.0      0.0
  SINCE JUL 1     11.1                      28.8  -17.7     32.4
  SNOW DEPTH       0

DEGREE DAYS
 HEATING
  YESTERDAY        1                         0      1        0
  MONTH TO DATE    1                        19    -18        0
  SINCE JUN 1      1                        19    -18        0
  SINCE JUL 1   5144                      6027   -883     5016

 COOLING
  YESTERDAY        0                        10    -10       15
  MONTH TO DATE  251                       163     88      282
  SINCE JUN 1    251                       163     88      282
  SINCE JAN 1    312                       222     90      311
..................................................................


WIND (MPH)
  HIGHEST WIND SPEED    20   HIGHEST WIND DIRECTION     W (250)
  HIGHEST GUST SPEED    26   HIGHEST GUST DIRECTION    SW (240)
  AVERAGE WIND SPEED     6.3


SKY COVER
  AVERAGE SKY COVER 0.0


WEATHER CONDITIONS
 THE FOLLOWING WEATHER WAS RECORDED YESTERDAY.
  NO SIGNIFICANT WEATHER WAS OBSERVED.


RELATIVE HUMIDITY (PERCENT)
 HIGHEST    71           200 AM
 LOWEST     19          1200 PM
 AVERAGE    45

..........................................................


THE HASTINGS NE CLIMATE NORMALS FOR TODAY
                         NORMAL    RECORD    YEAR
 MAXIMUM TEMPERATURE (F)   86       105      1936
 MINIMUM TEMPERATURE (F)   63        43      1958


SUNRISE AND SUNSET
JUNE 25 2017..........SUNRISE   604 AM CDT   SUNSET   909 PM CDT
JUNE 26 2017..........SUNRISE   605 AM CDT   SUNSET   909 PM CDT


-  INDICATES NEGATIVE NUMBERS.
R  INDICATES RECORD WAS SET OR TIED.
MM INDICATES DATA IS MISSING.
T  INDICATES TRACE AMOUNT.




$$
