358
CDUS43 KGID 152324
CLIHSI


CLIMATE REPORT
NATIONAL WEATHER SERVICE HASTINGS NE
524 PM CST FRI DEC 15 2017


...................................

...THE HASTINGS NE CLIMATE SUMMARY FOR DECEMBER 15 2017...
VALID TODAY AS OF 0500 PM LOCAL TIME.

CLIMATE NORMAL PERIOD 1981 TO 2010
CLIMATE RECORD PERIOD 1894 TO 2017


WEATHER ITEM   OBSERVED TIME   RECORD YEAR NORMAL DEPARTURE LAST
                VALUE   (LST)  VALUE       VALUE  FROM      YEAR
                                                  NORMAL
..................................................................
TEMPERATURE (F)
 TODAY
  MAXIMUM         51    425 PM  67    2002  37     14       28
  MINIMUM         20    226 AM -16    1989  18      2       10
  AVERAGE         36                        27      9       19

PRECIPITATION (IN)
  TODAY            0.00          1.46 1984   0.01  -0.01     0.00
  MONTH TO DATE    0.03                      0.41  -0.38     0.08
  SINCE DEC 1      0.03                      0.41  -0.38     0.08
  SINCE JAN 1     30.42                     26.91   3.51    20.13

SNOWFALL (IN)
  TODAY            0.0          11.0  1974   0.2   -0.2      0.0
  MONTH TO DATE    0.2                       2.8   -2.6      0.7
  SINCE DEC 1      0.2                       2.8   -2.6      0.7
  SINCE JUL 1      0.4                       6.6   -6.2      0.8
  SNOW DEPTH       0

DEGREE DAYS
 HEATING
  TODAY           29                        38     -9       46
  MONTH TO DATE  428                       537   -109      607
  SINCE DEC 1    428                       537   -109      607
  SINCE JUL 1   1571                      1818   -247     1474

 COOLING
  TODAY            0                         0      0        0
  MONTH TO DATE    0                         0      0        0
  SINCE DEC 1      0                         0      0        0
  SINCE JAN 1   1129                      1077     52     1195
..................................................................


WIND (MPH)
  HIGHEST WIND SPEED    18   HIGHEST WIND DIRECTION     W (250)
  HIGHEST GUST SPEED    29   HIGHEST GUST DIRECTION    SW (230)
  AVERAGE WIND SPEED     9.4


SKY COVER
  AVERAGE SKY COVER 0.0


WEATHER CONDITIONS
 THE FOLLOWING WEATHER WAS RECORDED TODAY.
  NO SIGNIFICANT WEATHER WAS OBSERVED.


RELATIVE HUMIDITY (PERCENT)
 HIGHEST    88           300 AM
 LOWEST     30           400 PM
 AVERAGE    59

..........................................................


THE HASTINGS NE CLIMATE NORMALS FOR TOMORROW
                         NORMAL    RECORD    YEAR
 MAXIMUM TEMPERATURE (F)   36        68      1962
 MINIMUM TEMPERATURE (F)   18       -15      1989


SUNRISE AND SUNSET
DECEMBER 15 2017......SUNRISE   750 AM CST   SUNSET   508 PM CST
DECEMBER 16 2017......SUNRISE   751 AM CST   SUNSET   508 PM CST


-  INDICATES NEGATIVE NUMBERS.
R  INDICATES RECORD WAS SET OR TIED.
MM INDICATES DATA IS MISSING.
T  INDICATES TRACE AMOUNT.




$$
