000
CDUS43 KGID 270625
CLIHSI


CLIMATE REPORT
NATIONAL WEATHER SERVICE HASTINGS NE
123 AM CDT THU APR 27 2017


...................................

...THE HASTINGS NE CLIMATE SUMMARY FOR APRIL 26 2017...

CLIMATE NORMAL PERIOD 1981 TO 2010
CLIMATE RECORD PERIOD 1894 TO 2017


WEATHER ITEM   OBSERVED TIME   RECORD YEAR NORMAL DEPARTURE LAST
                VALUE   (LST)  VALUE       VALUE  FROM      YEAR
                                                  NORMAL
..................................................................
TEMPERATURE (F)
 YESTERDAY
  MAXIMUM         48    340 PM  92    1981  66    -18       72
  MINIMUM         29   1023 PM  25    1950  42    -13       47
  AVERAGE         39                        54    -15       60

PRECIPITATION (IN)
  YESTERDAY        0.00          1.05 1920   0.10  -0.10     0.03
  MONTH TO DATE    0.92                      2.04  -1.12     3.85
  SINCE MAR 1      2.00                      3.83  -1.83     4.39
  SINCE JAN 1      3.10                      4.73  -1.63     6.31

SNOWFALL (IN)
  YESTERDAY        0.0          MM      MM   0.0    0.0      0.0
  MONTH TO DATE    0.0                       1.2   -1.2      0.0
  SINCE MAR 1      1.2                       6.4   -5.2      2.1
  SINCE JUL 1     10.3                      28.8  -18.5     32.4
  SNOW DEPTH       0

DEGREE DAYS
 HEATING
  YESTERDAY       26                        11     15        5
  MONTH TO DATE  288                       392   -104      280
  SINCE MAR 1    951                      1169   -218      850
  SINCE JUL 1   4881                      5799   -918     4760

 COOLING
  YESTERDAY        0                         0      0        0
  MONTH TO DATE    8                         0      8        0
  SINCE MAR 1      8                         0      8        0
  SINCE JAN 1      8                         0      8        0
..................................................................


WIND (MPH)
  HIGHEST WIND SPEED    29   HIGHEST WIND DIRECTION     N (340)
  HIGHEST GUST SPEED    35   HIGHEST GUST DIRECTION     N (340)
  AVERAGE WIND SPEED    17.8


SKY COVER
  AVERAGE SKY COVER 0.7


WEATHER CONDITIONS
 THE FOLLOWING WEATHER WAS RECORDED YESTERDAY.
  NO SIGNIFICANT WEATHER WAS OBSERVED.


RELATIVE HUMIDITY (PERCENT)
 HIGHEST    89           200 AM
 LOWEST     53           300 PM
 AVERAGE    71

..........................................................


THE HASTINGS NE CLIMATE NORMALS FOR TODAY
                         NORMAL    RECORD    YEAR
 MAXIMUM TEMPERATURE (F)   66        95      1989
 MINIMUM TEMPERATURE (F)   43        25      1950


SUNRISE AND SUNSET
APRIL 27 2017.........SUNRISE   637 AM CDT   SUNSET   826 PM CDT
APRIL 28 2017.........SUNRISE   636 AM CDT   SUNSET   827 PM CDT


-  INDICATES NEGATIVE NUMBERS.
R  INDICATES RECORD WAS SET OR TIED.
MM INDICATES DATA IS MISSING.
T  INDICATES TRACE AMOUNT.




$$
