000
CDUS43 KGID 030639
CLIHSI


CLIMATE REPORT
NATIONAL WEATHER SERVICE HASTINGS NE
137 AM CDT THU SEP 3 2015


...................................

...THE HASTINGS NE CLIMATE SUMMARY FOR SEPTEMBER 2 2015...

CLIMATE NORMAL PERIOD 1981 TO 2010
CLIMATE RECORD PERIOD 1894 TO 2015


WEATHER ITEM   OBSERVED TIME   RECORD YEAR NORMAL DEPARTURE LAST
                VALUE   (LST)  VALUE       VALUE  FROM      YEAR
                                                  NORMAL
..................................................................
TEMPERATURE (F)
 YESTERDAY
  MAXIMUM         95    400 PM 104    1948  82     13       81
  MINIMUM         67    643 AM  44    1952  59      8       53
  AVERAGE         81                        70     11       67

PRECIPITATION (IN)
  YESTERDAY        0.00          4.10 1942   0.10  -0.10     0.00
  MONTH TO DATE    0.00                      0.21  -0.21     0.01
  SINCE SEP 1      0.00                      0.21  -0.21     0.01
  SINCE JAN 1     23.05                     20.87   2.18    24.91

SNOWFALL (IN)
  YESTERDAY        0.0                       0.0    0.0      0.0
  MONTH TO DATE    0.0                       0.0    0.0      0.0
  SINCE SEP 1      0.0                       0.0    0.0      0.0
  SINCE JUL 1      0.0                       0.0    0.0      0.0
  6 AM SNOW DEPTH  0

DEGREE DAYS
 HEATING
  YESTERDAY        0                         1     -1        0
  MONTH TO DATE    0                         2     -2        0
  SINCE SEP 1      0                         2     -2        0
  SINCE JUL 1     15                         8      7        6

 COOLING
  YESTERDAY       16                         6     10        2
  MONTH TO DATE   30                        13     17        4
  SINCE SEP 1     30                        13     17        4
  SINCE JAN 1    873                       966    -93      924
..................................................................


WIND (MPH)
  HIGHEST WIND SPEED    16   HIGHEST WIND DIRECTION     S (170)
  HIGHEST GUST SPEED    21   HIGHEST GUST DIRECTION     S (170)
  AVERAGE WIND SPEED     8.5


SKY COVER
  AVERAGE SKY COVER 0.0


WEATHER CONDITIONS
 THE FOLLOWING WEATHER WAS RECORDED YESTERDAY.
  NO SIGNIFICANT WEATHER WAS OBSERVED.


RELATIVE HUMIDITY (PERCENT)
 HIGHEST    76           600 AM
 LOWEST     36           200 PM
 AVERAGE    56

..........................................................


THE HASTINGS NE CLIMATE NORMALS FOR TODAY
                         NORMAL    RECORD    YEAR
 MAXIMUM TEMPERATURE (F)   82       104      1947
 MINIMUM TEMPERATURE (F)   59        37      1974


SUNRISE AND SUNSET
SEPTEMBER  3 2015.....SUNRISE   703 AM CDT   SUNSET   803 PM CDT
SEPTEMBER  4 2015.....SUNRISE   704 AM CDT   SUNSET   801 PM CDT


-  INDICATES NEGATIVE NUMBERS.
R  INDICATES RECORD WAS SET OR TIED.
MM INDICATES DATA IS MISSING.
T  INDICATES TRACE AMOUNT.




$$
