000
CDUS43 KGID 230623
CLIHSI


CLIMATE REPORT
NATIONAL WEATHER SERVICE HASTINGS NE
122 AM CDT WED AUG 23 2017


...................................

...THE HASTINGS NE CLIMATE SUMMARY FOR AUGUST 22 2017...

CLIMATE NORMAL PERIOD 1981 TO 2010
CLIMATE RECORD PERIOD 1894 TO 2017


WEATHER ITEM   OBSERVED TIME   RECORD YEAR NORMAL DEPARTURE LAST
                VALUE   (LST)  VALUE       VALUE  FROM      YEAR
                                                  NORMAL
..................................................................
TEMPERATURE (F)
 YESTERDAY
  MAXIMUM         77    418 PM 104    1938  85     -8       87
  MINIMUM         60   1153 PM  45    1923  62     -2       63
  AVERAGE         69                        73     -4       75

PRECIPITATION (IN)
  YESTERDAY        0.00          2.47 2007   0.12  -0.12     0.00
  MONTH TO DATE    4.34                      2.16   2.18     1.18
  SINCE JUN 1     10.84                      9.70   1.14     4.15
  SINCE JAN 1     22.68                     19.52   3.16    15.98

SNOWFALL (IN)
  YESTERDAY        0.0                       0.0    0.0      0.0
  MONTH TO DATE    0.0                       0.0    0.0      0.0
  SINCE JUN 1      0.0                       0.0    0.0      0.0
  SINCE JUL 1      0.0                       0.0    0.0      0.0
  SNOW DEPTH       0

DEGREE DAYS
 HEATING
  YESTERDAY        0                         0      0        0
  MONTH TO DATE    4                         0      4        0
  SINCE JUN 1      7                        22    -15        3
  SINCE JUL 1      4                         1      3        3

 COOLING
  YESTERDAY        4                         8     -4       10
  MONTH TO DATE  135                       226    -91      231
  SINCE JUN 1    841                       827     14      959
  SINCE JAN 1    902                       886     16      988
..................................................................


WIND (MPH)
  HIGHEST WIND SPEED    12   HIGHEST WIND DIRECTION     N (360)
  HIGHEST GUST SPEED    16   HIGHEST GUST DIRECTION    NE (30)
  AVERAGE WIND SPEED     5.9


SKY COVER
  AVERAGE SKY COVER 0.1


WEATHER CONDITIONS
 THE FOLLOWING WEATHER WAS RECORDED YESTERDAY.
  HAZE


RELATIVE HUMIDITY (PERCENT)
 HIGHEST    93           100 AM
 LOWEST     38           200 PM
 AVERAGE    66

..........................................................


THE HASTINGS NE CLIMATE NORMALS FOR TODAY
                         NORMAL    RECORD    YEAR
 MAXIMUM TEMPERATURE (F)   84       111      1943
 MINIMUM TEMPERATURE (F)   62        44      1966


SUNRISE AND SUNSET
AUGUST 23 2017........SUNRISE   652 AM CDT   SUNSET   819 PM CDT
AUGUST 24 2017........SUNRISE   653 AM CDT   SUNSET   818 PM CDT


-  INDICATES NEGATIVE NUMBERS.
R  INDICATES RECORD WAS SET OR TIED.
MM INDICATES DATA IS MISSING.
T  INDICATES TRACE AMOUNT.




$$
