000
CDUS44 KHUN 240706
CLIHSV


CLIMATE REPORT
NATIONAL WEATHER SERVICE HUNTSVILLE AL
205 AM CDT FRI OCT 24 2014


...................................

...THE HUNTSVILLE CLIMATE SUMMARY FOR OCTOBER 23 2014...

CLIMATE NORMAL PERIOD 1981 TO 2010
CLIMATE RECORD PERIOD 1894 TO 2014


WEATHER ITEM   OBSERVED TIME   RECORD YEAR NORMAL DEPARTURE LAST
                VALUE   (LST)  VALUE       VALUE  FROM      YEAR
                                                  NORMAL
..................................................................
TEMPERATURE (F)
 YESTERDAY
  MAXIMUM         73    145 PM  89    1927  72      1       60
  MINIMUM         43    612 AM  27    1937  49     -6       38
  AVERAGE         58                        60     -2       49

PRECIPITATION (IN)
  YESTERDAY        0.00          1.21 1984   0.12  -0.12     0.00
  MONTH TO DATE    5.98                      2.59   3.39     0.57
  SINCE SEP 1      6.47                      6.31   0.16     4.92
  SINCE JAN 1     44.62                     42.63   1.99    48.54

SNOWFALL (IN)
  YESTERDAY        0.0
  MONTH TO DATE    0.0
  SINCE SEP 1      0.0
  SINCE JUL 1      0.0
  SNOW DEPTH       0

DEGREE DAYS
 HEATING
  YESTERDAY        7                         6      1       16
  MONTH TO DATE   58                        83    -25       72
  SINCE SEP 1     58                        96    -38       72
  SINCE JUL 1     58                        96    -38       72

 COOLING
  YESTERDAY        0                         1     -1        0
  MONTH TO DATE   94                        62     32       85
  SINCE SEP 1    464                       337    127      356
  SINCE JAN 1   2016                      1932     84     1822
..................................................................


WIND (MPH)
  HIGHEST WIND SPEED    10   HIGHEST WIND DIRECTION    NE (40)
  HIGHEST GUST SPEED    13   HIGHEST GUST DIRECTION     N (10)
  AVERAGE WIND SPEED     4.6


SKY COVER
  POSSIBLE SUNSHINE  MM
  AVERAGE SKY COVER 0.5


WEATHER CONDITIONS
 THE FOLLOWING WEATHER WAS RECORDED YESTERDAY.
  NO SIGNIFICANT WEATHER WAS OBSERVED.


RELATIVE HUMIDITY (PERCENT)
 HIGHEST    89           600 AM
 LOWEST     31           200 PM
 AVERAGE    60

..........................................................


THE HUNTSVILLE CLIMATE NORMALS FOR TODAY
                         NORMAL    RECORD    YEAR
 MAXIMUM TEMPERATURE (F)   72        88      1939
                                             1927
 MINIMUM TEMPERATURE (F)   48        25      1937


SUNRISE AND SUNSET
OCTOBER 24 2014.......SUNRISE   700 AM CDT   SUNSET   602 PM CDT
OCTOBER 25 2014.......SUNRISE   701 AM CDT   SUNSET   601 PM CDT


-  INDICATES NEGATIVE NUMBERS.
R  INDICATES RECORD WAS SET OR TIED.
MM INDICATES DATA IS MISSING.
T  INDICATES TRACE AMOUNT.




$$
