000
CDUS44 KHUN 280702
CLIHSV


CLIMATE REPORT
NATIONAL WEATHER SERVICE HUNTSVILLE AL
201 AM CDT FRI APR 28 2017


...................................

...THE HUNTSVILLE CLIMATE SUMMARY FOR APRIL 27 2017...

CLIMATE NORMAL PERIOD 1981 TO 2010
CLIMATE RECORD PERIOD 1894 TO 2017


WEATHER ITEM   OBSERVED TIME   RECORD YEAR NORMAL DEPARTURE LAST
                VALUE   (LST)  VALUE       VALUE  FROM      YEAR
                                                  NORMAL
..................................................................
TEMPERATURE (F)
 YESTERDAY
  MAXIMUM         76    346 PM  90    1986  77     -1       84
  MINIMUM         58    958 PM  36    1919  54      4       63
  AVERAGE         67                        65      2       74

PRECIPITATION (IN)
  YESTERDAY        0.73          3.50 2011   0.15   0.58     0.00
  MONTH TO DATE    3.64                      3.87  -0.23     1.82
  SINCE MAR 1      7.55                      9.08  -1.53     6.31
  SINCE JAN 1     16.42                     18.81  -2.39    16.26

SNOWFALL (IN)
  YESTERDAY        0.0
  MONTH TO DATE    0.0
  SINCE MAR 1      T
  SINCE JUL 1      T
  SNOW DEPTH       0

DEGREE DAYS
 HEATING
  YESTERDAY        0                         3     -3        0
  MONTH TO DATE   53                       147    -94      104
  SINCE MAR 1    365                       515   -150      337
  SINCE JUL 1   1932                      2967  -1035     2233

 COOLING
  YESTERDAY        2                         3     -1        9
  MONTH TO DATE  120                        49     71       43
  SINCE MAR 1    145                        62     83       67
  SINCE JAN 1    150                        63     87       68
..................................................................


WIND (MPH)
  HIGHEST WIND SPEED    20   HIGHEST WIND DIRECTION     S (160)
  HIGHEST GUST SPEED    24   HIGHEST GUST DIRECTION     S (160)
  AVERAGE WIND SPEED     6.9


SKY COVER
  POSSIBLE SUNSHINE  MM
  AVERAGE SKY COVER 0.4


WEATHER CONDITIONS
 THE FOLLOWING WEATHER WAS RECORDED YESTERDAY.
  THUNDERSTORM
  HEAVY RAIN
  RAIN
  LIGHT RAIN
  FOG


RELATIVE HUMIDITY (PERCENT)
 HIGHEST   100           200 AM
 LOWEST     54           400 PM
 AVERAGE    77

..........................................................


THE HUNTSVILLE CLIMATE NORMALS FOR TODAY
                         NORMAL    RECORD    YEAR
 MAXIMUM TEMPERATURE (F)   77        90      1989
 MINIMUM TEMPERATURE (F)   54        34      1928


SUNRISE AND SUNSET
APRIL 28 2017.........SUNRISE   600 AM CDT   SUNSET   730 PM CDT
APRIL 29 2017.........SUNRISE   559 AM CDT   SUNSET   731 PM CDT


-  INDICATES NEGATIVE NUMBERS.
R  INDICATES RECORD WAS SET OR TIED.
MM INDICATES DATA IS MISSING.
T  INDICATES TRACE AMOUNT.




$$
