000
CDUS44 KHUN 202221
CLIHSV


CLIMATE REPORT
NATIONAL WEATHER SERVICE HUNTSVILLE AL
420 PM CST SAT JAN 20 2018


...................................

...THE HUNTSVILLE CLIMATE SUMMARY FOR JANUARY 20 2018...
VALID TODAY AS OF 0400 PM LOCAL TIME.

CLIMATE NORMAL PERIOD 1981 TO 2010
CLIMATE RECORD PERIOD 1894 TO 2018


WEATHER ITEM   OBSERVED TIME   RECORD YEAR NORMAL DEPARTURE LAST
                VALUE   (LST)  VALUE       VALUE  FROM      YEAR
                                                  NORMAL
..................................................................
TEMPERATURE (F)
 TODAY
  MAXIMUM         64    346 PM  73    1933  51     13       71
  MINIMUM         43    433 AM  -9    1985  32     11       58
  AVERAGE         54                        41     13       65

PRECIPITATION (IN)
  TODAY            0.00          2.01 1895   0.16  -0.16     0.00
  MONTH TO DATE    1.19                      3.18  -1.99     2.36
  SINCE DEC 1      5.67                      8.95  -3.28     8.27
  SINCE JAN 1      1.19                      3.18  -1.99     2.36

SNOWFALL (IN)
  TODAY            0.0
  MONTH TO DATE    0.4
  SINCE DEC 1      0.4
  SINCE JUL 1      0.4
  SNOW DEPTH       0

DEGREE DAYS
 HEATING
  TODAY           11                        24    -13        0
  MONTH TO DATE  627                       480    147      264
  SINCE DEC 1   1285                      1134    151      812
  SINCE JUL 1   1763                      1661    102     1076

 COOLING
  TODAY            0                         0      0        0
  MONTH TO DATE    0                         0      0        1
  SINCE DEC 1      0                         2     -2        5
  SINCE JAN 1      0                         0      0        1
..................................................................


WIND (MPH)
  HIGHEST WIND SPEED    14   HIGHEST WIND DIRECTION    SW (220)
  HIGHEST GUST SPEED    18   HIGHEST GUST DIRECTION     S (190)
  AVERAGE WIND SPEED     6.2


SKY COVER
  POSSIBLE SUNSHINE  MM
  AVERAGE SKY COVER 0.8


WEATHER CONDITIONS
 THE FOLLOWING WEATHER WAS RECORDED TODAY.
  NO SIGNIFICANT WEATHER WAS OBSERVED.


RELATIVE HUMIDITY (PERCENT)
 HIGHEST    58           700 AM
 LOWEST     35          1200 PM
 AVERAGE    47

..........................................................


THE HUNTSVILLE CLIMATE NORMALS FOR TOMORROW
                         NORMAL    RECORD    YEAR
 MAXIMUM TEMPERATURE (F)   51        73      1937
 MINIMUM TEMPERATURE (F)   32       -11      1985


SUNRISE AND SUNSET
JANUARY 20 2018.......SUNRISE   652 AM CST   SUNSET   504 PM CST
JANUARY 21 2018.......SUNRISE   652 AM CST   SUNSET   505 PM CST


-  INDICATES NEGATIVE NUMBERS.
R  INDICATES RECORD WAS SET OR TIED.
MM INDICATES DATA IS MISSING.
T  INDICATES TRACE AMOUNT.




$$
