000
CDUS44 KHUN 030720
CLIHSV


CLIMATE REPORT
NATIONAL WEATHER SERVICE HUNTSVILLE AL
220 AM CDT WED JUN 3 2015


...................................

...THE HUNTSVILLE CLIMATE SUMMARY FOR JUNE 2 2015...

CLIMATE NORMAL PERIOD 1981 TO 2010
CLIMATE RECORD PERIOD 1894 TO 2015


WEATHER ITEM   OBSERVED TIME   RECORD YEAR NORMAL DEPARTURE LAST
                VALUE   (LST)  VALUE       VALUE  FROM      YEAR
                                                  NORMAL
..................................................................
TEMPERATURE (F)
 YESTERDAY
  MAXIMUM         78    352 PM  97    2011  86     -8       83
                                      1921
  MINIMUM         63    315 AM  46    1956  64     -1       71
  AVERAGE         71                        75     -4       77

PRECIPITATION (IN)
  YESTERDAY        0.00          1.14 1922   0.15  -0.15     0.00
  MONTH TO DATE    0.90                      0.30   0.60     0.17
  SINCE JUN 1      0.90                      0.30   0.60     0.17
  SINCE JAN 1     26.28                     24.67   1.61    23.64

SNOWFALL (IN)
  YESTERDAY        0.0
  MONTH TO DATE    0.0
  SINCE JUN 1      0.0
  SINCE JUL 1      9.8
  SNOW DEPTH       0

DEGREE DAYS
 HEATING
  YESTERDAY        0                         0      0        0
  MONTH TO DATE    0                         0      0        0
  SINCE JUN 1      0                         0      0        0
  SINCE JUL 1   3030                      3001     29     3463

 COOLING
  YESTERDAY        6                        10     -4       12
  MONTH TO DATE   14                        20     -6       25
  SINCE JUN 1     14                        20     -6       25
  SINCE JAN 1    339                       283     56      296
..................................................................


WIND (MPH)
  HIGHEST WIND SPEED    12   HIGHEST WIND DIRECTION     N (20)
  HIGHEST GUST SPEED    17   HIGHEST GUST DIRECTION     W (290)
  AVERAGE WIND SPEED     5.9


SKY COVER
  POSSIBLE SUNSHINE  MM
  AVERAGE SKY COVER 0.6


WEATHER CONDITIONS
 THE FOLLOWING WEATHER WAS RECORDED YESTERDAY.
  FOG


RELATIVE HUMIDITY (PERCENT)
 HIGHEST    93           100 AM
 LOWEST     56           400 PM
 AVERAGE    75

..........................................................


THE HUNTSVILLE CLIMATE NORMALS FOR TODAY
                         NORMAL    RECORD    YEAR
 MAXIMUM TEMPERATURE (F)   86       101      1911
 MINIMUM TEMPERATURE (F)   64        42      1956


SUNRISE AND SUNSET
JUNE  3 2015..........SUNRISE   535 AM CDT   SUNSET   756 PM CDT
JUNE  4 2015..........SUNRISE   534 AM CDT   SUNSET   756 PM CDT


-  INDICATES NEGATIVE NUMBERS.
R  INDICATES RECORD WAS SET OR TIED.
MM INDICATES DATA IS MISSING.
T  INDICATES TRACE AMOUNT.




$$
