000
CDUS44 KHUN 160705
CLIHSV


CLIMATE REPORT
NATIONAL WEATHER SERVICE HUNTSVILLE AL
204 AM CDT WED APR 16 2014


...................................

...THE HUNTSVILLE CLIMATE SUMMARY FOR APRIL 15 2014...

CLIMATE NORMAL PERIOD 1981 TO 2010
CLIMATE RECORD PERIOD 1894 TO 2014


WEATHER ITEM   OBSERVED TIME   RECORD YEAR NORMAL DEPARTURE LAST
                VALUE   (LST)  VALUE       VALUE  FROM      YEAR
                                                  NORMAL
..................................................................
TEMPERATURE (F)
 YESTERDAY
  MAXIMUM         51    420 PM  88    2006  74    -23       79
  MINIMUM         37   1159 PM  25    1943  50    -13       53
  AVERAGE         44                        62    -18       66

PRECIPITATION (IN)
  YESTERDAY        0.18          1.81 2011   0.13   0.05     0.00
  MONTH TO DATE    3.95                      2.17   1.78     1.50
  SINCE MAR 1      6.63                      7.38  -0.75     7.05
  SINCE JAN 1     16.50                     17.11  -0.61    18.93

SNOWFALL (IN)
  YESTERDAY        T
  MONTH TO DATE    T
  SINCE MAR 1      T
  SINCE JUL 1      5.2
  SNOW DEPTH       0

DEGREE DAYS
 HEATING
  YESTERDAY       21                         5     16        0
  MONTH TO DATE   89                       100    -11      102
  SINCE MAR 1    551                       468     83      638
  SINCE JUL 1   3386                      2920    466     2910

 COOLING
  YESTERDAY        0                         2     -2        1
  MONTH TO DATE   18                        21     -3       18
  SINCE MAR 1     18                        34    -16       18
  SINCE JAN 1     19                        35    -16       24
..................................................................


WIND (MPH)
  HIGHEST WIND SPEED    23   HIGHEST WIND DIRECTION    NW (330)
  HIGHEST GUST SPEED    31   HIGHEST GUST DIRECTION     N (350)
  AVERAGE WIND SPEED    13.6


SKY COVER
  POSSIBLE SUNSHINE  MM
  AVERAGE SKY COVER 0.6


WEATHER CONDITIONS
 THE FOLLOWING WEATHER WAS RECORDED YESTERDAY.
  RAIN
  LIGHT RAIN
  LIGHT SNOW
  SLEET
  FOG


RELATIVE HUMIDITY (PERCENT)
 HIGHEST    96           400 AM
 LOWEST     36           500 PM
 AVERAGE    66

..........................................................


THE HUNTSVILLE CLIMATE NORMALS FOR TODAY
                         NORMAL    RECORD    YEAR
 MAXIMUM TEMPERATURE (F)   74        92      1967
 MINIMUM TEMPERATURE (F)   50        30      1962
                                             1950


SUNRISE AND SUNSET
APRIL 16 2014.........SUNRISE   614 AM CDT   SUNSET   720 PM CDT
APRIL 17 2014.........SUNRISE   613 AM CDT   SUNSET   721 PM CDT


-  INDICATES NEGATIVE NUMBERS.
R  INDICATES RECORD WAS SET OR TIED.
MM INDICATES DATA IS MISSING.
T  INDICATES TRACE AMOUNT.




$$
