000
CDUS43 KAPX 200527
CLIHTL


CLIMATE REPORT
NATIONAL WEATHER SERVICE GAYLORD MI
127 AM EDT FRI OCT 20 2017


...................................

...THE HOUGHTON LAKE MI CLIMATE SUMMARY FOR OCTOBER 19 2017...

CLIMATE NORMAL PERIOD 1981 TO 2010
CLIMATE RECORD PERIOD 1913 TO 2017


WEATHER ITEM   OBSERVED TIME   RECORD YEAR NORMAL DEPARTURE LAST
                VALUE   (LST)  VALUE       VALUE  FROM      YEAR
                                                  NORMAL
..................................................................
TEMPERATURE (F)
 YESTERDAY
  MAXIMUM         63    351 PM  79    1953  54      9       67
                                      1920
  MINIMUM         44    841 PM  13    1934  35      9       38
  AVERAGE         54                        45      9       53

PRECIPITATION (IN)
  YESTERDAY        0.00          1.01 1923   0.08  -0.08     0.00
  MONTH TO DATE    1.83                      1.62   0.21     2.20
  SINCE SEP 1      2.56                      4.72  -2.16     5.13
  SINCE JAN 1     28.17                     23.84   4.33    28.74

SNOWFALL (IN)
  YESTERDAY        0.0           2.0  1940   0.0    0.0      0.0
  MONTH TO DATE    0.0                       0.2   -0.2      0.0
  SINCE OCT 1      0.0                       0.2   -0.2      0.0
  SINCE JUL 1      0.0                       0.2   -0.2      0.0
  SNOW DEPTH       0

DEGREE DAYS
 HEATING
  YESTERDAY       11                        20     -9       12
  MONTH TO DATE  174                       327   -153      182
  SINCE SEP 1    346                       581   -235      306
  SINCE JUL 1    436                       708   -272      339

 COOLING
  YESTERDAY        0                         0      0        0
  MONTH TO DATE    4                         0      4        2
  SINCE SEP 1     76                        20     56       50
  SINCE JAN 1    320                       285     35      459
..................................................................


WIND (MPH)
  HIGHEST WIND SPEED    18   HIGHEST WIND DIRECTION     W (280)
  HIGHEST GUST SPEED    24   HIGHEST GUST DIRECTION    SW (220)
  AVERAGE WIND SPEED     9.5




RELATIVE HUMIDITY (PERCENT)
 HIGHEST    77
 LOWEST     19
 AVERAGE    48

..........................................................


THE HOUGHTON LAKE MI CLIMATE NORMALS FOR TODAY
                         NORMAL    RECORD    YEAR
 MAXIMUM TEMPERATURE (F)   54        83      1920
 MINIMUM TEMPERATURE (F)   35        14      1919


SUNRISE AND SUNSET
OCTOBER 20 2017.......SUNRISE   800 AM EDT   SUNSET   646 PM EDT
OCTOBER 21 2017.......SUNRISE   802 AM EDT   SUNSET   644 PM EDT


-  INDICATES NEGATIVE NUMBERS.
R  INDICATES RECORD WAS SET OR TIED.
MM INDICATES DATA IS MISSING.
T  INDICATES TRACE AMOUNT.




$$
