000
CDUS43 KAPX 010542
CLIHTL


CLIMATE REPORT
NATIONAL WEATHER SERVICE GAYLORD MI
141 AM EDT SAT AUG 1 2015


...................................

...THE HOUGHTON LAKE MI CLIMATE SUMMARY FOR JULY 31 2015...

CLIMATE NORMAL PERIOD 1981 TO 2010
CLIMATE RECORD PERIOD 1913 TO 2015


WEATHER ITEM   OBSERVED TIME   RECORD YEAR NORMAL DEPARTURE LAST
                VALUE   (LST)  VALUE       VALUE  FROM      YEAR
                                                  NORMAL
..................................................................
TEMPERATURE (F)
 YESTERDAY
  MAXIMUM         81    407 PM  96    1933  79      2       77
  MINIMUM         59   1159 PM  30    1918  55      4       51
  AVERAGE         70                        67      3       64

PRECIPITATION (IN)
  YESTERDAY        0.07          0.80 1945   0.10  -0.03      T
  MONTH TO DATE    1.46                      2.76  -1.30     2.67
  SINCE JUN 1      4.62                      5.86  -1.24     5.29
  SINCE JAN 1     13.24                     15.72  -2.48    17.77

DEGREE DAYS
 HEATING
  YESTERDAY        0                         2     -2        1
  MONTH TO DATE   48                        44      4      104
  SINCE JUN 1    165                       171     -6      178
  SINCE JUL 1     48                        47      1      104

 COOLING
  YESTERDAY        5                         3      2        0
  MONTH TO DATE  116                       112      4       47
  SINCE JUN 1    136                       171    -35      120
  SINCE JAN 1    161                       187    -26      135
..................................................................


WIND (MPH)
  HIGHEST WIND SPEED    23   HIGHEST WIND DIRECTION    NW (320)
  HIGHEST GUST SPEED    33   HIGHEST GUST DIRECTION    NW (330)
  AVERAGE WIND SPEED     9.0




RELATIVE HUMIDITY (PERCENT)
 HIGHEST    84
 LOWEST     39
 AVERAGE    62

..........................................................


THE HOUGHTON LAKE MI CLIMATE NORMALS FOR TODAY
                         NORMAL    RECORD    YEAR
 MAXIMUM TEMPERATURE (F)   79        98      1955
 MINIMUM TEMPERATURE (F)   55        32      1947
                                             1918


SUNRISE AND SUNSET
AUGUST  1 2015........SUNRISE   626 AM EDT   SUNSET   904 PM EDT
AUGUST  2 2015........SUNRISE   627 AM EDT   SUNSET   903 PM EDT


-  INDICATES NEGATIVE NUMBERS.
R  INDICATES RECORD WAS SET OR TIED.
MM INDICATES DATA IS MISSING.
T  INDICATES TRACE AMOUNT.




$$
