465
CDUS43 KAPX 300527
CLIHTL


CLIMATE REPORT
NATIONAL WEATHER SERVICE GAYLORD MI
127 AM EDT SAT APR 30 2016


...................................

...THE HOUGHTON LAKE MI CLIMATE SUMMARY FOR APRIL 29 2016...

CLIMATE NORMAL PERIOD 1981 TO 2010
CLIMATE RECORD PERIOD 1913 TO 2016


WEATHER ITEM   OBSERVED TIME   RECORD YEAR NORMAL DEPARTURE LAST
                VALUE   (LST)  VALUE       VALUE  FROM      YEAR
                                                  NORMAL
..................................................................
TEMPERATURE (F)
 YESTERDAY
  MAXIMUM         57    421 PM  84    1970  60     -3       61
  MINIMUM         38   1131 PM  18    1945  36      2       32
  AVERAGE         48                        48      0       47

PRECIPITATION (IN)
  YESTERDAY        0.00          0.79 2014   0.08  -0.08     0.00
  MONTH TO DATE    2.14                      2.40  -0.26     2.26
  SINCE MAR 1      6.87                      4.24   2.63     2.73
  SINCE JAN 1      9.99                      6.96   3.03     4.54

SNOWFALL (IN)
  YESTERDAY        0.0           T    2011   0.0    0.0      0.0
                                      1965
  MONTH TO DATE   11.9                       3.7    8.2      1.0
  SINCE OCT 1     58.4                      66.5   -8.1     44.2
  SINCE JUL 1     58.4                      66.5   -8.1     44.2
  SNOW DEPTH       0

DEGREE DAYS
 HEATING
  YESTERDAY       17                        17      0       18
  MONTH TO DATE  734                       659     75      670
  SINCE MAR 1   1662                      1772   -110     1837
  SINCE JUL 1   6575                      7644  -1069     8204

 COOLING
  YESTERDAY        0                         0      0        0
  MONTH TO DATE    0                         0      0        0
  SINCE MAR 1      0                         0      0        0
  SINCE JAN 1      0                         0      0        0
..................................................................


WIND (MPH)
  HIGHEST WIND SPEED    16   HIGHEST WIND DIRECTION    NE (60)
  HIGHEST GUST SPEED    22   HIGHEST GUST DIRECTION    NE (60)
  AVERAGE WIND SPEED     6.7




RELATIVE HUMIDITY (PERCENT)
 HIGHEST    70
 LOWEST     35
 AVERAGE    53

..........................................................


THE HOUGHTON LAKE MI CLIMATE NORMALS FOR TODAY
                         NORMAL    RECORD    YEAR
 MAXIMUM TEMPERATURE (F)   61        84      1942
 MINIMUM TEMPERATURE (F)   37        11      1931


SUNRISE AND SUNSET
APRIL 30 2016.........SUNRISE   630 AM EDT   SUNSET   842 PM EDT
MAY  1 2016...........SUNRISE   629 AM EDT   SUNSET   843 PM EDT


-  INDICATES NEGATIVE NUMBERS.
R  INDICATES RECORD WAS SET OR TIED.
MM INDICATES DATA IS MISSING.
T  INDICATES TRACE AMOUNT.




$$
