000
CDUS43 KAPX 250528
CLIHTL


CLIMATE REPORT
NATIONAL WEATHER SERVICE GAYLORD MI
127 AM EDT THU AUG 25 2016


...................................

...THE HOUGHTON LAKE MI CLIMATE SUMMARY FOR AUGUST 24 2016...

CLIMATE NORMAL PERIOD 1981 TO 2010
CLIMATE RECORD PERIOD 1913 TO 2016


WEATHER ITEM   OBSERVED TIME   RECORD YEAR NORMAL DEPARTURE LAST
                VALUE   (LST)  VALUE       VALUE  FROM      YEAR
                                                  NORMAL
..................................................................
TEMPERATURE (F)
 YESTERDAY
  MAXIMUM         81    245 PM  97    1948  76      5       67
  MINIMUM         63    633 AM  27    1927  52     11       53
  AVERAGE         72                        64      8       60

PRECIPITATION (IN)
  YESTERDAY        0.02          1.11 1985   0.10  -0.08     0.06
  MONTH TO DATE    2.66                      2.68  -0.02     3.10
  SINCE JUN 1      8.44                      8.54  -0.10     7.72
  SINCE JAN 1     22.51                     18.40   4.11    16.34

DEGREE DAYS
 HEATING
  YESTERDAY        0                         3     -3        5
  MONTH TO DATE    4                        55    -51       19
  SINCE JUN 1    136                       226    -90      184
  SINCE JUL 1     31                       102    -71       67

 COOLING
  YESTERDAY        7                         2      5        0
  MONTH TO DATE  144                        64     80       90
  SINCE JUN 1    354                       235    119      226
  SINCE JAN 1    383                       251    132      251
..................................................................


WIND (MPH)
  HIGHEST WIND SPEED    17   HIGHEST WIND DIRECTION     S (200)
  HIGHEST GUST SPEED    26   HIGHEST GUST DIRECTION     W (250)
  AVERAGE WIND SPEED     9.8




RELATIVE HUMIDITY (PERCENT)
 HIGHEST    90
 LOWEST     62
 AVERAGE    76

..........................................................


THE HOUGHTON LAKE MI CLIMATE NORMALS FOR TODAY
                         NORMAL    RECORD    YEAR
 MAXIMUM TEMPERATURE (F)   76        97      1948
 MINIMUM TEMPERATURE (F)   52        31      1934
                                             1919


SUNRISE AND SUNSET
AUGUST 25 2016........SUNRISE   654 AM EDT   SUNSET   826 PM EDT
AUGUST 26 2016........SUNRISE   655 AM EDT   SUNSET   825 PM EDT


-  INDICATES NEGATIVE NUMBERS.
R  INDICATES RECORD WAS SET OR TIED.
MM INDICATES DATA IS MISSING.
T  INDICATES TRACE AMOUNT.




$$
