000
CDUS41 KRLX 300718
CLIHTS


CLIMATE REPORT
NATIONAL WEATHER SERVICE CHARLESTON WV
316 AM EDT TUE SEP 30 2014


...................................

...THE HUNTINGTON WV CLIMATE SUMMARY FOR SEPTEMBER 29 2014...

CLIMATE NORMAL PERIOD 1981 TO 2010
CLIMATE RECORD PERIOD 1897 TO 2014


WEATHER ITEM   OBSERVED TIME   RECORD YEAR NORMAL DEPARTURE LAST
                VALUE   (LST)  VALUE       VALUE  FROM      YEAR
                                                  NORMAL
..................................................................
TEMPERATURE (F)
 YESTERDAY
  MAXIMUM         80    428 PM  96    1953  74      6       76
  MINIMUM         59    722 AM  29    1942  51      8       56
  AVERAGE         70                        62      8       66

PRECIPITATION (IN)
  YESTERDAY        0.00          1.74 1934   0.09  -0.09     0.00
  MONTH TO DATE    3.26                      2.69   0.57     1.70
  SINCE JAN 1     37.60                     32.94   4.66    34.12

SNOWFALL (IN)
  YESTERDAY        0.0
  MONTH TO DATE    0.0
  SINCE SEP 1      0.0
  SNOW DEPTH       0

DEGREE DAYS
 HEATING
  YESTERDAY        0                         5     -5        0
  MONTH TO DATE   54                        50      4       34
  SINCE SEP 1     54                        50      4       34
  SINCE JUL 1     57                        52      5       38

 COOLING
  YESTERDAY        5                         2      3        1
  MONTH TO DATE  117                       131    -14      131
  SINCE SEP 1    117                       131    -14      131
  SINCE JAN 1    958                      1108   -150     1163
..................................................................


WIND (MPH)
  HIGHEST WIND SPEED     8   HIGHEST WIND DIRECTION    SW (240)
  HIGHEST GUST SPEED    11   HIGHEST GUST DIRECTION     W (250)
  AVERAGE WIND SPEED     2.9


SKY COVER
  POSSIBLE SUNSHINE  MM


WEATHER CONDITIONS
 THE FOLLOWING WEATHER WAS RECORDED YESTERDAY.
  FOG
  FOG W/VISIBILITY <= 1/4 MILE
  HAZE


RELATIVE HUMIDITY (PERCENT)
 HIGHEST   100          1200 AM
 LOWEST     54           300 PM
 AVERAGE    77

..........................................................


THE HUNTINGTON WV CLIMATE NORMALS FOR TODAY
                         NORMAL    RECORD    YEAR
 MAXIMUM TEMPERATURE (F)   73        97      1953
 MINIMUM TEMPERATURE (F)   51        31      1899


SUNRISE AND SUNSET
SEPTEMBER 30 2014.....SUNRISE   725 AM EDT   SUNSET   715 PM EDT
OCTOBER  1 2014.......SUNRISE   726 AM EDT   SUNSET   713 PM EDT


-  INDICATES NEGATIVE NUMBERS.
R  INDICATES RECORD WAS SET OR TIED.
MM INDICATES DATA IS MISSING.
T  INDICATES TRACE AMOUNT.




$$
