000
CDUS41 KRLX 280720
CLIHTS


CLIMATE REPORT
NATIONAL WEATHER SERVICE CHARLESTON WV
318 AM EDT TUE JUL 28 2015


...................................

...THE HUNTINGTON WV CLIMATE SUMMARY FOR JULY 27 2015...

CLIMATE NORMAL PERIOD 1981 TO 2010
CLIMATE RECORD PERIOD 1897 TO 2015


WEATHER ITEM   OBSERVED TIME   RECORD YEAR NORMAL DEPARTURE LAST
                VALUE   (LST)  VALUE       VALUE  FROM      YEAR
                                                  NORMAL
..................................................................
TEMPERATURE (F)
 YESTERDAY
  MAXIMUM         87    419 PM 103    1936  86      1       81
  MINIMUM         72    552 AM  47    1962  66      6       68
  AVERAGE         80                        76      4       75

PRECIPITATION (IN)
  YESTERDAY        0.01          3.79 1900   0.15  -0.14     0.32
  MONTH TO DATE    7.97                      3.96   4.01     3.66
  SINCE JAN 1     33.60                     25.92   7.68    27.72

SNOWFALL (IN)
  YESTERDAY        0.0
  MONTH TO DATE    0.0
  SINCE SEP 1     36.6
  SNOW DEPTH       0

DEGREE DAYS
 HEATING
  YESTERDAY        0                         0      0        0
  MONTH TO DATE    0                         0      0        1
  SINCE JUN 1     14                        12      2        1
  SINCE JUL 1      0                         0      0        1

 COOLING
  YESTERDAY       15                        11      4       10
  MONTH TO DATE  247                       294    -47      231
  SINCE JUN 1    520                       519      1      476
  SINCE JAN 1    686                       632     54      590
..................................................................


WIND (MPH)
  HIGHEST WIND SPEED     9   HIGHEST WIND DIRECTION     E (80)
  HIGHEST GUST SPEED    12   HIGHEST GUST DIRECTION     W (250)
  AVERAGE WIND SPEED     2.3


SKY COVER
  POSSIBLE SUNSHINE  MM


WEATHER CONDITIONS
 THE FOLLOWING WEATHER WAS RECORDED YESTERDAY.
  LIGHT RAIN
  FOG


RELATIVE HUMIDITY (PERCENT)
 HIGHEST   100          1200 AM
 LOWEST     65           400 PM
 AVERAGE    83

..........................................................


THE HUNTINGTON WV CLIMATE NORMALS FOR TODAY
                         NORMAL    RECORD    YEAR
 MAXIMUM TEMPERATURE (F)   86       108      1930
 MINIMUM TEMPERATURE (F)   65        49      1962


SUNRISE AND SUNSET
JULY 28 2015..........SUNRISE   629 AM EDT   SUNSET   844 PM EDT
JULY 29 2015..........SUNRISE   630 AM EDT   SUNSET   843 PM EDT


-  INDICATES NEGATIVE NUMBERS.
R  INDICATES RECORD WAS SET OR TIED.
MM INDICATES DATA IS MISSING.
T  INDICATES TRACE AMOUNT.




$$
