000
CDUS41 KRLX 180729
CLIHTS


CLIMATE REPORT
NATIONAL WEATHER SERVICE CHARLESTON WV
326 AM EDT WED OCT 18 2017


...................................

...THE HUNTINGTON WV CLIMATE SUMMARY FOR OCTOBER 17 2017...

CLIMATE NORMAL PERIOD 1981 TO 2010
CLIMATE RECORD PERIOD 1897 TO 2017


WEATHER ITEM   OBSERVED TIME   RECORD YEAR NORMAL DEPARTURE LAST
                VALUE   (LST)  VALUE       VALUE  FROM      YEAR
                                                  NORMAL
..................................................................
TEMPERATURE (F)
 YESTERDAY
  MAXIMUM         66    440 PM  86    1938  68     -2       84
  MINIMUM         36    658 AM  28    1991  45     -9       57
  AVERAGE         51                        56     -5       71

PRECIPITATION (IN)
  YESTERDAY        0.00          1.92 1925   0.08  -0.08     0.00
  MONTH TO DATE    3.22                      1.48   1.74     0.06
  SINCE JAN 1     39.35                     34.51   4.84    38.00

SNOWFALL (IN)
  YESTERDAY        0.0           0.0  2016   0.0    0.0      0.0
  MONTH TO DATE    0.0                       0.0    0.0      0.0
  SINCE SEP 1      0.0                       0.0    0.0      0.0
  SNOW DEPTH       0

DEGREE DAYS
 HEATING
  YESTERDAY       14                         9      5        0
  MONTH TO DATE   40                       122    -82       48
  SINCE SEP 1     72                       178   -106       58
  SINCE JUL 1     72                       180   -108       58

 COOLING
  YESTERDAY        0                         0      0        6
  MONTH TO DATE   54                        16     38       23
  SINCE SEP 1    186                       150     36      298
  SINCE JAN 1   1188                      1127     61     1548
..................................................................


WIND (MPH)
  HIGHEST WIND SPEED     9   HIGHEST WIND DIRECTION    SW (220)
  HIGHEST GUST SPEED    13   HIGHEST GUST DIRECTION    SW (220)
  AVERAGE WIND SPEED     1.5


SKY COVER
  POSSIBLE SUNSHINE  MM
  AVERAGE SKY COVER 0.0


WEATHER CONDITIONS
 THE FOLLOWING WEATHER WAS RECORDED YESTERDAY.
  FOG


RELATIVE HUMIDITY (PERCENT)
 HIGHEST   100           800 AM
 LOWEST     34           500 PM
 AVERAGE    67

..........................................................


THE HUNTINGTON WV CLIMATE NORMALS FOR TODAY
                         NORMAL    RECORD    YEAR
 MAXIMUM TEMPERATURE (F)   68        87      1938
 MINIMUM TEMPERATURE (F)   44        27      1969


SUNRISE AND SUNSET
OCTOBER 18 2017.......SUNRISE   742 AM EDT   SUNSET   648 PM EDT
OCTOBER 19 2017.......SUNRISE   743 AM EDT   SUNSET   646 PM EDT


-  INDICATES NEGATIVE NUMBERS.
R  INDICATES RECORD WAS SET OR TIED.
MM INDICATES DATA IS MISSING.
T  INDICATES TRACE AMOUNT.




$$
