000
CDUS41 KRLX 250718
CLIHTS


CLIMATE REPORT
NATIONAL WEATHER SERVICE CHARLESTON WV
316 AM EDT SAT OCT 25 2014


...................................

...THE HUNTINGTON WV CLIMATE SUMMARY FOR OCTOBER 24 2014...

CLIMATE NORMAL PERIOD 1981 TO 2010
CLIMATE RECORD PERIOD 1897 TO 2014


WEATHER ITEM   OBSERVED TIME   RECORD YEAR NORMAL DEPARTURE LAST
                VALUE   (LST)  VALUE       VALUE  FROM      YEAR
                                                  NORMAL
..................................................................
TEMPERATURE (F)
 YESTERDAY
  MAXIMUM         65    327 PM  84    1991  66     -1       49
                                      1963
  MINIMUM         39    718 AM  24    1964  43     -4       37
  AVERAGE         52                        54     -2       43

PRECIPITATION (IN)
  YESTERDAY        0.00          0.88 1923   0.09  -0.09     0.03
  MONTH TO DATE    3.93                      2.12   1.81     1.82
  SINCE JAN 1     41.53                     35.15   6.38    35.96

SNOWFALL (IN)
  YESTERDAY        0.0
  MONTH TO DATE    0.0
  SINCE SEP 1      0.0
  SNOW DEPTH       0

DEGREE DAYS
 HEATING
  YESTERDAY       13                        11      2       22
  MONTH TO DATE  220                       195     25      165
  SINCE SEP 1    274                       251     23      199
  SINCE JUL 1    277                       253     24      203

 COOLING
  YESTERDAY        0                         0      0        0
  MONTH TO DATE   10                        16     -6       47
  SINCE SEP 1    130                       150    -20      180
  SINCE JAN 1    971                      1127   -156     1212
..................................................................


WIND (MPH)
  HIGHEST WIND SPEED     9   HIGHEST WIND DIRECTION     N (340)
  HIGHEST GUST SPEED    12   HIGHEST GUST DIRECTION     N (340)
  AVERAGE WIND SPEED     1.8


SKY COVER
  POSSIBLE SUNSHINE  MM


WEATHER CONDITIONS
 THE FOLLOWING WEATHER WAS RECORDED YESTERDAY.
  FOG
  HAZE


RELATIVE HUMIDITY (PERCENT)
 HIGHEST   100          1200 AM
 LOWEST     44           400 PM
 AVERAGE    72

..........................................................


THE HUNTINGTON WV CLIMATE NORMALS FOR TODAY
                         NORMAL    RECORD    YEAR
 MAXIMUM TEMPERATURE (F)   65        84      1991
 MINIMUM TEMPERATURE (F)   43        27      1999
                                             1955
                                             1909


SUNRISE AND SUNSET
OCTOBER 25 2014.......SUNRISE   749 AM EDT   SUNSET   639 PM EDT
OCTOBER 26 2014.......SUNRISE   750 AM EDT   SUNSET   638 PM EDT


-  INDICATES NEGATIVE NUMBERS.
R  INDICATES RECORD WAS SET OR TIED.
MM INDICATES DATA IS MISSING.
T  INDICATES TRACE AMOUNT.




$$
