000
CDUS41 KRLX 240816
CLIHTS


CLIMATE REPORT
NATIONAL WEATHER SERVICE CHARLESTON WV
315 AM EST SAT FEB 24 2018


...................................

...THE HUNTINGTON WV CLIMATE SUMMARY FOR FEBRUARY 23 2018...

CLIMATE NORMAL PERIOD 1981 TO 2010
CLIMATE RECORD PERIOD 1897 TO 2018


WEATHER ITEM   OBSERVED TIME   RECORD YEAR NORMAL DEPARTURE LAST
                VALUE   (LST)  VALUE       VALUE  FROM      YEAR
                                                  NORMAL
..................................................................
TEMPERATURE (F)
 YESTERDAY
  MAXIMUM         75    321 PM  76    1996  49     26       67
  MINIMUM         47    639 AM  -1    1963  30     17       49
  AVERAGE         61                        39     22       58

PRECIPITATION (IN)
  YESTERDAY        T             0.97 1962   0.12  -0.12      T
  MONTH TO DATE    6.20                      2.50   3.70     1.16
  SINCE JAN 1      9.11                      5.47   3.64     5.14

SNOWFALL (IN)
  YESTERDAY        0.0           2.0  1988   0.2   -0.2      0.0
                                      2008
                                      2005
  MONTH TO DATE    0.2                       6.3   -6.1       T
  SINCE SEP 1      7.2                      17.8  -10.6      5.9
  SNOW DEPTH       0

DEGREE DAYS
 HEATING
  YESTERDAY        4                        26    -22        7
  MONTH TO DATE  490                       652   -162      442
  SINCE DEC 1   2414                      2489    -75     1969
  SINCE JUL 1   3186                      3376   -190     2567

 COOLING
  YESTERDAY        0                         0      0        0
  MONTH TO DATE    7                         0      7        0
  SINCE DEC 1      7                         1      6        0
  SINCE JAN 1      7                         0      7        0
..................................................................


WIND (MPH)
  HIGHEST WIND SPEED    22   HIGHEST WIND DIRECTION    SW (240)
  HIGHEST GUST SPEED    31   HIGHEST GUST DIRECTION     W (250)
  AVERAGE WIND SPEED     5.6


SKY COVER
  POSSIBLE SUNSHINE  MM
  AVERAGE SKY COVER 0.5


WEATHER CONDITIONS
 THE FOLLOWING WEATHER WAS RECORDED YESTERDAY.
  LIGHT RAIN
  FOG


RELATIVE HUMIDITY (PERCENT)
 HIGHEST    93          1200 AM
 LOWEST     54           300 PM
 AVERAGE    74

..........................................................


THE HUNTINGTON WV CLIMATE NORMALS FOR TODAY
                         NORMAL    RECORD    YEAR
 MAXIMUM TEMPERATURE (F)   49        80      2017
 MINIMUM TEMPERATURE (F)   30         3      2015
                                             1967


SUNRISE AND SUNSET
FEBRUARY 24 2018......SUNRISE   709 AM EST   SUNSET   618 PM EST
FEBRUARY 25 2018......SUNRISE   708 AM EST   SUNSET   619 PM EST


-  INDICATES NEGATIVE NUMBERS.
R  INDICATES RECORD WAS SET OR TIED.
MM INDICATES DATA IS MISSING.
T  INDICATES TRACE AMOUNT.




$$
