000
CDUS41 KRLX 252117
CLIHTS


CLIMATE REPORT
NATIONAL WEATHER SERVICE CHARLESTON WV
516 PM EDT THU AUG 25 2016


...................................

...THE HUNTINGTON WV CLIMATE SUMMARY FOR AUGUST 25 2016...
VALID TODAY AS OF 0500 PM LOCAL TIME.

CLIMATE NORMAL PERIOD 1981 TO 2010
CLIMATE RECORD PERIOD 1897 TO 2016


WEATHER ITEM   OBSERVED TIME   RECORD YEAR NORMAL DEPARTURE LAST
                VALUE   (LST)  VALUE       VALUE  FROM      YEAR
                                                  NORMAL
..................................................................
TEMPERATURE (F)
 TODAY
  MAXIMUM         92    303 PM 100    1948  85      7       77
  MINIMUM         74    641 AM  47    1952  63     11       53
                                      1951
  AVERAGE         83                        74      9       65

PRECIPITATION (IN)
  TODAY            0.00          3.32 1924   0.11  -0.11     0.00
  MONTH TO DATE    3.19                      3.08   0.11     1.20
  SINCE JUN 1     16.37                     11.51   4.86    14.37
  SINCE JAN 1     36.01                     29.59   6.42    34.80

DEGREE DAYS
 HEATING
  TODAY            0                         0      0        0
  MONTH TO DATE    0                         0      0        0
  SINCE JUN 1      1                        12    -11       14
  SINCE JUL 1      0                         0      0        0

 COOLING
  TODAY           18                         9      9        0
  MONTH TO DATE  340                       257     83      198
  SINCE JUN 1   1012                       814    198      768
  SINCE JAN 1   1152                       927    225      934
..................................................................


WIND (MPH)
  HIGHEST WIND SPEED    14   HIGHEST WIND DIRECTION    SW (220)
  HIGHEST GUST SPEED    17   HIGHEST GUST DIRECTION    SW (220)
  AVERAGE WIND SPEED     8.1


SKY COVER
  POSSIBLE SUNSHINE  MM
  AVERAGE SKY COVER 0.2


WEATHER CONDITIONS
 THE FOLLOWING WEATHER WAS RECORDED TODAY.
  NO SIGNIFICANT WEATHER WAS OBSERVED.


RELATIVE HUMIDITY (PERCENT)
 HIGHEST    87           100 AM
 LOWEST     52           200 PM
 AVERAGE    70

..........................................................


THE HUNTINGTON WV CLIMATE NORMALS FOR TOMORROW
                         NORMAL    RECORD    YEAR
 MAXIMUM TEMPERATURE (F)   85       100      1948
 MINIMUM TEMPERATURE (F)   63        46      1946


SUNRISE AND SUNSET
AUGUST 25 2016........SUNRISE   654 AM EDT   SUNSET   810 PM EDT
AUGUST 26 2016........SUNRISE   655 AM EDT   SUNSET   808 PM EDT


-  INDICATES NEGATIVE NUMBERS.
R  INDICATES RECORD WAS SET OR TIED.
MM INDICATES DATA IS MISSING.
T  INDICATES TRACE AMOUNT.




$$
