000
CDUS41 KRLX 010730
CLIHTS


CLIMATE REPORT
NATIONAL WEATHER SERVICE CHARLESTON WV
329 AM EDT MON SEP 1 2014


...................................

...THE HUNTINGTON WV CLIMATE SUMMARY FOR AUGUST 31 2014...

CLIMATE NORMAL PERIOD 1981 TO 2010
CLIMATE RECORD PERIOD 1897 TO 2014


WEATHER ITEM   OBSERVED TIME   RECORD YEAR NORMAL DEPARTURE LAST
                VALUE   (LST)  VALUE       VALUE  FROM      YEAR
                                                  NORMAL
..................................................................
TEMPERATURE (F)
 YESTERDAY
  MAXIMUM         75   1158 AM 101    1953  84     -9       82
  MINIMUM         69    654 AM  48    1946  62      7       70
  AVERAGE         72                        73     -1       76

PRECIPITATION (IN)
  YESTERDAY        0.25          1.73 1991   0.11   0.14     0.11
  MONTH TO DATE    6.28                      3.74   2.54     5.18
  SINCE JAN 1     34.34                     30.25   4.09    32.42

SNOWFALL (IN)
  YESTERDAY        0.0
  MONTH TO DATE    0.0
  SINCE SEP 1     36.8
  SNOW DEPTH       0

DEGREE DAYS
 HEATING
  YESTERDAY        0                         0      0        0
  MONTH TO DATE    0                         0      0        4
  SINCE JUN 1      3                        14    -11        4
  SINCE JUL 1      3                         2      1        4

 COOLING
  YESTERDAY        7                         8     -1       11
  MONTH TO DATE  246                       307    -61      268
  SINCE JUN 1    727                       864   -137      862
  SINCE JAN 1    841                       977   -136     1032
..................................................................


WIND (MPH)
  HIGHEST WIND SPEED    13   HIGHEST WIND DIRECTION    SW (240)
  HIGHEST GUST SPEED    19   HIGHEST GUST DIRECTION    SW (220)
  AVERAGE WIND SPEED     5.6


SKY COVER
  POSSIBLE SUNSHINE  MM


WEATHER CONDITIONS
 THE FOLLOWING WEATHER WAS RECORDED YESTERDAY.
  THUNDERSTORM
  RAIN
  LIGHT RAIN
  FOG


RELATIVE HUMIDITY (PERCENT)
 HIGHEST   100           100 AM
 LOWEST     87           900 AM
 AVERAGE    94

..........................................................


THE HUNTINGTON WV CLIMATE NORMALS FOR TODAY
                         NORMAL    RECORD    YEAR
 MAXIMUM TEMPERATURE (F)   84       103      1953
                                             1932
 MINIMUM TEMPERATURE (F)   62        47      1946


SUNRISE AND SUNSET
SEPTEMBER  1 2014.....SUNRISE   700 AM EDT   SUNSET   800 PM EDT
SEPTEMBER  2 2014.....SUNRISE   700 AM EDT   SUNSET   758 PM EDT


-  INDICATES NEGATIVE NUMBERS.
R  INDICATES RECORD WAS SET OR TIED.
MM INDICATES DATA IS MISSING.
T  INDICATES TRACE AMOUNT.




$$
