000
CDUS43 KIND 030619
CLIHUF


CLIMATE REPORT
NATIONAL WEATHER SERVICE INDIANAPOLIS IN
219 AM EDT TUE MAY 3 2016


...................................

...THE TERRE HAUTE IN CLIMATE SUMMARY FOR MAY 2 2016...

CLIMATE NORMAL PERIOD 1981 TO 2010
CLIMATE RECORD PERIOD 9999 TO 9999


WEATHER ITEM   OBSERVED TIME   NORMAL DEPARTURE LAST
                VALUE   (LST)  VALUE  FROM      YEAR
                                      NORMAL
......................................................
TEMPERATURE (F)
 YESTERDAY
  MAXIMUM         58   1205 AM  70    -12       75
  MINIMUM         51    902 AM  47      4       46
  AVERAGE         55            58     -3       61

PRECIPITATION (IN)
  YESTERDAY        0.00          0.24  -0.24     0.00
  MONTH TO DATE    T             0.45  -0.45     0.00
  SINCE MAR 1      9.42          7.97   1.45     8.02
  SINCE JAN 1     11.87         12.26  -0.39    10.92

DEGREE DAYS
 HEATING
  YESTERDAY       10             7      3        4
  MONTH TO DATE   10            14     -4       15
  SINCE MAR 1    827          1071   -244     1134
  SINCE JUL 1   4289          5234   -945     5768

 COOLING
  YESTERDAY        0             1     -1        0
  MONTH TO DATE    2             2      0        0
  SINCE MAR 1     11            17     -6        6
  SINCE JAN 1     11            17     -6        6
......................................................


WIND (MPH)
  HIGHEST WIND SPEED    16   HIGHEST WIND DIRECTION    NW (300)
  HIGHEST GUST SPEED    20   HIGHEST GUST DIRECTION    NW (310)
  AVERAGE WIND SPEED     5.1


SKY COVER
  AVERAGE SKY COVER 1.0


WEATHER CONDITIONS
 THE FOLLOWING WEATHER WAS RECORDED YESTERDAY.
  FOG


RELATIVE HUMIDITY (PERCENT)
 HIGHEST    86           100 AM
 LOWEST     77           500 AM
 AVERAGE    82

..........................................................


THE TERRE HAUTE IN CLIMATE NORMALS FOR TODAY
                         NORMAL
 MAXIMUM TEMPERATURE (F)   70
 MINIMUM TEMPERATURE (F)   48


SUNRISE AND SUNSET
MAY  3 2016...........SUNRISE   647 AM EDT   SUNSET   845 PM EDT
MAY  4 2016...........SUNRISE   646 AM EDT   SUNSET   846 PM EDT


-  INDICATES NEGATIVE NUMBERS.
R  INDICATES RECORD WAS SET OR TIED.
MM INDICATES DATA IS MISSING.
T  INDICATES TRACE AMOUNT.




$$
