000
CDUS43 KIND 250601
CLIHUF


CLIMATE REPORT
NATIONAL WEATHER SERVICE INDIANAPOLIS IN
1251 AM EST SUN FEB 25 2018


...................................

...THE TERRE HAUTE IN CLIMATE SUMMARY FOR FEBRUARY 24 2018...

CLIMATE NORMAL PERIOD 1981 TO 2010
CLIMATE RECORD PERIOD 9999 TO 9999


WEATHER ITEM   OBSERVED TIME   NORMAL DEPARTURE LAST
                VALUE   (LST)  VALUE  FROM      YEAR
                                      NORMAL
......................................................
TEMPERATURE (F)
 YESTERDAY
  MAXIMUM         58   1159 PM  44     14       69
  MINIMUM         41    704 AM  26     15       43
  AVERAGE         50            35     15       56

PRECIPITATION (IN)
  YESTERDAY        1.93          0.07   1.86     0.23
  MONTH TO DATE    4.62          1.69   2.93     0.41
  SINCE DEC 1      6.80          7.10  -0.30     5.53
  SINCE JAN 1      5.83          4.05   1.78     3.89

DEGREE DAYS
 HEATING
  YESTERDAY       15            30    -15        9
  MONTH TO DATE  701           798    -97      533
  SINCE DEC 1   2999          2970     29     2523
  SINCE JUL 1   3936          4048   -112     3249

 COOLING
  YESTERDAY        0             0      0        0
  MONTH TO DATE    0             0      0        0
  SINCE DEC 1      0             0      0        0
  SINCE JAN 1      0             0      0        0
......................................................


WIND (MPH)
  HIGHEST WIND SPEED    28   HIGHEST WIND DIRECTION    SE (120)
  HIGHEST GUST SPEED    33   HIGHEST GUST DIRECTION    SE (140)
  AVERAGE WIND SPEED    10.5


SKY COVER
  AVERAGE SKY COVER 1.0


WEATHER CONDITIONS
 THE FOLLOWING WEATHER WAS RECORDED YESTERDAY.
  HEAVY RAIN
  RAIN
  LIGHT RAIN
  FOG


RELATIVE HUMIDITY (PERCENT)
 HIGHEST   100          1200 AM
 LOWEST     89           400 PM
 AVERAGE    95

..........................................................


THE TERRE HAUTE IN CLIMATE NORMALS FOR TODAY
                         NORMAL
 MAXIMUM TEMPERATURE (F)   45
 MINIMUM TEMPERATURE (F)   26


SUNRISE AND SUNSET
FEBRUARY 25 2018......SUNRISE   728 AM EST   SUNSET   637 PM EST
FEBRUARY 26 2018......SUNRISE   726 AM EST   SUNSET   638 PM EST


-  INDICATES NEGATIVE NUMBERS.
R  INDICATES RECORD WAS SET OR TIED.
MM INDICATES DATA IS MISSING.
T  INDICATES TRACE AMOUNT.




$$
