000
CDUS43 KIND 240532
CLIHUF


CLIMATE REPORT
NATIONAL WEATHER SERVICE INDIANAPOLIS IN
131 AM EDT THU JUL 24 2014


...................................

...THE TERRE HAUTE IN CLIMATE SUMMARY FOR JULY 23 2014...

CLIMATE NORMAL PERIOD 1981 TO 2010
CLIMATE RECORD PERIOD 9999 TO 9999


WEATHER ITEM   OBSERVED TIME   NORMAL DEPARTURE LAST
                VALUE   (LST)  VALUE  FROM      YEAR
                                      NORMAL
......................................................
TEMPERATURE (F)
 YESTERDAY
  MAXIMUM         78    507 PM  85     -7       89
  MINIMUM         59   1159 PM  64     -5       68
  AVERAGE         69            75     -6       79

PRECIPITATION (IN)
  YESTERDAY        0.03          0.17  -0.14     0.01
  MONTH TO DATE    1.89          3.74  -1.85     1.86
  SINCE JUN 1      9.81          8.18   1.63    10.65
  SINCE JAN 1     24.82         26.62  -1.80    31.68

DEGREE DAYS
 HEATING
  YESTERDAY        0             0      0        0
  MONTH TO DATE    3             0      3        0
  SINCE JUN 1      5            13     -8        7
  SINCE JUL 1      3             0      3        0

 COOLING
  YESTERDAY        4            10     -6       14
  MONTH TO DATE  135           237   -102      252
  SINCE JUN 1    422           472    -50      481
  SINCE JAN 1    549           558     -9      595
......................................................


WIND (MPH)
  HIGHEST WIND SPEED    17   HIGHEST WIND DIRECTION     N (10)
  HIGHEST GUST SPEED    22   HIGHEST GUST DIRECTION     N (360)
  AVERAGE WIND SPEED     6.3


SKY COVER
  AVERAGE SKY COVER 0.7


WEATHER CONDITIONS
 THE FOLLOWING WEATHER WAS RECORDED YESTERDAY.
  THUNDERSTORM
  LIGHT RAIN
  FOG
  HAZE


RELATIVE HUMIDITY (PERCENT)
 HIGHEST    93          1200 AM
 LOWEST     57           700 PM
 AVERAGE    75

..........................................................


THE TERRE HAUTE IN CLIMATE NORMALS FOR TODAY
                         NORMAL
 MAXIMUM TEMPERATURE (F)   85
 MINIMUM TEMPERATURE (F)   64


SUNRISE AND SUNSET
JULY 24 2014..........SUNRISE   642 AM EDT   SUNSET   909 PM EDT
JULY 25 2014..........SUNRISE   643 AM EDT   SUNSET   908 PM EDT


-  INDICATES NEGATIVE NUMBERS.
R  INDICATES RECORD WAS SET OR TIED.
MM INDICATES DATA IS MISSING.
T  INDICATES TRACE AMOUNT.




$$
