000
CDUS43 KIND 010534
CLIHUF


CLIMATE REPORT
NATIONAL WEATHER SERVICE INDIANAPOLIS IN
133 AM EDT TUE SEP 1 2015


...................................

...THE TERRE HAUTE IN CLIMATE SUMMARY FOR AUGUST 31 2015...

CLIMATE NORMAL PERIOD 1981 TO 2010
CLIMATE RECORD PERIOD 9999 TO 9999


WEATHER ITEM   OBSERVED TIME   NORMAL DEPARTURE LAST
                VALUE   (LST)  VALUE  FROM      YEAR
                                      NORMAL
......................................................
TEMPERATURE (F)
 YESTERDAY
  MAXIMUM         88    409 PM  83      5       84
  MINIMUM         62    535 AM  60      2       71
  AVERAGE         75            71      4       78

PRECIPITATION (IN)
  YESTERDAY        0.00          0.16  -0.16     0.00
  MONTH TO DATE    0.65          3.61  -2.96     2.79
  SINCE JUN 1     10.75         12.84  -2.09    13.12
  SINCE JAN 1     25.38         31.28  -5.90    28.13

DEGREE DAYS
 HEATING
  YESTERDAY        0             0      0        0
  MONTH TO DATE    4             0      4        3
  SINCE JUN 1     17            18     -1       13
  SINCE JUL 1      4             5     -1       11

 COOLING
  YESTERDAY       10             6      4       13
  MONTH TO DATE  217           247    -30      270
  SINCE JUN 1    785           793     -8      724
  SINCE JAN 1    929           879     50      851
......................................................


WIND (MPH)
  HIGHEST WIND SPEED    15   HIGHEST WIND DIRECTION    SW (230)
  HIGHEST GUST SPEED    22   HIGHEST GUST DIRECTION     W (250)
  AVERAGE WIND SPEED     4.6


SKY COVER
  AVERAGE SKY COVER 0.3


WEATHER CONDITIONS
 THE FOLLOWING WEATHER WAS RECORDED YESTERDAY.
  FOG
  FOG W/VISIBILITY <= 1/4 MILE


RELATIVE HUMIDITY (PERCENT)
 HIGHEST   100          1200 AM
 LOWEST     50           400 PM
 AVERAGE    75

..........................................................


THE TERRE HAUTE IN CLIMATE NORMALS FOR TODAY
                         NORMAL
 MAXIMUM TEMPERATURE (F)   83
 MINIMUM TEMPERATURE (F)   59


SUNRISE AND SUNSET
SEPTEMBER  1 2015.....SUNRISE   717 AM EDT   SUNSET   820 PM EDT
SEPTEMBER  2 2015.....SUNRISE   718 AM EDT   SUNSET   819 PM EDT


-  INDICATES NEGATIVE NUMBERS.
R  INDICATES RECORD WAS SET OR TIED.
MM INDICATES DATA IS MISSING.
T  INDICATES TRACE AMOUNT.




$$
