000
CDUS43 KIND 100533
CLIHUF


CLIMATE REPORT
NATIONAL WEATHER SERVICE INDIANAPOLIS IN
133 AM EDT THU JUL 10 2014


...................................

...THE TERRE HAUTE IN CLIMATE SUMMARY FOR JULY 9 2014...

CLIMATE NORMAL PERIOD 1981 TO 2010
CLIMATE RECORD PERIOD 9999 TO 9999


WEATHER ITEM   OBSERVED TIME   NORMAL DEPARTURE LAST
                VALUE   (LST)  VALUE  FROM      YEAR
                                      NORMAL
......................................................
TEMPERATURE (F)
 YESTERDAY
  MAXIMUM         81    344 PM  86     -5       91
  MINIMUM         60   1159 PM  65     -5       75
  AVERAGE         71            76     -5       83

PRECIPITATION (IN)
  YESTERDAY        0.00          0.16  -0.16      T
  MONTH TO DATE    0.99          1.17  -0.18     0.87
  SINCE JUN 1      8.91          5.61   3.30     9.66
  SINCE JAN 1     23.92         24.05  -0.13    30.69

DEGREE DAYS
 HEATING
  YESTERDAY        0             0      0        0
  MONTH TO DATE    0             0      0        0
  SINCE JUN 1      2            13    -11        7
  SINCE JUL 1      0             0      0        0

 COOLING
  YESTERDAY        6            11     -5       18
  MONTH TO DATE   63            96    -33       74
  SINCE JUN 1    350           331     19      303
  SINCE JAN 1    477           417     60      417
......................................................


WIND (MPH)
  HIGHEST WIND SPEED    15   HIGHEST WIND DIRECTION     W (290)
  HIGHEST GUST SPEED    19   HIGHEST GUST DIRECTION    NW (300)
  AVERAGE WIND SPEED     5.8


SKY COVER
  AVERAGE SKY COVER 0.3


WEATHER CONDITIONS
 THE FOLLOWING WEATHER WAS RECORDED YESTERDAY.
  NO SIGNIFICANT WEATHER WAS OBSERVED.


RELATIVE HUMIDITY (PERCENT)
 HIGHEST    93           600 AM
 LOWEST     50           700 PM
 AVERAGE    72

..........................................................


THE TERRE HAUTE IN CLIMATE NORMALS FOR TODAY
                         NORMAL
 MAXIMUM TEMPERATURE (F)   86
 MINIMUM TEMPERATURE (F)   65


SUNRISE AND SUNSET
JULY 10 2014..........SUNRISE   631 AM EDT   SUNSET   918 PM EDT
JULY 11 2014..........SUNRISE   632 AM EDT   SUNSET   917 PM EDT


-  INDICATES NEGATIVE NUMBERS.
R  INDICATES RECORD WAS SET OR TIED.
MM INDICATES DATA IS MISSING.
T  INDICATES TRACE AMOUNT.




$$
