000
CDUS41 KCAR 162026
CLIHUL


CLIMATE REPORT
NATIONAL WEATHER SERVICE CARIBOU, ME
426 PM EDT MON OCT 16 2017


...................................

...THE HOULTON ME CLIMATE SUMMARY FOR OCTOBER 16 2017...
VALID TODAY AS OF 0400 PM LOCAL TIME.

CLIMATE NORMAL PERIOD 1981 TO 2010
CLIMATE RECORD PERIOD 1948 TO 2017


WEATHER ITEM   OBSERVED TIME   RECORD YEAR NORMAL DEPARTURE LAST
                VALUE   (LST)  VALUE       VALUE  FROM      YEAR
                                                  NORMAL
..................................................................
TEMPERATURE (F)
 TODAY
  MAXIMUM         65    201 AM  80    1968  54     11       61
  MINIMUM         45    813 AM  18    1980  33     12       38
  AVERAGE         55                        43     12       50

PRECIPITATION (IN)
  TODAY            0.02          1.90 2005   0.12  -0.10     0.12
  MONTH TO DATE    1.51                      1.87  -0.36     0.26
  SINCE SEP 1      4.10                      5.27  -1.17     1.25
  SINCE JAN 1     26.44                     30.89  -4.45    28.11

SNOWFALL (IN)
  TODAY           MM             0.7  1974   0.0   MM       MM
  MONTH TO DATE   MM                         0.2   MM       MM
  SINCE SEP 1     MM                         0.3   MM       MM
  SINCE JUL 1     MM                         0.3   MM       MM
  SNOW DEPTH      MM

DEGREE DAYS
 HEATING
  TODAY           10                        22    -12       15
  MONTH TO DATE  204                       305   -101      252
  SINCE SEP 1    364                       617   -253      494
  SINCE JUL 1    512                       773   -261      588

 COOLING
  TODAY            0                         0      0        0
  MONTH TO DATE    0                         0      0        0
  SINCE SEP 1     35                        13     22       23
  SINCE JAN 1    211                       191     20      229
..................................................................


WIND (MPH)
  HIGHEST WIND SPEED    23   HIGHEST WIND DIRECTION     W (270)
  HIGHEST GUST SPEED    35   HIGHEST GUST DIRECTION     W (290)
  AVERAGE WIND SPEED    11.4


SKY COVER
  POSSIBLE SUNSHINE  MM
  AVERAGE SKY COVER 0.9


WEATHER CONDITIONS
 THE FOLLOWING WEATHER WAS RECORDED TODAY.
  FOG


RELATIVE HUMIDITY (PERCENT)
 HIGHEST    93          1200 AM
 LOWEST     60           300 PM
 AVERAGE    77

..........................................................


THE HOULTON ME CLIMATE NORMALS FOR TOMORROW
                         NORMAL    RECORD    YEAR
 MAXIMUM TEMPERATURE (F)   54        83      1947
 MINIMUM TEMPERATURE (F)   33        19      2009
                                             2000


SUNRISE AND SUNSET
OCTOBER 16 2017.......SUNRISE   650 AM EDT   SUNSET   543 PM EDT
OCTOBER 17 2017.......SUNRISE   651 AM EDT   SUNSET   541 PM EDT


-  INDICATES NEGATIVE NUMBERS.
R  INDICATES RECORD WAS SET OR TIED.
MM INDICATES DATA IS MISSING.
T  INDICATES TRACE AMOUNT.




$$
