000
CDUS41 KCAR 280527
CLIHUL


CLIMATE REPORT
NATIONAL WEATHER SERVICE CARIBOU, ME
127 AM EDT MON JUL 28 2014


...................................

...THE HOULTON ME CLIMATE SUMMARY FOR JULY 27 2014...

CLIMATE NORMAL PERIOD 1981 TO 2010
CLIMATE RECORD PERIOD 1948 TO 2014


WEATHER ITEM   OBSERVED TIME   RECORD YEAR NORMAL DEPARTURE LAST
                VALUE   (LST)  VALUE       VALUE  FROM      YEAR
                                                  NORMAL
..................................................................
TEMPERATURE (F)
 YESTERDAY
  MAXIMUM         80   1214 PM  93    1989  78      2       73
  MINIMUM         60    212 AM  41    1946  54      6       54
  AVERAGE         70                        66      4       64

PRECIPITATION (IN)
  YESTERDAY        0.14          0.98 1970   0.12   0.02     0.16
  MONTH TO DATE    6.03                      3.17   2.86     6.43
  SINCE JUN 1     10.29                      6.82   3.47    11.51
  SINCE JAN 1     24.99                     21.45   3.54    22.74

SNOWFALL (IN)
  YESTERDAY       MM             0.0  2003   0.0   MM       MM
  MONTH TO DATE   MM                         0.0   MM       MM
  SINCE JUN 1     MM                         0.0   MM       MM
  SINCE JUL 1     MM                         0.0   MM       MM
  SNOW DEPTH      MM

DEGREE DAYS
 HEATING
  YESTERDAY        0                         2     -2        1
  MONTH TO DATE   30                        57    -27       37
  SINCE JUN 1    159                       238    -79      234
  SINCE JUL 1     30                        57    -27       37

 COOLING
  YESTERDAY        5                         3      2        0
  MONTH TO DATE  126                        79     47      106
  SINCE JUN 1    151                       114     37      142
  SINCE JAN 1    152                       118     34      146
..................................................................


WIND (MPH)
  HIGHEST WIND SPEED    17   HIGHEST WIND DIRECTION     S (180)
  HIGHEST GUST SPEED    31   HIGHEST GUST DIRECTION     S (180)
  AVERAGE WIND SPEED     8.9


SKY COVER
  POSSIBLE SUNSHINE  MM
  AVERAGE SKY COVER 0.6


WEATHER CONDITIONS
 THE FOLLOWING WEATHER WAS RECORDED YESTERDAY.
  HEAVY RAIN
  RAIN
  LIGHT RAIN
  FOG


RELATIVE HUMIDITY (PERCENT)
 HIGHEST    93           400 AM
 LOWEST     48          1200 PM
 AVERAGE    71

..........................................................


THE HOULTON ME CLIMATE NORMALS FOR TODAY
                         NORMAL    RECORD    YEAR
 MAXIMUM TEMPERATURE (F)   78        93      1970
 MINIMUM TEMPERATURE (F)   54        38      1977


SUNRISE AND SUNSET
JULY 28 2014..........SUNRISE   508 AM EDT   SUNSET   806 PM EDT
JULY 29 2014..........SUNRISE   510 AM EDT   SUNSET   805 PM EDT


-  INDICATES NEGATIVE NUMBERS.
R  INDICATES RECORD WAS SET OR TIED.
MM INDICATES DATA IS MISSING.
T  INDICATES TRACE AMOUNT.




$$
