000
CDUS41 KCAR 280527
CLIHUL


CLIMATE REPORT
NATIONAL WEATHER SERVICE CARIBOU, ME
126 AM EDT FRI APR 28 2017


...................................

...THE HOULTON ME CLIMATE SUMMARY FOR APRIL 27 2017...

CLIMATE NORMAL PERIOD 1981 TO 2010
CLIMATE RECORD PERIOD 1948 TO 2017


WEATHER ITEM   OBSERVED TIME   RECORD YEAR NORMAL DEPARTURE LAST
                VALUE   (LST)  VALUE       VALUE  FROM      YEAR
                                                  NORMAL
..................................................................
TEMPERATURE (F)
 YESTERDAY
  MAXIMUM         66   1219 PM  86    1970  56     10       48
  MINIMUM         47   1159 PM  18    2016  33     14       18
                                      1966
  AVERAGE         57                        44     13       33

PRECIPITATION (IN)
  YESTERDAY        0.04          0.67 1976   0.13  -0.09     0.00
  MONTH TO DATE    3.83                      3.46   0.37     2.76
  SINCE MAR 1      5.36                      6.05  -0.69     6.76
  SINCE JAN 1      9.81                     10.91  -1.10    11.72

SNOWFALL (IN)
  YESTERDAY       MM             5.5  1976   0.1   MM       MM
  MONTH TO DATE   MM                         5.8   MM       MM
  SINCE MAR 1     MM                        23.6   MM       MM
  SINCE JUL 1     MM                        89.2   MM       MM
  SNOW DEPTH      MM

DEGREE DAYS
 HEATING
  YESTERDAY        8                        21    -13       32
  MONTH TO DATE  655                       718    -63      759
  SINCE MAR 1   1983                      1941     42     1936
  SINCE JUL 1   7944                      8514   -570     7554

 COOLING
  YESTERDAY        0                         0      0        0
  MONTH TO DATE    0                         0      0        0
  SINCE MAR 1      0                         0      0        0
  SINCE JAN 1      0                         0      0        0
..................................................................


WIND (MPH)
  HIGHEST WIND SPEED    15   HIGHEST WIND DIRECTION    SE (120)
  HIGHEST GUST SPEED    20   HIGHEST GUST DIRECTION    SE (130)
  AVERAGE WIND SPEED     6.1


SKY COVER
  POSSIBLE SUNSHINE  MM
  AVERAGE SKY COVER 1.0


WEATHER CONDITIONS
 THE FOLLOWING WEATHER WAS RECORDED YESTERDAY.
  LIGHT RAIN
  FOG


RELATIVE HUMIDITY (PERCENT)
 HIGHEST   100           100 AM
 LOWEST     87          1200 PM
 AVERAGE    94

..........................................................


THE HOULTON ME CLIMATE NORMALS FOR TODAY
                         NORMAL    RECORD    YEAR
 MAXIMUM TEMPERATURE (F)   57        81      2009
 MINIMUM TEMPERATURE (F)   33        17      1947


SUNRISE AND SUNSET
APRIL 28 2017.........SUNRISE   522 AM EDT   SUNSET   736 PM EDT
APRIL 29 2017.........SUNRISE   521 AM EDT   SUNSET   737 PM EDT


-  INDICATES NEGATIVE NUMBERS.
R  INDICATES RECORD WAS SET OR TIED.
MM INDICATES DATA IS MISSING.
T  INDICATES TRACE AMOUNT.




$$
