000
CDUS41 KCAR 270529
CLIHUL


CLIMATE REPORT
NATIONAL WEATHER SERVICE CARIBOU, ME
128 AM EDT WED AUG 27 2014


...................................

...THE HOULTON ME CLIMATE SUMMARY FOR AUGUST 26 2014...

CLIMATE NORMAL PERIOD 1981 TO 2010
CLIMATE RECORD PERIOD 1948 TO 2014


WEATHER ITEM   OBSERVED TIME   RECORD YEAR NORMAL DEPARTURE LAST
                VALUE   (LST)  VALUE       VALUE  FROM      YEAR
                                                  NORMAL
..................................................................
TEMPERATURE (F)
 YESTERDAY
  MAXIMUM         85    301 PM  91    1993  74     11       70
  MINIMUM         57    346 AM  34    2006  50      7       56
                                      1942
  AVERAGE         71                        62      9       63

PRECIPITATION (IN)
  YESTERDAY        0.00          0.93 1982   0.10  -0.10      T
  MONTH TO DATE    2.22                      3.18  -0.96     4.28
  SINCE JUN 1     12.91                     10.49   2.42    15.91
  SINCE JAN 1     27.61                     25.12   2.49    27.14

SNOWFALL (IN)
  YESTERDAY       MM             0.0  2003   0.0   MM       MM
  MONTH TO DATE   MM                         0.0   MM       MM
  SINCE JUN 1     MM                         0.0   MM       MM
  SINCE JUL 1     MM                         0.0   MM       MM
  SNOW DEPTH      MM

DEGREE DAYS
 HEATING
  YESTERDAY        0                         4     -4        2
  MONTH TO DATE   37                        71    -34       75
  SINCE JUN 1    203                       312   -109      309
  SINCE JUL 1     74                       131    -57      112

 COOLING
  YESTERDAY        6                         1      5        0
  MONTH TO DATE   38                        50    -12       27
  SINCE JUN 1    193                       166     27      170
  SINCE JAN 1    194                       170     24      174
..................................................................


WIND (MPH)
  HIGHEST WIND SPEED    20   HIGHEST WIND DIRECTION    SW (220)
  HIGHEST GUST SPEED    27   HIGHEST GUST DIRECTION    SW (210)
  AVERAGE WIND SPEED     6.9


SKY COVER
  POSSIBLE SUNSHINE  MM
  AVERAGE SKY COVER 0.1


WEATHER CONDITIONS
 THE FOLLOWING WEATHER WAS RECORDED YESTERDAY.
  NO SIGNIFICANT WEATHER WAS OBSERVED.


RELATIVE HUMIDITY (PERCENT)
 HIGHEST   100           300 AM
 LOWEST     40           100 PM
 AVERAGE    70

..........................................................


THE HOULTON ME CLIMATE NORMALS FOR TODAY
                         NORMAL    RECORD    YEAR
 MAXIMUM TEMPERATURE (F)   74        93      1952
 MINIMUM TEMPERATURE (F)   50        32      1987


SUNRISE AND SUNSET
AUGUST 27 2014........SUNRISE   545 AM EDT   SUNSET   719 PM EDT
AUGUST 28 2014........SUNRISE   547 AM EDT   SUNSET   717 PM EDT


-  INDICATES NEGATIVE NUMBERS.
R  INDICATES RECORD WAS SET OR TIED.
MM INDICATES DATA IS MISSING.
T  INDICATES TRACE AMOUNT.




$$
