000
CDUS41 KCAR 240528
CLIHUL


CLIMATE REPORT
NATIONAL WEATHER SERVICE CARIBOU, ME
1228 AM EST MON NOV 24 2014


...................................

...THE HOULTON ME CLIMATE SUMMARY FOR NOVEMBER 23 2014...

CLIMATE NORMAL PERIOD 1981 TO 2010
CLIMATE RECORD PERIOD 1948 TO 2014


WEATHER ITEM   OBSERVED TIME   RECORD YEAR NORMAL DEPARTURE LAST
                VALUE   (LST)  VALUE       VALUE  FROM      YEAR
                                                  NORMAL
..................................................................
TEMPERATURE (F)
 YESTERDAY
  MAXIMUM         42    132 PM  60    1953  37      5       35
  MINIMUM         29    136 AM  -8    1989  22      7       19
  AVERAGE         36                        30      6       27

PRECIPITATION (IN)
  YESTERDAY        0.00          1.19 1953   0.14  -0.14     0.05
  MONTH TO DATE    1.52                      3.11  -1.59     1.89
  SINCE SEP 1      8.64                     10.17  -1.53    10.52
  SINCE JAN 1     36.30                     35.79   0.51    38.05

SNOWFALL (IN)
  YESTERDAY       MM             4.0  1965   0.4   MM       MM
  MONTH TO DATE   MM                         4.4   MM       MM
  SINCE SEP 1     MM                         5.1   MM       MM
  SINCE JUL 1     MM                         5.1   MM       MM
  SNOW DEPTH      MM

DEGREE DAYS
 HEATING
  YESTERDAY       29                        35     -6       38
  MONTH TO DATE  751                       711     40      697
  SINCE SEP 1   1560                      1691   -131     1575
  SINCE JUL 1   1645                      1847   -202     1708

 COOLING
  YESTERDAY        0                         0      0        0
  MONTH TO DATE    0                         0      0        0
  SINCE SEP 1     30                        13     17       19
  SINCE JAN 1    233                       191     42      198
..................................................................


WIND (MPH)
  HIGHEST WIND SPEED    13   HIGHEST WIND DIRECTION     W (270)
  HIGHEST GUST SPEED    16   HIGHEST GUST DIRECTION     W (270)
  AVERAGE WIND SPEED     5.1


SKY COVER
  POSSIBLE SUNSHINE  MM
  AVERAGE SKY COVER 1.0


WEATHER CONDITIONS
 THE FOLLOWING WEATHER WAS RECORDED YESTERDAY.
  NO SIGNIFICANT WEATHER WAS OBSERVED.


RELATIVE HUMIDITY (PERCENT)
 HIGHEST    89           700 PM
 LOWEST     58          1200 AM
 AVERAGE    74

..........................................................


THE HOULTON ME CLIMATE NORMALS FOR TODAY
                         NORMAL    RECORD    YEAR
 MAXIMUM TEMPERATURE (F)   37        57      1999
 MINIMUM TEMPERATURE (F)   21       -14      1989


SUNRISE AND SUNSET
NOVEMBER 24 2014......SUNRISE   644 AM EST   SUNSET   351 PM EST
NOVEMBER 25 2014......SUNRISE   645 AM EST   SUNSET   351 PM EST


-  INDICATES NEGATIVE NUMBERS.
R  INDICATES RECORD WAS SET OR TIED.
MM INDICATES DATA IS MISSING.
T  INDICATES TRACE AMOUNT.




$$
