000
CDUS41 KCAR 060528
CLIHUL


CLIMATE REPORT
NATIONAL WEATHER SERVICE CARIBOU, ME
1226 AM EST TUE DEC 6 2016


...................................

...THE HOULTON ME CLIMATE SUMMARY FOR DECEMBER 5 2016...

CLIMATE NORMAL PERIOD 1981 TO 2010
CLIMATE RECORD PERIOD 1948 TO 2016


WEATHER ITEM   OBSERVED TIME   RECORD YEAR NORMAL DEPARTURE LAST
                VALUE   (LST)  VALUE       VALUE  FROM      YEAR
                                                  NORMAL
..................................................................
TEMPERATURE (F)
 YESTERDAY
  MAXIMUM         20    816 PM  59    1950  32    -12       38
  MINIMUM          1    624 AM -13    1971  16    -15       31
  AVERAGE         11                        24    -13       35

PRECIPITATION (IN)
  YESTERDAY        0.02          1.09 1961   0.12  -0.10     0.00
  MONTH TO DATE    1.00                      0.61   0.39     0.98
  SINCE DEC 1      1.00                      0.61   0.39     0.98
  SINCE JAN 1     33.82                     37.30  -3.48    34.72

SNOWFALL (IN)
  YESTERDAY       MM             7.2  1949   0.5   MM       MM
  MONTH TO DATE   MM                         2.3   MM       MM
  SINCE DEC 1     MM                         2.3   MM       MM
  SINCE JUL 1     MM                        10.4   MM       MM
  SNOW DEPTH      MM

DEGREE DAYS
 HEATING
  YESTERDAY       54                        41     13       30
  MONTH TO DATE  204                       201      3      171
  SINCE DEC 1    204                       201      3      171
  SINCE JUL 1   1947                      2309   -362     1966

 COOLING
  YESTERDAY        0                         0      0        0
  MONTH TO DATE    0                         0      0        0
  SINCE DEC 1      0                         0      0        0
  SINCE JAN 1    229                       191     38      236
..................................................................


WIND (MPH)
  HIGHEST WIND SPEED     8   HIGHEST WIND DIRECTION    NE (40)
  HIGHEST GUST SPEED     9   HIGHEST GUST DIRECTION    NE (40)
  AVERAGE WIND SPEED     1.5


SKY COVER
  POSSIBLE SUNSHINE  MM
  AVERAGE SKY COVER 0.4


WEATHER CONDITIONS
 THE FOLLOWING WEATHER WAS RECORDED YESTERDAY.
  LIGHT SNOW
  FOG


RELATIVE HUMIDITY (PERCENT)
 HIGHEST   100          1200 AM
 LOWEST     83           300 AM
 AVERAGE    92

..........................................................


THE HOULTON ME CLIMATE NORMALS FOR TODAY
                         NORMAL    RECORD    YEAR
 MAXIMUM TEMPERATURE (F)   32        56      1973
 MINIMUM TEMPERATURE (F)   15       -16      1991


SUNRISE AND SUNSET
DECEMBER  6 2016......SUNRISE   659 AM EST   SUNSET   346 PM EST
DECEMBER  7 2016......SUNRISE   700 AM EST   SUNSET   346 PM EST


-  INDICATES NEGATIVE NUMBERS.
R  INDICATES RECORD WAS SET OR TIED.
MM INDICATES DATA IS MISSING.
T  INDICATES TRACE AMOUNT.




$$
