000
CDUS41 KCAR 300529
CLIHUL


CLIMATE REPORT
NATIONAL WEATHER SERVICE CARIBOU, ME
129 AM EDT SUN AUG 30 2015


...................................

...THE HOULTON ME CLIMATE SUMMARY FOR AUGUST 29 2015...

CLIMATE NORMAL PERIOD 1981 TO 2010
CLIMATE RECORD PERIOD 1948 TO 2015


WEATHER ITEM   OBSERVED TIME   RECORD YEAR NORMAL DEPARTURE LAST
                VALUE   (LST)  VALUE       VALUE  FROM      YEAR
                                                  NORMAL
..................................................................
TEMPERATURE (F)
 YESTERDAY
  MAXIMUM         75    144 PM  91    1977  74      1       71
  MINIMUM         47    443 AM  33    1982  49     -2       45
  AVERAGE         61                        61      0       58

PRECIPITATION (IN)
  YESTERDAY        0.00          1.44 1967   0.10  -0.10     0.00
  MONTH TO DATE    3.79                      3.49   0.30     2.25
  SINCE JUN 1      9.41                     10.80  -1.39    12.94
  SINCE JAN 1     18.76                     25.43  -6.67    27.64

SNOWFALL (IN)
  YESTERDAY       MM             0.0  2003   0.0   MM       MM
  MONTH TO DATE    0.0                       0.0    0.0     MM
  SINCE JUN 1      0.0                       0.0    0.0     MM
  SINCE JUL 1      0.0                       0.0    0.0     MM
  SNOW DEPTH      MM

DEGREE DAYS
 HEATING
  YESTERDAY        4                         5     -1        7
  MONTH TO DATE   24                        86    -62       45
  SINCE JUN 1    324                       327     -3      211
  SINCE JUL 1     87                       146    -59       82

 COOLING
  YESTERDAY        0                         1     -1        0
  MONTH TO DATE  106                        53     53       45
  SINCE JUN 1    159                       169    -10      200
  SINCE JAN 1    184                       173     11      201
..................................................................


WIND (MPH)
  HIGHEST WIND SPEED    14   HIGHEST WIND DIRECTION    SW (240)
  HIGHEST GUST SPEED    22   HIGHEST GUST DIRECTION    SW (220)
  AVERAGE WIND SPEED     4.8


SKY COVER
  POSSIBLE SUNSHINE  MM
  AVERAGE SKY COVER 0.1


WEATHER CONDITIONS
 THE FOLLOWING WEATHER WAS RECORDED YESTERDAY.
  FOG


RELATIVE HUMIDITY (PERCENT)
 HIGHEST    93           300 AM
 LOWEST     53          1200 PM
 AVERAGE    73

..........................................................


THE HOULTON ME CLIMATE NORMALS FOR TODAY
                         NORMAL    RECORD    YEAR
 MAXIMUM TEMPERATURE (F)   73        91      2010
 MINIMUM TEMPERATURE (F)   49        32      1982


SUNRISE AND SUNSET
AUGUST 30 2015........SUNRISE   549 AM EDT   SUNSET   714 PM EDT
AUGUST 31 2015........SUNRISE   550 AM EDT   SUNSET   712 PM EDT


-  INDICATES NEGATIVE NUMBERS.
R  INDICATES RECORD WAS SET OR TIED.
MM INDICATES DATA IS MISSING.
T  INDICATES TRACE AMOUNT.




$$
