000
CDUS41 KCAR 040541
CLIHUL


CLIMATE REPORT
NATIONAL WEATHER SERVICE CARIBOU, ME
141 AM EDT WED MAY 4 2016


...................................

...THE HOULTON ME CLIMATE SUMMARY FOR MAY 3 2016...

CLIMATE NORMAL PERIOD 1981 TO 2010
CLIMATE RECORD PERIOD 1948 TO 2016


WEATHER ITEM   OBSERVED TIME   RECORD YEAR NORMAL DEPARTURE LAST
                VALUE   (LST)  VALUE       VALUE  FROM      YEAR
                                                  NORMAL
..................................................................
TEMPERATURE (F)
 YESTERDAY
  MAXIMUM         48    155 PM  89    2001  59    -11       71
  MINIMUM         40    459 AM  21    1966  35      5       30
  AVERAGE         44                        47     -3       51

PRECIPITATION (IN)
  YESTERDAY        0.11          1.12 2004   0.10   0.01     0.00
  MONTH TO DATE    0.46                      0.30   0.16     0.00
  SINCE MAR 1      7.22                      6.77   0.45     3.34
  SINCE JAN 1     12.18                     11.63   0.55     5.44

SNOWFALL (IN)
  YESTERDAY       MM             1.0  1961   0.0   MM       MM
  MONTH TO DATE   MM                         0.0   MM       MM
  SINCE MAR 1     MM                        23.8   MM       MM
  SINCE JUL 1     MM                        89.4   MM       MM
  SNOW DEPTH      MM

DEGREE DAYS
 HEATING
  YESTERDAY       21                        18      3       14
  MONTH TO DATE   62                        56      6       51
  SINCE MAR 1   2090                      2056     34     2286
  SINCE JUL 1   7708                      8629   -921     8854

 COOLING
  YESTERDAY        0                         0      0        0
  MONTH TO DATE    0                         0      0        0
  SINCE MAR 1      0                         0      0        0
  SINCE JAN 1      0                         0      0        0
..................................................................


WIND (MPH)
  HIGHEST WIND SPEED    10   HIGHEST WIND DIRECTION    NE (30)
  HIGHEST GUST SPEED    15   HIGHEST GUST DIRECTION     N (10)
  AVERAGE WIND SPEED     5.6


SKY COVER
  POSSIBLE SUNSHINE  MM
  AVERAGE SKY COVER 1.0


WEATHER CONDITIONS
 THE FOLLOWING WEATHER WAS RECORDED YESTERDAY.
  LIGHT RAIN
  FOG
  HAZE


RELATIVE HUMIDITY (PERCENT)
 HIGHEST   100           100 AM
 LOWEST     80           200 PM
 AVERAGE    90

..........................................................


THE HOULTON ME CLIMATE NORMALS FOR TODAY
                         NORMAL    RECORD    YEAR
 MAXIMUM TEMPERATURE (F)   60        85      1944
 MINIMUM TEMPERATURE (F)   35        25      2003


SUNRISE AND SUNSET
MAY  4 2016...........SUNRISE   513 AM EDT   SUNSET   744 PM EDT
MAY  5 2016...........SUNRISE   511 AM EDT   SUNSET   745 PM EDT


-  INDICATES NEGATIVE NUMBERS.
R  INDICATES RECORD WAS SET OR TIED.
MM INDICATES DATA IS MISSING.
T  INDICATES TRACE AMOUNT.




$$
