000
CDUS41 KCAR 260533
CLIHUL


CLIMATE REPORT
NATIONAL WEATHER SERVICE CARIBOU, ME
132 AM EDT SUN MAR 26 2017


...................................

...THE HOULTON ME CLIMATE SUMMARY FOR MARCH 25 2017...

CLIMATE NORMAL PERIOD 1981 TO 2010
CLIMATE RECORD PERIOD 1948 TO 2017


WEATHER ITEM   OBSERVED TIME   RECORD YEAR NORMAL DEPARTURE LAST
                VALUE   (LST)  VALUE       VALUE  FROM      YEAR
                                                  NORMAL
..................................................................
TEMPERATURE (F)
 YESTERDAY
  MAXIMUM         38    350 PM  60    1973  39     -1       30
  MINIMUM         21   1159 PM -17    2014  19      2       20
  AVERAGE         30                        29      1       25

PRECIPITATION (IN)
  YESTERDAY        0.00          1.09 1979   0.08  -0.08     0.35
  MONTH TO DATE    1.29                      2.08  -0.79     2.07
  SINCE MAR 1      1.29                      2.08  -0.79     2.07
  SINCE JAN 1      5.74                      6.94  -1.20     7.03

SNOWFALL (IN)
  YESTERDAY       MM             1.3  1997   0.4   MM       MM
  MONTH TO DATE   MM                        15.3   MM       MM
  SINCE MAR 1     MM                        15.3   MM       MM
  SINCE JUL 1     MM                        80.9   MM       MM
  SNOW DEPTH      MM

DEGREE DAYS
 HEATING
  YESTERDAY       35                        36     -1       40
  MONTH TO DATE 1105                      1018     87      995
  SINCE MAR 1   1105                      1018     87      995
  SINCE JUL 1   7066                      7591   -525     6613

 COOLING
  YESTERDAY        0                         0      0        0
  MONTH TO DATE    0                         0      0        0
  SINCE MAR 1      0                         0      0        0
  SINCE JAN 1      0                         0      0        0
..................................................................


WIND (MPH)
  HIGHEST WIND SPEED    21   HIGHEST WIND DIRECTION     N (360)
  HIGHEST GUST SPEED    26   HIGHEST GUST DIRECTION    NW (320)
  AVERAGE WIND SPEED     9.4


SKY COVER
  POSSIBLE SUNSHINE  MM
  AVERAGE SKY COVER 0.3


WEATHER CONDITIONS
 THE FOLLOWING WEATHER WAS RECORDED YESTERDAY.
  NO SIGNIFICANT WEATHER WAS OBSERVED.


RELATIVE HUMIDITY (PERCENT)
 HIGHEST   100          1200 AM
 LOWEST     25           400 PM
 AVERAGE    63

..........................................................


THE HOULTON ME CLIMATE NORMALS FOR TODAY
                         NORMAL    RECORD    YEAR
 MAXIMUM TEMPERATURE (F)   40        63      1993
 MINIMUM TEMPERATURE (F)   20        -5      1960


SUNRISE AND SUNSET
MARCH 26 2017.........SUNRISE   622 AM EDT   SUNSET   652 PM EDT
MARCH 27 2017.........SUNRISE   620 AM EDT   SUNSET   653 PM EDT


-  INDICATES NEGATIVE NUMBERS.
R  INDICATES RECORD WAS SET OR TIED.
MM INDICATES DATA IS MISSING.
T  INDICATES TRACE AMOUNT.




$$
