000
CDUS41 KCAR 260530
CLIHUL


CLIMATE REPORT
NATIONAL WEATHER SERVICE CARIBOU, ME
128 AM EDT TUE JUL 26 2016


...................................

...THE HOULTON ME CLIMATE SUMMARY FOR JULY 25 2016...

CLIMATE NORMAL PERIOD 1981 TO 2010
CLIMATE RECORD PERIOD 1948 TO 2016


WEATHER ITEM   OBSERVED TIME   RECORD YEAR NORMAL DEPARTURE LAST
                VALUE   (LST)  VALUE       VALUE  FROM      YEAR
                                                  NORMAL
..................................................................
TEMPERATURE (F)
 YESTERDAY
  MAXIMUM         82    226 PM  96    1970  78      4       65
  MINIMUM         55    445 AM  38    2002  54      1       54
  AVERAGE         69                        66      3       60

PRECIPITATION (IN)
  YESTERDAY        0.16          1.45 1990   0.11   0.05     0.01
  MONTH TO DATE    3.41                      2.93   0.48     1.45
  SINCE JUN 1      6.07                      6.58  -0.51     5.47
  SINCE JAN 1     20.45                     21.21  -0.76    14.82

SNOWFALL (IN)
  YESTERDAY       MM             0.0  2003   0.0   MM       MM
  MONTH TO DATE   MM                         0.0   MM       MM
  SINCE JUN 1     MM                         0.0   MM       MM
  SINCE JUL 1     MM                         0.0   MM       MM
  SNOW DEPTH      MM

DEGREE DAYS
 HEATING
  YESTERDAY        0                         2     -2        5
  MONTH TO DATE   41                        53    -12       59
  SINCE JUN 1    216                       234    -18      296
  SINCE JUL 1     41                        53    -12       59

 COOLING
  YESTERDAY        4                         3      1        0
  MONTH TO DATE   74                        73      1       25
  SINCE JUN 1    104                       108     -4       37
  SINCE JAN 1    111                       112     -1       62
..................................................................


WIND (MPH)
  HIGHEST WIND SPEED     9   HIGHEST WIND DIRECTION    SW (220)
  HIGHEST GUST SPEED    13   HIGHEST GUST DIRECTION     S (170)
  AVERAGE WIND SPEED     2.4


SKY COVER
  POSSIBLE SUNSHINE  MM
  AVERAGE SKY COVER 0.2


WEATHER CONDITIONS
 THE FOLLOWING WEATHER WAS RECORDED YESTERDAY.
  HEAVY RAIN
  RAIN
  LIGHT RAIN
  FOG


RELATIVE HUMIDITY (PERCENT)
 HIGHEST   100          1200 AM
 LOWEST     45           100 PM
 AVERAGE    73

..........................................................


THE HOULTON ME CLIMATE NORMALS FOR TODAY
                         NORMAL    RECORD    YEAR
 MAXIMUM TEMPERATURE (F)   78        93      1939
 MINIMUM TEMPERATURE (F)   54        40      1993


SUNRISE AND SUNSET
JULY 26 2016..........SUNRISE   507 AM EDT   SUNSET   808 PM EDT
JULY 27 2016..........SUNRISE   508 AM EDT   SUNSET   807 PM EDT


-  INDICATES NEGATIVE NUMBERS.
R  INDICATES RECORD WAS SET OR TIED.
MM INDICATES DATA IS MISSING.
T  INDICATES TRACE AMOUNT.




$$
