000
CDUS41 KCAR 160530
CLIHUL


CLIMATE REPORT
NATIONAL WEATHER SERVICE CARIBOU, ME
1230 AM EST MON JAN 16 2017


...................................

...THE HOULTON ME CLIMATE SUMMARY FOR JANUARY 15 2017...

CLIMATE NORMAL PERIOD 1981 TO 2010
CLIMATE RECORD PERIOD 1948 TO 2017


WEATHER ITEM   OBSERVED TIME   RECORD YEAR NORMAL DEPARTURE LAST
                VALUE   (LST)  VALUE       VALUE  FROM      YEAR
                                                  NORMAL
..................................................................
TEMPERATURE (F)
 YESTERDAY
  MAXIMUM         15    959 AM  53    1995  22     -7       19
  MINIMUM         -8   1016 PM -33    1957   0     -8       -4
  AVERAGE          4                        11     -7        8

PRECIPITATION (IN)
  YESTERDAY        T             1.30 1999   0.09  -0.09     0.00
  MONTH TO DATE    1.41                      1.37   0.04     1.34
  SINCE DEC 1      4.33                      4.66  -0.33     5.53
  SINCE JAN 1      1.41                      1.37   0.04     1.34

SNOWFALL (IN)
  YESTERDAY       MM            13.4  1968   0.8   MM       MM
  MONTH TO DATE   MM                        11.3   MM       MM
  SINCE DEC 1     MM                        27.7   MM       MM
  SINCE JUL 1     MM                        35.8   MM       MM
  SNOW DEPTH      MM

DEGREE DAYS
 HEATING
  YESTERDAY       61                        54      7       57
  MONTH TO DATE  742                       792    -50      696
  SINCE DEC 1   2186                      2204    -18     1783
  SINCE JUL 1   3929                      4312   -383     3578

 COOLING
  YESTERDAY        0                         0      0        0
  MONTH TO DATE    0                         0      0        0
  SINCE DEC 1      0                         0      0        0
  SINCE JAN 1      0                         0      0        0
..................................................................


WIND (MPH)
  HIGHEST WIND SPEED    18   HIGHEST WIND DIRECTION     N (340)
  HIGHEST GUST SPEED    24   HIGHEST GUST DIRECTION    NW (330)
  AVERAGE WIND SPEED     5.8


SKY COVER
  POSSIBLE SUNSHINE  MM
  AVERAGE SKY COVER 0.5


WEATHER CONDITIONS
 THE FOLLOWING WEATHER WAS RECORDED YESTERDAY.
  LIGHT SNOW
  FOG
  HAZE


RELATIVE HUMIDITY (PERCENT)
 HIGHEST    83          1000 PM
 LOWEST     46           300 PM
 AVERAGE    65

..........................................................


THE HOULTON ME CLIMATE NORMALS FOR TODAY
                         NORMAL    RECORD    YEAR
 MAXIMUM TEMPERATURE (F)   22        51      1995
 MINIMUM TEMPERATURE (F)    0       -36      2009


SUNRISE AND SUNSET
JANUARY 16 2017.......SUNRISE   709 AM EST   SUNSET   414 PM EST
JANUARY 17 2017.......SUNRISE   708 AM EST   SUNSET   415 PM EST


-  INDICATES NEGATIVE NUMBERS.
R  INDICATES RECORD WAS SET OR TIED.
MM INDICATES DATA IS MISSING.
T  INDICATES TRACE AMOUNT.




$$
