000
CDUS41 KCAR 172126
CLIHUL


CLIMATE REPORT
NATIONAL WEATHER SERVICE CARIBOU, ME
426 PM EST SUN DEC 17 2017


...................................

...THE HOULTON ME CLIMATE SUMMARY FOR DECEMBER 17 2017...
VALID TODAY AS OF 0400 PM LOCAL TIME.

CLIMATE NORMAL PERIOD 1981 TO 2010
CLIMATE RECORD PERIOD 1948 TO 2017


WEATHER ITEM   OBSERVED TIME   RECORD YEAR NORMAL DEPARTURE LAST
                VALUE   (LST)  VALUE       VALUE  FROM      YEAR
                                                  NORMAL
..................................................................
TEMPERATURE (F)
 TODAY
  MAXIMUM         14    231 PM  57    2000  28    -14       14
  MINIMUM         -1    456 AM -30    1951  10    -11      -13
  AVERAGE          7                        19    -12        1

PRECIPITATION (IN)
  TODAY            0.00          1.79 1973   0.10  -0.10     0.20
  MONTH TO DATE    2.36                      1.97   0.39     1.33
  SINCE DEC 1      2.36                      1.97   0.39     1.33
  SINCE JAN 1     36.88                     38.66  -1.78    34.15

SNOWFALL (IN)
  TODAY           MM             7.2  1970   0.5   MM       MM
  MONTH TO DATE   MM                         8.4   MM       MM
  SINCE DEC 1     MM                         8.4   MM       MM
  SINCE JUL 1     MM                        16.5   MM       MM
  SNOW DEPTH      MM

DEGREE DAYS
 HEATING
  TODAY           58                        46     12       64
  MONTH TO DATE  737                       727     10      841
  SINCE DEC 1    737                       727     10      841
  SINCE JUL 1   2443                      2835   -392     2584

 COOLING
  TODAY            0                         0      0        0
  MONTH TO DATE    0                         0      0        0
  SINCE DEC 1      0                         0      0        0
  SINCE JAN 1    211                       191     20      229
..................................................................


WIND (MPH)
  HIGHEST WIND SPEED    20   HIGHEST WIND DIRECTION    NW (330)
  HIGHEST GUST SPEED    25   HIGHEST GUST DIRECTION     N (340)
  AVERAGE WIND SPEED     7.6


SKY COVER
  POSSIBLE SUNSHINE  MM
  AVERAGE SKY COVER 0.0


WEATHER CONDITIONS
 THE FOLLOWING WEATHER WAS RECORDED TODAY.
  NO SIGNIFICANT WEATHER WAS OBSERVED.


RELATIVE HUMIDITY (PERCENT)
 HIGHEST    83           500 AM
 LOWEST     55           100 PM
 AVERAGE    69

..........................................................


THE HOULTON ME CLIMATE NORMALS FOR TOMORROW
                         NORMAL    RECORD    YEAR
 MAXIMUM TEMPERATURE (F)   28        56      2000
 MINIMUM TEMPERATURE (F)    9       -16      1980


SUNRISE AND SUNSET
DECEMBER 17 2017......SUNRISE   708 AM EST   SUNSET   347 PM EST
DECEMBER 18 2017......SUNRISE   709 AM EST   SUNSET   347 PM EST


-  INDICATES NEGATIVE NUMBERS.
R  INDICATES RECORD WAS SET OR TIED.
MM INDICATES DATA IS MISSING.
T  INDICATES TRACE AMOUNT.




$$
