000
CDUS41 KCAR 272128
CLIHUL


CLIMATE REPORT
NATIONAL WEATHER SERVICE CARIBOU, ME
427 PM EST FRI FEB 27 2015


...................................

...THE HOULTON ME CLIMATE SUMMARY FOR FEBRUARY 27 2015...
VALID TODAY AS OF 0400 PM LOCAL TIME.

CLIMATE NORMAL PERIOD 1981 TO 2010
CLIMATE RECORD PERIOD 1948 TO 2015


WEATHER ITEM   OBSERVED TIME   RECORD YEAR NORMAL DEPARTURE LAST
                VALUE   (LST)  VALUE       VALUE  FROM      YEAR
                                                  NORMAL
..................................................................
TEMPERATURE (F)
 TODAY
  MAXIMUM         19    317 PM  47    2009  30    -11       16
                                      2002
  MINIMUM        -19    635 AM -27    1950   8    -27      -20
  AVERAGE          0                        19    -19       -2

PRECIPITATION (IN)
  TODAY            0.00          1.30 1979   0.07  -0.07      T
  MONTH TO DATE    0.66                      1.92  -1.26     1.40
  SINCE DEC 1      7.60                      8.07  -0.47     7.95
  SINCE JAN 1      2.10                      4.78  -2.68     5.58

SNOWFALL (IN)
  TODAY           MM             1.9  1997   0.6   MM       MM
  MONTH TO DATE   MM                        17.1   MM       MM
  SINCE DEC 1     MM                        56.8   MM       MM
  SINCE JUL 1     MM                        64.9   MM       MM
  SNOW DEPTH      MM

DEGREE DAYS
 HEATING
  TODAY           65                        46     19       67
  MONTH TO DATE 1672                      1351    321     1399
  SINCE DEC 1   4609                      4418    191     4526
  SINCE JUL 1   6506                      6526    -20     6527

 COOLING
  TODAY            0                         0      0        0
  MONTH TO DATE    0                         0      0        0
  SINCE DEC 1      0                         0      0        0
  SINCE JAN 1      0                         0      0        0
..................................................................


WIND (MPH)
  HIGHEST WIND SPEED    18   HIGHEST WIND DIRECTION     W (250)
  HIGHEST GUST SPEED    25   HIGHEST GUST DIRECTION     W (280)
  AVERAGE WIND SPEED     7.4


SKY COVER
  POSSIBLE SUNSHINE  MM
  AVERAGE SKY COVER 0.1


WEATHER CONDITIONS
 THE FOLLOWING WEATHER WAS RECORDED TODAY.
  NO SIGNIFICANT WEATHER WAS OBSERVED.


RELATIVE HUMIDITY (PERCENT)
 HIGHEST    81           700 AM
 LOWEST     30           200 PM
 AVERAGE    56

..........................................................


THE HOULTON ME CLIMATE NORMALS FOR TOMORROW
                         NORMAL    RECORD    YEAR
 MAXIMUM TEMPERATURE (F)   31        49      2000
 MINIMUM TEMPERATURE (F)    8       -26      1982


SUNRISE AND SUNSET
FEBRUARY 27 2015......SUNRISE   614 AM EST   SUNSET   514 PM EST
FEBRUARY 28 2015......SUNRISE   612 AM EST   SUNSET   516 PM EST


-  INDICATES NEGATIVE NUMBERS.
R  INDICATES RECORD WAS SET OR TIED.
MM INDICATES DATA IS MISSING.
T  INDICATES TRACE AMOUNT.




$$
