000
CDUS45 KTFX 030743
CLIHVR


CLIMATE REPORT
NATIONAL WEATHER SERVICE GREAT FALLS MT
142 AM MDT THU SEP 3 2015


...................................

...THE HAVRE MT CLIMATE SUMMARY FOR SEPTEMBER 2 2015...

CLIMATE NORMAL PERIOD 1981 TO 2010
CLIMATE RECORD PERIOD 1880 TO 2015


WEATHER ITEM   OBSERVED TIME   RECORD YEAR NORMAL DEPARTURE LAST
                VALUE   (LST)  VALUE       VALUE  FROM      YEAR
                                                  NORMAL
..................................................................
TEMPERATURE (F)
 YESTERDAY
  MAXIMUM         85    426 PM 101    1998  77      8       77
  MINIMUM         45    522 AM  32    1974  47     -2       48
  AVERAGE         65                        62      3       63

PRECIPITATION (IN)
  YESTERDAY        0.00          0.66 1887   0.04  -0.04     0.00
  MONTH TO DATE    T                         0.07  -0.07     0.00
  SINCE OCT 1     10.14                     10.15  -0.01    12.33
  SINCE JAN 1      8.57                      8.74  -0.17    10.32

SNOWFALL (IN)
  YESTERDAY        0.0           T    1962   0.0    0.0      0.0
                                      1998
  MONTH TO DATE    0.0                       0.0    0.0      0.0
  SINCE SEP 1      0.0                       0.0    0.0      0.0
  SINCE JUL 1      T                         0.0    0.0      0.0
  SNOW DEPTH       0

DEGREE DAYS
 HEATING
  YESTERDAY        0                         5     -5        2
  MONTH TO DATE    0                        10    -10        4
  SINCE SEP 1      0                        10    -10        4
  SINCE JUL 1     75                        93    -18       48

 COOLING
  YESTERDAY        0                         2     -2        0
  MONTH TO DATE    2                         4     -2        0
  SINCE SEP 1      2                         4     -2        0
  SINCE JAN 1    412                       371     41      390
..................................................................


WIND (MPH)
  HIGHEST WIND SPEED    20   HIGHEST WIND DIRECTION    NW (330)
  HIGHEST GUST SPEED    28   HIGHEST GUST DIRECTION    NW (330)
  AVERAGE WIND SPEED     9.2


SKY COVER
  AVERAGE SKY COVER 0.0


WEATHER CONDITIONS
 THE FOLLOWING WEATHER WAS RECORDED YESTERDAY.
  NO SIGNIFICANT WEATHER WAS OBSERVED.


RELATIVE HUMIDITY (PERCENT)
 HIGHEST    66           500 AM
 LOWEST     17           500 PM
 AVERAGE    42

..........................................................


THE HAVRE MT CLIMATE NORMALS FOR TODAY
                         NORMAL    RECORD    YEAR
 MAXIMUM TEMPERATURE (F)   77        99      2009
 MINIMUM TEMPERATURE (F)   46        29      1962


SUNRISE AND SUNSET
SEPTEMBER  3 2015.....SUNRISE   639 AM MDT   SUNSET   757 PM MDT
SEPTEMBER  4 2015.....SUNRISE   640 AM MDT   SUNSET   755 PM MDT


-  INDICATES NEGATIVE NUMBERS.
R  INDICATES RECORD WAS SET OR TIED.
MM INDICATES DATA IS MISSING.
T  INDICATES TRACE AMOUNT.




$$
