000
CDUS45 KTFX 180746
CLIHVR


CLIMATE REPORT
NATIONAL WEATHER SERVICE GREAT FALLS MT
1244 AM MST THU DEC 18 2014


...................................

...THE HAVRE MT CLIMATE SUMMARY FOR DECEMBER 17 2014...

CLIMATE NORMAL PERIOD 1981 TO 2010
CLIMATE RECORD PERIOD 1880 TO 2014


WEATHER ITEM   OBSERVED TIME   RECORD YEAR NORMAL DEPARTURE LAST
                VALUE   (LST)  VALUE       VALUE  FROM      YEAR
                                                  NORMAL
..................................................................
TEMPERATURE (F)
 YESTERDAY
  MAXIMUM         27    417 PM  61    1976  30     -3       48
  MINIMUM         13    734 PM -34    1984   7      6       13
                                      1922
  AVERAGE         20                        18      2       31

PRECIPITATION (IN)
  YESTERDAY        0.01          0.21 1973   0.01   0.00     0.00
  MONTH TO DATE    0.10                      0.20  -0.10     0.55
  SINCE OCT 1      1.33                      1.21   0.12     1.27
  SINCE JAN 1     12.49                     11.00   1.49    18.42

SNOWFALL (IN)
  YESTERDAY        0.1           5.0  1970   0.3   -0.2      0.0
  MONTH TO DATE    0.1                       3.6   -3.5      9.1
  SINCE DEC 1      0.1                       3.6   -3.5      9.1
  SINCE JUL 1      4.7                      11.2   -6.5     14.9
  SNOW DEPTH       T

DEGREE DAYS
 HEATING
  YESTERDAY       45                        47     -2       34
  MONTH TO DATE  663                       756    -93      946
  SINCE DEC 1    663                       756    -93      946
  SINCE JUL 1   2600                      2799   -199     2872

 COOLING
  YESTERDAY        0                         0      0        0
  MONTH TO DATE    0                         0      0        0
  SINCE DEC 1      0                         0      0        0
  SINCE JAN 1    402                       387     15      445
..................................................................


WIND (MPH)
  HIGHEST WIND SPEED    12   HIGHEST WIND DIRECTION     E (70)
  HIGHEST GUST SPEED    13   HIGHEST GUST DIRECTION     E (70)
  AVERAGE WIND SPEED     3.5


SKY COVER
  AVERAGE SKY COVER 0.9


WEATHER CONDITIONS
 THE FOLLOWING WEATHER WAS RECORDED YESTERDAY.
  LIGHT SNOW
  FOG
  FOG W/VISIBILITY <= 1/4 MILE


RELATIVE HUMIDITY (PERCENT)
 HIGHEST   100          1100 PM
 LOWEST     81          1200 PM
 AVERAGE    91

..........................................................


THE HAVRE MT CLIMATE NORMALS FOR TODAY
                         NORMAL    RECORD    YEAR
 MAXIMUM TEMPERATURE (F)   29        57      1979
 MINIMUM TEMPERATURE (F)    7       -36      1924


SUNRISE AND SUNSET
DECEMBER 18 2014......SUNRISE   807 AM MST   SUNSET   425 PM MST
DECEMBER 19 2014......SUNRISE   807 AM MST   SUNSET   425 PM MST


-  INDICATES NEGATIVE NUMBERS.
R  INDICATES RECORD WAS SET OR TIED.
MM INDICATES DATA IS MISSING.
T  INDICATES TRACE AMOUNT.




$$
