000
CDUS45 KTFX 031033
CLIHVR


CLIMATE REPORT
NATIONAL WEATHER SERVICE GREAT FALLS MT
428 AM MDT FRI JUL 3 2015


...................................

...THE HAVRE MT CLIMATE SUMMARY FOR JULY 2 2015...

CLIMATE NORMAL PERIOD 1981 TO 2010
CLIMATE RECORD PERIOD 1880 TO 2015


WEATHER ITEM   OBSERVED TIME   RECORD YEAR NORMAL DEPARTURE LAST
                VALUE   (LST)  VALUE       VALUE  FROM      YEAR
                                                  NORMAL
..................................................................
TEMPERATURE (F)
 YESTERDAY
  MAXIMUM         86    452 PM  99    1985  81      5       87
  MINIMUM         52    433 AM  37    1893  51      1       51
  AVERAGE         69                        66      3       69

PRECIPITATION (IN)
  YESTERDAY        0.00          1.14 1916   0.07  -0.07     0.00
  MONTH TO DATE    0.06                      0.14  -0.08     0.00
  SINCE OCT 1      6.13                      7.47  -1.34     8.39
  SINCE JAN 1      4.56                      6.06  -1.50     6.38

SNOWFALL (IN)
  YESTERDAY        0.0           0.0  1999   0.0    0.0      0.0
                                      2001
                                      1998
  MONTH TO DATE    0.0                       0.0    0.0      0.0
  SINCE JUN 1      0.0                       0.0    0.0      0.0
  SINCE JUL 1      0.0                       0.0    0.0      0.0
  SNOW DEPTH       0

DEGREE DAYS
 HEATING
  YESTERDAY        0                         2     -2        0
  MONTH TO DATE    0                         4     -4        0
  SINCE JUN 1     57                       137    -80      175
  SINCE JUL 1      0                         4     -4        0

 COOLING
  YESTERDAY        4                         3      1        4
  MONTH TO DATE    8                         6      2        5
  SINCE JUN 1    118                        54     64       11
  SINCE JAN 1    118                        65     53       18
..................................................................


WIND (MPH)
  HIGHEST WIND SPEED    12   HIGHEST WIND DIRECTION    SE (130)
  HIGHEST GUST SPEED    17   HIGHEST GUST DIRECTION    SE (120)
  AVERAGE WIND SPEED     5.7


SKY COVER
  AVERAGE SKY COVER 0.0


WEATHER CONDITIONS
 THE FOLLOWING WEATHER WAS RECORDED YESTERDAY.
  FOG
  HAZE


RELATIVE HUMIDITY (PERCENT)
 HIGHEST    93           200 AM
 LOWEST     31           600 PM
 AVERAGE    62

..........................................................


THE HAVRE MT CLIMATE NORMALS FOR TODAY
                         NORMAL    RECORD    YEAR
 MAXIMUM TEMPERATURE (F)   81       102      1936
 MINIMUM TEMPERATURE (F)   51        41      1972
                                             1971


SUNRISE AND SUNSET
JULY  3 2015..........SUNRISE   522 AM MDT   SUNSET   924 PM MDT
JULY  4 2015..........SUNRISE   523 AM MDT   SUNSET   924 PM MDT


-  INDICATES NEGATIVE NUMBERS.
R  INDICATES RECORD WAS SET OR TIED.
MM INDICATES DATA IS MISSING.
T  INDICATES TRACE AMOUNT.




$$
