538
CDUS45 KTFX 192330
CLIHVR


CLIMATE REPORT
NATIONAL WEATHER SERVICE GREAT FALLS MT
430 PM MST FRI JAN 19 2018


...................................

...THE HAVRE MT CLIMATE SUMMARY FOR JANUARY 19 2018...
VALID TODAY AS OF 0400 PM LOCAL TIME.

CLIMATE NORMAL PERIOD 1981 TO 2010
CLIMATE RECORD PERIOD 1880 TO 2018


WEATHER ITEM   OBSERVED TIME   RECORD YEAR NORMAL DEPARTURE LAST
                VALUE   (LST)  VALUE       VALUE  FROM      YEAR
                                                  NORMAL
..................................................................
TEMPERATURE (F)
 TODAY
  MAXIMUM         39    250 AM  63    1944  29     10       42
  MINIMUM         32   1043 AM -43    1883   8     24       30
  AVERAGE         36                        18     18       36

PRECIPITATION (IN)
  TODAY            0.00          0.30 1920   0.01  -0.01     0.00
  MONTH TO DATE    0.30                      0.23   0.07     0.54
  SINCE OCT 1      3.82                      1.64   2.18     4.53
  SINCE JAN 1      0.30                      0.23   0.07     0.54

SNOWFALL (IN)
  TODAY            0.0           4.4  1920   0.2   -0.2      0.0
  MONTH TO DATE    7.0                       4.9    2.1      7.0
  SINCE DEC 1     25.6                      12.3   13.3     14.2
  SINCE JUL 1     43.1                      19.9   23.2     19.7

DEGREE DAYS
 HEATING
  TODAY           29                        47    -18       29
  MONTH TO DATE 1046                       904    142     1092
  SINCE DEC 1   2430                      2327    103     2658
  SINCE JUL 1   4488                      4370    118     4405

 COOLING
  TODAY            0                         0      0        0
  MONTH TO DATE    0                         0      0        0
  SINCE DEC 1      0                         0      0        0
  SINCE JAN 1      0                         0      0        0
..................................................................


WIND (MPH)
  HIGHEST WIND SPEED    28   HIGHEST WIND DIRECTION    SW (210)
  HIGHEST GUST SPEED    40   HIGHEST GUST DIRECTION    SW (220)
  AVERAGE WIND SPEED    14.6


SKY COVER
  AVERAGE SKY COVER 0.0


WEATHER CONDITIONS
 THE FOLLOWING WEATHER WAS RECORDED TODAY.
  NO SIGNIFICANT WEATHER WAS OBSERVED.


RELATIVE HUMIDITY (PERCENT)
 HIGHEST    96           500 AM
 LOWEST     75           900 AM
 AVERAGE    86

..........................................................


THE HAVRE MT CLIMATE NORMALS FOR TOMORROW
                         NORMAL    RECORD    YEAR
 MAXIMUM TEMPERATURE (F)   29        54      1992
 MINIMUM TEMPERATURE (F)    8       -43      1954


SUNRISE AND SUNSET
JANUARY 19 2018.......SUNRISE   803 AM MST   SUNSET   457 PM MST
JANUARY 20 2018.......SUNRISE   802 AM MST   SUNSET   459 PM MST


-  INDICATES NEGATIVE NUMBERS.
R  INDICATES RECORD WAS SET OR TIED.
MM INDICATES DATA IS MISSING.
T  INDICATES TRACE AMOUNT.




$$
