000
CDUS45 KTFX 092330
CLIHVR


CLIMATE REPORT
NATIONAL WEATHER SERVICE GREAT FALLS MT
430 PM MST FRI DEC 9 2016


...................................

...THE HAVRE MT CLIMATE SUMMARY FOR DECEMBER 9 2016...
VALID TODAY AS OF 0400 PM LOCAL TIME.

CLIMATE NORMAL PERIOD 1981 TO 2010
CLIMATE RECORD PERIOD 1880 TO 2016


WEATHER ITEM   OBSERVED TIME   RECORD YEAR NORMAL DEPARTURE LAST
                VALUE   (LST)  VALUE       VALUE  FROM      YEAR
                                                  NORMAL
..................................................................
TEMPERATURE (F)
 TODAY
  MAXIMUM          7    255 PM  61    1979  31    -24       59
  MINIMUM         -2    108 AM -37    1977   9    -11       39
  AVERAGE          3                        20    -17       49

PRECIPITATION (IN)
  TODAY            0.00          0.33 1989   0.01  -0.01     0.00
                                      1933
  MONTH TO DATE    0.07                      0.11  -0.04     0.03
  SINCE OCT 1      3.59                      1.12   2.47     1.54
  SINCE JAN 1     18.88                     10.91   7.97    11.78

SNOWFALL (IN)
  TODAY            0.0           5.7  1989   0.2   -0.2      0.0
  MONTH TO DATE    0.9                       1.9   -1.0      0.0
  SINCE DEC 1      0.9                       1.9   -1.0      0.0
  SINCE JUL 1      6.4                       9.5   -3.1      3.0

DEGREE DAYS
 HEATING
  TODAY           62                        45     17       16
  MONTH TO DATE  451                       390     61      252
  SINCE DEC 1    451                       390     61      252
  SINCE JUL 1   2198                      2433   -235     2105

 COOLING
  TODAY            0                         0      0        0
  MONTH TO DATE    0                         0      0        0
  SINCE DEC 1      0                         0      0        0
  SINCE JAN 1    344                       387    -43      418
..................................................................


WIND (MPH)
  HIGHEST WIND SPEED    15   HIGHEST WIND DIRECTION     E (70)
  HIGHEST GUST SPEED    17   HIGHEST GUST DIRECTION     E (70)
  AVERAGE WIND SPEED     8.9


SKY COVER
  AVERAGE SKY COVER 0.9


WEATHER CONDITIONS
 THE FOLLOWING WEATHER WAS RECORDED TODAY.
  HAZE


RELATIVE HUMIDITY (PERCENT)
 HIGHEST    87           400 AM
 LOWEST     69           200 PM
 AVERAGE    78

..........................................................


THE HAVRE MT CLIMATE NORMALS FOR TOMORROW
                         NORMAL    RECORD    YEAR
 MAXIMUM TEMPERATURE (F)   31        66      1939
 MINIMUM TEMPERATURE (F)    9       -28      1919


SUNRISE AND SUNSET
DECEMBER  9 2016......SUNRISE   800 AM MST   SUNSET   424 PM MST
DECEMBER 10 2016......SUNRISE   801 AM MST   SUNSET   424 PM MST


-  INDICATES NEGATIVE NUMBERS.
R  INDICATES RECORD WAS SET OR TIED.
MM INDICATES DATA IS MISSING.
T  INDICATES TRACE AMOUNT.




$$
