000
CDUS45 KTFX 282234
CLIHVR


CLIMATE REPORT
NATIONAL WEATHER SERVICE GREAT FALLS MT
433 PM MDT SAT MAY 28 2016


...................................

...THE HAVRE MT CLIMATE SUMMARY FOR MAY 28 2016...
VALID TODAY AS OF 0400 PM LOCAL TIME.

CLIMATE NORMAL PERIOD 1981 TO 2010
CLIMATE RECORD PERIOD 1880 TO 2016


WEATHER ITEM   OBSERVED TIME   RECORD YEAR NORMAL DEPARTURE LAST
                VALUE   (LST)  VALUE       VALUE  FROM      YEAR
                                                  NORMAL
..................................................................
TEMPERATURE (F)
 TODAY
  MAXIMUM         65    239 PM  97    1936  71     -6       72
  MINIMUM         46    539 AM  24    1947  45      1       39
  AVERAGE         56                        58     -2       56

PRECIPITATION (IN)
  TODAY            T             1.84 1982   0.07  -0.07     0.33
  MONTH TO DATE    3.35                      1.53   1.82     1.57
  SINCE OCT 1      9.69                      4.93   4.76     5.63
  SINCE JAN 1      7.76                      3.52   4.24     4.06

SNOWFALL (IN)
  TODAY           MM            20.7  1982   0.1   MM        0.0
  MONTH TO DATE    0.0                       1.7   -1.7      0.0
  SINCE MAR 1      3.0                      11.0   -8.0      0.2
  SINCE JUL 1     17.3                      38.9  -21.6     20.8

DEGREE DAYS
 HEATING
  TODAY            9                         8      1        9
  MONTH TO DATE  325                       329     -4      374
  SINCE MAR 1   1619                      1946   -327     1714
  SINCE JUL 1   7044                      8066  -1022     7382

 COOLING
  TODAY            0                         1     -1        0
  MONTH TO DATE    1                         3     -2        0
  SINCE MAR 1      1                         4     -3        0
  SINCE JAN 1      1                         4     -3        0
..................................................................


WIND (MPH)
  HIGHEST WIND SPEED    22   HIGHEST WIND DIRECTION    SW (230)
  HIGHEST GUST SPEED    29   HIGHEST GUST DIRECTION    SW (230)
  AVERAGE WIND SPEED    12.7


SKY COVER
  AVERAGE SKY COVER 0.2


WEATHER CONDITIONS
 THE FOLLOWING WEATHER WAS RECORDED TODAY.
  LIGHT RAIN


RELATIVE HUMIDITY (PERCENT)
 HIGHEST    93           400 AM
 LOWEST     36           100 PM
 AVERAGE    65

..........................................................


THE HAVRE MT CLIMATE NORMALS FOR TOMORROW
                         NORMAL    RECORD    YEAR
 MAXIMUM TEMPERATURE (F)   71        98      1936
 MINIMUM TEMPERATURE (F)   45        31      1895


SUNRISE AND SUNSET
MAY 28 2016...........SUNRISE   524 AM MDT   SUNSET   909 PM MDT
MAY 29 2016...........SUNRISE   523 AM MDT   SUNSET   911 PM MDT


-  INDICATES NEGATIVE NUMBERS.
R  INDICATES RECORD WAS SET OR TIED.
MM INDICATES DATA IS MISSING.
T  INDICATES TRACE AMOUNT.




$$
