000
CDUS45 KTFX 211147
CLIHVR


CLIMATE REPORT
NATIONAL WEATHER SERVICE GREAT FALLS MT
446 AM MST SAT JAN 21 2017


...................................

...THE HAVRE MT CLIMATE SUMMARY FOR JANUARY 20 2017...
VALID TODAY AS OF 0400 AM LOCAL TIME.

CLIMATE NORMAL PERIOD 1981 TO 2010
CLIMATE RECORD PERIOD 1880 TO 2017


WEATHER ITEM   OBSERVED TIME   RECORD YEAR NORMAL DEPARTURE LAST
                VALUE   (LST)  VALUE       VALUE  FROM      YEAR
                                                  NORMAL
..................................................................
TEMPERATURE (F)
 TODAY
  MAXIMUM         40    359 PM  54    1992  29     11       19
  MINIMUM         27    906 AM -43    1954   8     19        6
  AVERAGE         34                        18     16       13

PRECIPITATION (IN)
  TODAY            0.00          0.22 2007   0.01  -0.01      T
  MONTH TO DATE    0.54                      0.24   0.30     0.33
  SINCE OCT 1      4.53                      1.65   2.88     2.26
  SINCE JAN 1      0.54                      0.24   0.30     0.33

SNOWFALL (IN)
  TODAY            0.0           2.3  1952   0.2   -0.2       T
  MONTH TO DATE    6.0                       5.1    0.9      5.4
  SINCE DEC 1     13.2                      12.5    0.7     10.8
  SINCE JUL 1     18.7                      20.1   -1.4     13.8

DEGREE DAYS
 HEATING
  TODAY           31                        47    -16       52
  MONTH TO DATE 1123                       951    172     1047
  SINCE DEC 1   2689                      2374    315     2356
  SINCE JUL 1   4436                      4417     19     4209

 COOLING
  TODAY            0                         0      0        0
  MONTH TO DATE    0                         0      0        0
  SINCE DEC 1      0                         0      0        0
  SINCE JAN 1      0                         0      0        0
..................................................................


WIND (MPH)
  HIGHEST WIND SPEED    16   HIGHEST WIND DIRECTION    SW (230)
  HIGHEST GUST SPEED    18   HIGHEST GUST DIRECTION    SW (220)
  AVERAGE WIND SPEED     8.7


SKY COVER
  AVERAGE SKY COVER 0.2


WEATHER CONDITIONS
 THE FOLLOWING WEATHER WAS RECORDED TODAY.
  NO SIGNIFICANT WEATHER WAS OBSERVED.


RELATIVE HUMIDITY (PERCENT)
 HIGHEST    92           700 AM
 LOWEST     70          1200 PM
 AVERAGE    81

..........................................................


THE HAVRE MT CLIMATE NORMALS FOR TOMORROW
                         NORMAL    RECORD    YEAR
 MAXIMUM TEMPERATURE (F)   29        52      1981
                                             1976
 MINIMUM TEMPERATURE (F)    8       -38      1888


SUNRISE AND SUNSET
JANUARY 20 2017.......SUNRISE   802 AM MST   SUNSET   459 PM MST
JANUARY 21 2017.......SUNRISE   801 AM MST   SUNSET   501 PM MST


-  INDICATES NEGATIVE NUMBERS.
R  INDICATES RECORD WAS SET OR TIED.
MM INDICATES DATA IS MISSING.
T  INDICATES TRACE AMOUNT.




$$
