000
CDUS45 KTFX 200956
CLIHVR


CLIMATE REPORT
NATIONAL WEATHER SERVICE GREAT FALLS MT
355 AM MDT SAT SEP 20 2014


...................................

...THE HAVRE MT CLIMATE SUMMARY FOR SEPTEMBER 19 2014...

CLIMATE NORMAL PERIOD 1981 TO 2010
CLIMATE RECORD PERIOD 1880 TO 2014


WEATHER ITEM   OBSERVED TIME   RECORD YEAR NORMAL DEPARTURE LAST
                VALUE   (LST)  VALUE       VALUE  FROM      YEAR
                                                  NORMAL
..................................................................
TEMPERATURE (F)
 YESTERDAY
  MAXIMUM         79    314 PM  96    2009  70      9       66
  MINIMUM         55   1158 PM  24    1991  40     15       44
  AVERAGE         67                        55     12       55

PRECIPITATION (IN)
  YESTERDAY        T             1.88 1925   0.04  -0.04     0.03
  MONTH TO DATE    0.74                      0.73   0.01     0.97
  SINCE OCT 1     13.07                     10.81   2.26    18.55
  SINCE JAN 1     11.06                      9.40   1.66    16.07

SNOWFALL (IN)
  YESTERDAY        0.0           T    1983   0.1   -0.1      0.0
                                      1998
  MONTH TO DATE    T                         0.1   -0.1      0.0
  SINCE SEP 1      T                         0.1   -0.1      0.0
  SINCE JUL 1      T                         0.1   -0.1      0.0
  SNOW DEPTH       0

DEGREE DAYS
 HEATING
  YESTERDAY        0                        10    -10       10
  MONTH TO DATE  179                       139     40       27
  SINCE SEP 1    179                       139     40       27
  SINCE JUL 1    223                       222      1       45

 COOLING
  YESTERDAY        2                         0      2        0
  MONTH TO DATE    2                        17    -15       70
  SINCE SEP 1      2                        17    -15       70
  SINCE JAN 1    392                       384      8      445
..................................................................


WIND (MPH)
  HIGHEST WIND SPEED    26   HIGHEST WIND DIRECTION    NW (300)
  HIGHEST GUST SPEED    33   HIGHEST GUST DIRECTION    NW (300)
  AVERAGE WIND SPEED    13.4


SKY COVER
  AVERAGE SKY COVER 0.3


WEATHER CONDITIONS
 THE FOLLOWING WEATHER WAS RECORDED YESTERDAY.
  LIGHT RAIN


RELATIVE HUMIDITY (PERCENT)
 HIGHEST    67           600 AM
 LOWEST     28           100 PM
 AVERAGE    48

..........................................................


THE HAVRE MT CLIMATE NORMALS FOR TODAY
                         NORMAL    RECORD    YEAR
 MAXIMUM TEMPERATURE (F)   69        96      1922
 MINIMUM TEMPERATURE (F)   40        24      1995


SUNRISE AND SUNSET
SEPTEMBER 20 2014.....SUNRISE   703 AM MDT   SUNSET   721 PM MDT
SEPTEMBER 21 2014.....SUNRISE   704 AM MDT   SUNSET   719 PM MDT


-  INDICATES NEGATIVE NUMBERS.
R  INDICATES RECORD WAS SET OR TIED.
MM INDICATES DATA IS MISSING.
T  INDICATES TRACE AMOUNT.




$$
