000
CDUS43 KUNR 170832
CLIICR


CLIMATE REPORT
NATIONAL WEATHER SERVICE RAPID CITY SD
231 AM MDT THU APR 17 2014


...................................

...THE WINNER REGIONAL AIRPORT SD CLIMATE SUMMARY FOR APRIL 16 2014...

CLIMATE NORMAL PERIOD 1981 TO 2010
CLIMATE RECORD PERIOD 9999 TO 9999


WEATHER ITEM   OBSERVED TIME   NORMAL DEPARTURE LAST
                VALUE   (LST)  VALUE  FROM      YEAR
                                      NORMAL
......................................................
TEMPERATURE (F)
 YESTERDAY
  MAXIMUM         56    249 AM  60     -4       39
  MINIMUM         26   1154 PM  36    -10       28
  AVERAGE         41            48     -7       34

PRECIPITATION (IN)
  YESTERDAY        T             0.08  -0.08      T
  MONTH TO DATE    0.14          1.10  -0.96     0.70
  SINCE MAR 1      0.18          2.48  -2.30     1.30
  SINCE JAN 1      0.26          3.24  -2.98     1.30

DEGREE DAYS
 HEATING
  YESTERDAY       24            17      7       31
  MONTH TO DATE  327           316     11      439
  SINCE MAR 1   1277          1192     85     1451
  SINCE JUL 1   6610          6201    409     6114

 COOLING
  YESTERDAY        0             0      0        0
  MONTH TO DATE    2             0      2        0
  SINCE MAR 1      2             0      2        0
  SINCE JAN 1      2             0      2        0
......................................................


WIND (MPH)
  HIGHEST WIND SPEED    29   HIGHEST WIND DIRECTION    NW (330)
  HIGHEST GUST SPEED    35   HIGHEST GUST DIRECTION    NW (320)
  AVERAGE WIND SPEED    17.3


SKY COVER
  AVERAGE SKY COVER 0.9


WEATHER CONDITIONS
 THE FOLLOWING WEATHER WAS RECORDED YESTERDAY.
  LIGHT RAIN
  LIGHT SNOW
  FOG


RELATIVE HUMIDITY (PERCENT)
 HIGHEST    89           800 AM
 LOWEST     35          1200 AM
 AVERAGE    62

..........................................................




SUNRISE AND SUNSET
APRIL 17 2014.........SUNRISE   654 AM CDT   SUNSET   825 PM CDT
APRIL 18 2014.........SUNRISE   652 AM CDT   SUNSET   826 PM CDT


-  INDICATES NEGATIVE NUMBERS.
R  INDICATES RECORD WAS SET OR TIED.
MM INDICATES DATA IS MISSING.
T  INDICATES TRACE AMOUNT.




$$
