000
CDUS43 KUNR 220835
CLIICR


CLIMATE REPORT
NATIONAL WEATHER SERVICE RAPID CITY SD
235 AM MDT SAT JUL 22 2017


...................................

...THE WINNER REGIONAL AIRPORT SD CLIMATE SUMMARY FOR JULY 21 2017...

CLIMATE NORMAL PERIOD 1981 TO 2010
CLIMATE RECORD PERIOD 9999 TO 9999


WEATHER ITEM   OBSERVED TIME   NORMAL DEPARTURE LAST
                VALUE   (LST)  VALUE  FROM      YEAR
                                      NORMAL
......................................................
TEMPERATURE (F)
 YESTERDAY
  MAXIMUM        103    525 PM  89     14      102
  MINIMUM         71    517 AM  64      7       75
  AVERAGE         87            76     11       89

PRECIPITATION (IN)
  YESTERDAY        0.04          0.08  -0.04     0.00
  MONTH TO DATE    0.17          2.01  -1.84     1.22
  SINCE JUN 1      0.42          5.66  -5.24     2.27
  SINCE JAN 1      7.51         13.73  -6.22    11.62

DEGREE DAYS
 HEATING
  YESTERDAY        0             0      0        0
  MONTH TO DATE    0             0      0        1
  SINCE JUN 1      8            54    -46        4
  SINCE JUL 1      0             0      0        1

 COOLING
  YESTERDAY       22            11     11       24
  MONTH TO DATE  380           212    168      252
  SINCE JUN 1    610           357    253      538
  SINCE JAN 1    638           387    251      585
......................................................


WIND (MPH)
  HIGHEST WIND SPEED    21   HIGHEST WIND DIRECTION     S (180)
  HIGHEST GUST SPEED    27   HIGHEST GUST DIRECTION     S (180)
  AVERAGE WIND SPEED     7.2


SKY COVER
  AVERAGE SKY COVER 0.2


WEATHER CONDITIONS
 THE FOLLOWING WEATHER WAS RECORDED YESTERDAY.
  THUNDERSTORM
  RAIN
  LIGHT RAIN
  FOG


RELATIVE HUMIDITY (PERCENT)
 HIGHEST    94           400 AM
 LOWEST     29           500 PM
 AVERAGE    62

..........................................................




SUNRISE AND SUNSET
JULY 22 2017..........SUNRISE   619 AM CDT   SUNSET   912 PM CDT
JULY 23 2017..........SUNRISE   620 AM CDT   SUNSET   911 PM CDT


-  INDICATES NEGATIVE NUMBERS.
R  INDICATES RECORD WAS SET OR TIED.
MM INDICATES DATA IS MISSING.
T  INDICATES TRACE AMOUNT.




$$
