000
CDUS43 KUNR 300832
CLIICR


CLIMATE REPORT
NATIONAL WEATHER SERVICE RAPID CITY SD
231 AM MDT TUE MAY 30 2017


...................................

...THE WINNER REGIONAL AIRPORT SD CLIMATE SUMMARY FOR MAY 29 2017...

CLIMATE NORMAL PERIOD 1981 TO 2010
CLIMATE RECORD PERIOD 9999 TO 9999


WEATHER ITEM   OBSERVED TIME   NORMAL DEPARTURE LAST
                VALUE   (LST)  VALUE  FROM      YEAR
                                      NORMAL
......................................................
TEMPERATURE (F)
 YESTERDAY
  MAXIMUM         72    440 PM  74     -2       79
  MINIMUM         45   1151 PM  50     -5       54
  AVERAGE         59            62     -3       67

PRECIPITATION (IN)
  YESTERDAY        0.00          0.13  -0.13     0.00
  MONTH TO DATE    3.03          3.16  -0.13     2.80
  SINCE MAR 1      5.45          7.03  -1.58     8.94
  SINCE JAN 1      7.09          7.79  -0.70     9.33

DEGREE DAYS
 HEATING
  YESTERDAY        6             4      2        0
  MONTH TO DATE  191           233    -42      176
  SINCE MAR 1   1382          1628   -246     1275
  SINCE JUL 1   5534          6637  -1103     5568

 COOLING
  YESTERDAY        0             2     -2        2
  MONTH TO DATE   26            26      0       31
  SINCE MAR 1     28            28      0       40
  SINCE JAN 1     28            28      0       40
......................................................


WIND (MPH)
  HIGHEST WIND SPEED    28   HIGHEST WIND DIRECTION    NW (330)
  HIGHEST GUST SPEED    36   HIGHEST GUST DIRECTION     N (340)
  AVERAGE WIND SPEED    11.9


SKY COVER
  AVERAGE SKY COVER 0.3


WEATHER CONDITIONS
 THE FOLLOWING WEATHER WAS RECORDED YESTERDAY.
  NO SIGNIFICANT WEATHER WAS OBSERVED.


RELATIVE HUMIDITY (PERCENT)
 HIGHEST    89           100 AM
 LOWEST     29           400 PM
 AVERAGE    59

..........................................................




SUNRISE AND SUNSET
MAY 30 2017...........SUNRISE   603 AM CDT   SUNSET   912 PM CDT
MAY 31 2017...........SUNRISE   602 AM CDT   SUNSET   913 PM CDT


-  INDICATES NEGATIVE NUMBERS.
R  INDICATES RECORD WAS SET OR TIED.
MM INDICATES DATA IS MISSING.
T  INDICATES TRACE AMOUNT.




$$
