000
CDUS43 KUNR 240844
CLIICR


CLIMATE REPORT
NATIONAL WEATHER SERVICE RAPID CITY SD
242 AM MDT THU JUL 24 2014


...................................

...THE WINNER REGIONAL AIRPORT SD CLIMATE SUMMARY FOR JULY 23 2014...

CLIMATE NORMAL PERIOD 1981 TO 2010
CLIMATE RECORD PERIOD 9999 TO 9999


WEATHER ITEM   OBSERVED TIME   NORMAL DEPARTURE LAST
                VALUE   (LST)  VALUE  FROM      YEAR
                                      NORMAL
......................................................
TEMPERATURE (F)
 YESTERDAY
  MAXIMUM         89    423 PM  89      0       77
  MINIMUM         63    444 AM  64     -1       60
  AVERAGE         76            76      0       69

PRECIPITATION (IN)
  YESTERDAY        0.00          0.09  -0.09      T
  MONTH TO DATE    0.23          2.17  -1.94     2.53
  SINCE JUN 1      4.39          5.82  -1.43     6.04
  SINCE JAN 1      9.18         13.89  -4.71    13.43

DEGREE DAYS
 HEATING
  YESTERDAY        0             0      0        0
  MONTH TO DATE   12             0     12        0
  SINCE JUN 1     49            54     -5       53
  SINCE JUL 1     12             0     12        0

 COOLING
  YESTERDAY       11            12     -1        4
  MONTH TO DATE  216           236    -20      254
  SINCE JUN 1    333           381    -48      386
  SINCE JAN 1    414           411      3      425
......................................................


WIND (MPH)
  HIGHEST WIND SPEED    22   HIGHEST WIND DIRECTION    SE (130)
  HIGHEST GUST SPEED    28   HIGHEST GUST DIRECTION    SE (140)
  AVERAGE WIND SPEED    12.2


SKY COVER
  AVERAGE SKY COVER 0.0


WEATHER CONDITIONS
 THE FOLLOWING WEATHER WAS RECORDED YESTERDAY.
  NO SIGNIFICANT WEATHER WAS OBSERVED.


RELATIVE HUMIDITY (PERCENT)
 HIGHEST    84           500 AM
 LOWEST     29           300 PM
 AVERAGE    57

..........................................................




SUNRISE AND SUNSET
JULY 24 2014..........SUNRISE   621 AM CDT   SUNSET   910 PM CDT
JULY 25 2014..........SUNRISE   622 AM CDT   SUNSET   909 PM CDT


-  INDICATES NEGATIVE NUMBERS.
R  INDICATES RECORD WAS SET OR TIED.
MM INDICATES DATA IS MISSING.
T  INDICATES TRACE AMOUNT.




$$
