000
CDUS43 KUNR 080831
CLIICR


CLIMATE REPORT
NATIONAL WEATHER SERVICE RAPID CITY SD
131 AM MST THU DEC 8 2016


...................................

...THE WINNER REGIONAL AIRPORT SD CLIMATE SUMMARY FOR DECEMBER 7 2016...

CLIMATE NORMAL PERIOD 1981 TO 2010
CLIMATE RECORD PERIOD 9999 TO 9999


WEATHER ITEM   OBSERVED TIME   NORMAL DEPARTURE LAST
                VALUE   (LST)  VALUE  FROM      YEAR
                                      NORMAL
......................................................
TEMPERATURE (F)
 YESTERDAY
  MAXIMUM         18    225 PM  36    -18       59
  MINIMUM          6    927 AM  17    -11       39
  AVERAGE         12            26    -14       49

PRECIPITATION (IN)
  YESTERDAY        0.00          0.02  -0.02     0.00
  MONTH TO DATE    T             0.14  -0.14     0.53
  SINCE DEC 1      T             0.14  -0.14     0.53
  SINCE JAN 1     18.47         21.39  -2.92    17.93

DEGREE DAYS
 HEATING
  YESTERDAY       53            39     14       16
  MONTH TO DATE  260           266     -6      206
  SINCE DEC 1    260           266     -6      206
  SINCE JUL 1   1130          1737   -607     1301

 COOLING
  YESTERDAY        0             0      0        0
  MONTH TO DATE    0             0      0        0
  SINCE DEC 1      0             0      0        0
  SINCE JAN 1   1193           916    277     1145
......................................................


WIND (MPH)
  HIGHEST WIND SPEED    30   HIGHEST WIND DIRECTION    NW (320)
  HIGHEST GUST SPEED    39   HIGHEST GUST DIRECTION    NW (320)
  AVERAGE WIND SPEED    19.9


SKY COVER
  AVERAGE SKY COVER 0.1


WEATHER CONDITIONS
 THE FOLLOWING WEATHER WAS RECORDED YESTERDAY.
  NO SIGNIFICANT WEATHER WAS OBSERVED.


RELATIVE HUMIDITY (PERCENT)
 HIGHEST    73           100 AM
 LOWEST     53           400 PM
 AVERAGE    63

..........................................................




SUNRISE AND SUNSET
DECEMBER  8 2016......SUNRISE   800 AM CST   SUNSET   503 PM CST
DECEMBER  9 2016......SUNRISE   801 AM CST   SUNSET   503 PM CST


-  INDICATES NEGATIVE NUMBERS.
R  INDICATES RECORD WAS SET OR TIED.
MM INDICATES DATA IS MISSING.
T  INDICATES TRACE AMOUNT.




$$
