000
CDUS43 KUNR 301138
CLIICR


CLIMATE REPORT
NATIONAL WEATHER SERVICE RAPID CITY SD
537 AM MDT THU OCT 30 2014


...................................

...THE WINNER REGIONAL AIRPORT SD CLIMATE SUMMARY FOR OCTOBER 29 2014...

CLIMATE NORMAL PERIOD 1981 TO 2010
CLIMATE RECORD PERIOD 9999 TO 9999


WEATHER ITEM   OBSERVED TIME   NORMAL DEPARTURE LAST
                VALUE   (LST)  VALUE  FROM      YEAR
                                      NORMAL
......................................................
TEMPERATURE (F)
 YESTERDAY
  MAXIMUM         66    337 PM  56     10       33
  MINIMUM         23    612 AM  34    -11       31
  AVERAGE         45            45      0       32

PRECIPITATION (IN)
  YESTERDAY        0.00          0.03  -0.03     0.03
  MONTH TO DATE    0.29          1.58  -1.29     4.00
  SINCE SEP 1      1.33          3.57  -2.24     4.74
  SINCE JAN 1     14.40         20.57  -6.17    20.73

DEGREE DAYS
 HEATING
  YESTERDAY       20            20      0       33
  MONTH TO DATE  260           416   -156      493
  SINCE SEP 1    367           544   -177      541
  SINCE JUL 1    380           558   -178      548

 COOLING
  YESTERDAY        0             0      0        0
  MONTH TO DATE    9             9      0        2
  SINCE SEP 1    133           109     24      223
  SINCE JAN 1    863           915    -52     1014
......................................................


WIND (MPH)
  HIGHEST WIND SPEED    20   HIGHEST WIND DIRECTION     S (170)
  HIGHEST GUST SPEED    24   HIGHEST GUST DIRECTION     S (180)
  AVERAGE WIND SPEED     8.9


SKY COVER
  AVERAGE SKY COVER 0.1


WEATHER CONDITIONS
 THE FOLLOWING WEATHER WAS RECORDED YESTERDAY.
  NO SIGNIFICANT WEATHER WAS OBSERVED.


RELATIVE HUMIDITY (PERCENT)
 HIGHEST    88           500 AM
 LOWEST     19           300 PM
 AVERAGE    54

..........................................................




SUNRISE AND SUNSET
OCTOBER 30 2014.......SUNRISE   812 AM CDT   SUNSET   633 PM CDT
OCTOBER 31 2014.......SUNRISE   813 AM CDT   SUNSET   632 PM CDT


-  INDICATES NEGATIVE NUMBERS.
R  INDICATES RECORD WAS SET OR TIED.
MM INDICATES DATA IS MISSING.
T  INDICATES TRACE AMOUNT.




$$
