000
CDUS43 KICT 270653
CLIICT


CLIMATE REPORT
NATIONAL WEATHER SERVICE WICHITA KS
149 AM CDT FRI MAY 27 2016


...................................

...THE WICHITA EISENHOWER NATIONAL CLIMATE SUMMARY FOR MAY 26 2016...

CLIMATE NORMAL PERIOD 1981 TO 2010
CLIMATE RECORD PERIOD 1888 TO 2016


WEATHER ITEM   OBSERVED TIME   RECORD YEAR NORMAL DEPARTURE LAST
                VALUE   (LST)  VALUE       VALUE  FROM      YEAR
                                                  NORMAL
..................................................................
TEMPERATURE (F)
 YESTERDAY
  MAXIMUM         84    505 PM  98    1964  80      4       82
  MINIMUM         61   1132 PM  40    1901  59      2       56
  AVERAGE         73                        69      4       69

PRECIPITATION (IN)
  YESTERDAY        0.58          3.23 2008   0.15   0.43     0.06
  MONTH TO DATE    6.54                      3.73   2.81    11.18
  SINCE MAR 1     14.30                      9.01   5.29    14.08
  SINCE JAN 1     15.04                     11.02   4.02    15.85

SNOWFALL (IN)
  YESTERDAY        0.0           0.0  2007   0.0    0.0      0.0
                                      2001
  MONTH TO DATE    0.0                       0.0    0.0      0.0
  SINCE MAR 1      3.5                       2.5    1.0      1.1
  SINCE JUL 1      4.3                      14.9  -10.6     18.0
  SNOW DEPTH       0

DEGREE DAYS
 HEATING
  YESTERDAY        0                         1     -1        0
  MONTH TO DATE   91                        75     16       74
  SINCE MAR 1    654                       943   -289      711
  SINCE JUL 1   3504                      4583  -1079     4276

 COOLING
  YESTERDAY        8                         5      3        4
  MONTH TO DATE   60                        80    -20       63
  SINCE MAR 1     97                       106     -9       91
  SINCE JAN 1     97                       106     -9       91
..................................................................


WIND (MPH)
  HIGHEST WIND SPEED    33   HIGHEST WIND DIRECTION    NW (330)
  HIGHEST GUST SPEED    42   HIGHEST GUST DIRECTION     N (340)
  AVERAGE WIND SPEED    11.5


SKY COVER
  POSSIBLE SUNSHINE  MM
  AVERAGE SKY COVER 0.8


WEATHER CONDITIONS
 THE FOLLOWING WEATHER WAS RECORDED YESTERDAY.
  THUNDERSTORM
  HEAVY RAIN
  LIGHT RAIN
  FOG
  HAZE


RELATIVE HUMIDITY (PERCENT)
 HIGHEST   100           200 AM
 LOWEST     58           700 PM
 AVERAGE    79

..........................................................


THE WICHITA EISENHOWER NATIONAL CLIMATE NORMALS FOR TODAY
                         NORMAL    RECORD    YEAR
 MAXIMUM TEMPERATURE (F)   80        96      1896
 MINIMUM TEMPERATURE (F)   59        37      1907


SUNRISE AND SUNSET
MAY 27 2016...........SUNRISE   612 AM CDT   SUNSET   842 PM CDT
MAY 28 2016...........SUNRISE   611 AM CDT   SUNSET   843 PM CDT


-  INDICATES NEGATIVE NUMBERS.
R  INDICATES RECORD WAS SET OR TIED.
MM INDICATES DATA IS MISSING.
T  INDICATES TRACE AMOUNT.




$$
