000
CDUS43 KICT 062305
CLIICT


CLIMATE REPORT
NATIONAL WEATHER SERVICE WICHITA KS
504 PM CST FRI MAR 6 2015


...................................

...THE WICHITA EISENHOWER NATIONAL CLIMATE SUMMARY FOR MARCH 6 2015...
VALID TODAY AS OF 500 PM LOCAL TIME.

CLIMATE NORMAL PERIOD 1981 TO 2010
CLIMATE RECORD PERIOD 1888 TO 2015


WEATHER ITEM   OBSERVED TIME   RECORD YEAR NORMAL DEPARTURE LAST
                VALUE   (LST)  VALUE       VALUE  FROM      YEAR
                                                  NORMAL
..................................................................
TEMPERATURE (F)
 TODAY
  MAXIMUM         61    502 PM  80    1925  55      6       47
  MINIMUM         22    628 AM   4    1943  32    -10       27
  AVERAGE         42                        43     -1       37

PRECIPITATION (IN)
  TODAY            0.00          0.88 1990   0.08  -0.08     0.00
  MONTH TO DATE    0.14                      0.42  -0.28     0.22
  SINCE MAR 1      0.14                      0.42  -0.28     0.22
  SINCE JAN 1      1.79                      2.43  -0.64     1.21

SNOWFALL (IN)
  TODAY            0.0           2.2  1941   0.1   -0.1      0.0
  MONTH TO DATE    1.1                       0.5    0.6      3.2
  SINCE MAR 1      1.1                       0.5    0.6      3.2
  SINCE JUL 1     18.0                      12.9    5.1     22.7
  SNOW DEPTH       0

DEGREE DAYS
 HEATING
  TODAY           23                        22      1       28
  MONTH TO DATE  204                       135     69      255
  SINCE MAR 1    204                       135     69      255
  SINCE JUL 1   3769                      3775     -6     4174

 COOLING
  TODAY            0                         0      0        0
  MONTH TO DATE    0                         0      0        0
  SINCE MAR 1      0                         0      0        0
  SINCE JAN 1      0                         0      0        0
..................................................................


WIND (MPH)
  HIGHEST WIND SPEED    22   HIGHEST WIND DIRECTION    SW (230)
  HIGHEST GUST SPEED    28   HIGHEST GUST DIRECTION    SW (230)
  AVERAGE WIND SPEED    12.8


SKY COVER
  POSSIBLE SUNSHINE  MM
  AVERAGE SKY COVER 0.1


WEATHER CONDITIONS
 THE FOLLOWING WEATHER WAS RECORDED TODAY.
  NO SIGNIFICANT WEATHER WAS OBSERVED.


RELATIVE HUMIDITY (PERCENT)
 HIGHEST    88           700 AM
 LOWEST     25           400 PM
 AVERAGE    57

..........................................................


THE WICHITA EISENHOWER NATIONAL CLIMATE NORMALS FOR TOMORROW
                         NORMAL    RECORD    YEAR
 MAXIMUM TEMPERATURE (F)   55        78      1974
 MINIMUM TEMPERATURE (F)   32        -3      1943


SUNRISE AND SUNSET
MARCH  6 2015.........SUNRISE   654 AM CST   SUNSET   628 PM CST
MARCH  7 2015.........SUNRISE   653 AM CST   SUNSET   629 PM CST


-  INDICATES NEGATIVE NUMBERS.
R  INDICATES RECORD WAS SET OR TIED.
MM INDICATES DATA IS MISSING.
T  INDICATES TRACE AMOUNT.




$$

JMBW
