000
CDUS45 KPIH 180735
CLIIDA


CLIMATE REPORT
NATIONAL WEATHER SERVICE POCATELLO ID
135 AM MDT THU SEP 18 2014


...................................

...THE IDAHO FALLS ID CLIMATE SUMMARY FOR SEPTEMBER 17 2014...

CLIMATE NORMAL PERIOD 1981 TO 2010
CLIMATE RECORD PERIOD 1948 TO 2014


WEATHER ITEM   OBSERVED TIME   RECORD YEAR NORMAL DEPARTURE LAST
                VALUE   (LST)  VALUE       VALUE  FROM      YEAR
                                                  NORMAL
..................................................................
TEMPERATURE (F)
 YESTERDAY
  MAXIMUM         90R   426 PM  88    1981  74     16       82
  MINIMUM         51    726 AM  24    1965  40     11       55
  AVERAGE         71                        57     14       69

PRECIPITATION (IN)
  YESTERDAY        T             0.40 1961   0.03  -0.03     0.20
  MONTH TO DATE    T                         0.46  -0.46     2.00
  SINCE OCT 1      7.64                     10.01  -2.37     7.39
  SINCE JAN 1      6.34                      7.44  -1.10     4.70

SNOWFALL (IN)
  YESTERDAY       MM
  MONTH TO DATE   MM
  SINCE SEP 1     MM
  SINCE JUL 1     MM
  SNOW DEPTH      MM

DEGREE DAYS
 HEATING
  YESTERDAY        0                         8     -8        0
  MONTH TO DATE  102                        95      7        3
  SINCE SEP 1    102                        95      7        3
  SINCE JUL 1    157                       160     -3        3

 COOLING
  YESTERDAY        6                         0      6        4
  MONTH TO DATE    8                        10     -2       50
  SINCE SEP 1      8                        10     -2       50
  SINCE JAN 1    290                       262     28      510
..................................................................


WIND (MPH)
  HIGHEST WIND SPEED    16   HIGHEST WIND DIRECTION     N (340)
  HIGHEST GUST SPEED    20   HIGHEST GUST DIRECTION     N (340)
  AVERAGE WIND SPEED     3.7


SKY COVER
  POSSIBLE SUNSHINE  MM
  AVERAGE SKY COVER 0.2


WEATHER CONDITIONS
 THE FOLLOWING WEATHER WAS RECORDED YESTERDAY.
  THUNDERSTORM


RELATIVE HUMIDITY (PERCENT)
 HIGHEST    77           100 AM
 LOWEST     20           300 PM
 AVERAGE    49

..........................................................


THE IDAHO FALLS ID CLIMATE NORMALS FOR TODAY
                         NORMAL    RECORD    YEAR
 MAXIMUM TEMPERATURE (F)   73        90      1956
 MINIMUM TEMPERATURE (F)   40        21      1965


SUNRISE AND SUNSET
SEPTEMBER 18 2014.....SUNRISE   711 AM MDT   SUNSET   733 PM MDT
SEPTEMBER 19 2014.....SUNRISE   712 AM MDT   SUNSET   731 PM MDT


-  INDICATES NEGATIVE NUMBERS.
R  INDICATES RECORD WAS SET OR TIED.
MM INDICATES DATA IS MISSING.
T  INDICATES TRACE AMOUNT.




$$
