000
CDUS45 KPIH 200731
CLIIDA


CLIMATE REPORT
NATIONAL WEATHER SERVICE POCATELLO ID
1230 AM MST TUE FEB 20 2018


...................................

...THE IDAHO FALLS ID CLIMATE SUMMARY FOR FEBRUARY 19 2018...

CLIMATE NORMAL PERIOD 1981 TO 2010
CLIMATE RECORD PERIOD 1948 TO 2018


WEATHER ITEM   OBSERVED TIME   RECORD YEAR NORMAL DEPARTURE LAST
                VALUE   (LST)  VALUE       VALUE  FROM      YEAR
                                                  NORMAL
..................................................................
TEMPERATURE (F)
 YESTERDAY
  MAXIMUM         26   1247 AM  60    1981  35     -9       40
  MINIMUM         12   1159 PM -16    1955  16     -4       32
  AVERAGE         19                        25     -6       36

PRECIPITATION (IN)
  YESTERDAY        T             0.61 1993   0.03  -0.03     0.29
  MONTH TO DATE    0.04                      0.42  -0.38     0.89
  SINCE OCT 1      2.45                      3.68  -1.23     6.06
  SINCE JAN 1      0.52                      1.11  -0.59     1.78

SNOWFALL (IN)
  YESTERDAY       MM
  MONTH TO DATE   MM
  SINCE DEC 1     MM
  SINCE JUL 1     MM
  SNOW DEPTH      MM

DEGREE DAYS
 HEATING
  YESTERDAY       46                        40      6       29
  MONTH TO DATE  589                       802   -213      658
  SINCE DEC 1   3054                      3562   -508     3817
  SINCE JUL 1   4878                      5465   -587     5435

 COOLING
  YESTERDAY        0                         0      0        0
  MONTH TO DATE    0                         0      0        0
  SINCE DEC 1      0                         0      0        0
  SINCE JAN 1      0                         0      0        0
..................................................................


WIND (MPH)
  HIGHEST WIND SPEED    18   HIGHEST WIND DIRECTION     S (200)
  HIGHEST GUST SPEED    24   HIGHEST GUST DIRECTION    NW (330)
  AVERAGE WIND SPEED    11.8


SKY COVER
  POSSIBLE SUNSHINE  MM
  AVERAGE SKY COVER 0.7


WEATHER CONDITIONS
 THE FOLLOWING WEATHER WAS RECORDED YESTERDAY.
  LIGHT SNOW


RELATIVE HUMIDITY (PERCENT)
 HIGHEST    81          1200 AM
 LOWEST     35           400 PM
 AVERAGE    58

..........................................................


THE IDAHO FALLS ID CLIMATE NORMALS FOR TODAY
                         NORMAL    RECORD    YEAR
 MAXIMUM TEMPERATURE (F)   36        53      1982
 MINIMUM TEMPERATURE (F)   16       -14      1955


SUNRISE AND SUNSET
FEBRUARY 20 2018......SUNRISE   719 AM MST   SUNSET   606 PM MST
FEBRUARY 21 2018......SUNRISE   717 AM MST   SUNSET   607 PM MST


-  INDICATES NEGATIVE NUMBERS.
R  INDICATES RECORD WAS SET OR TIED.
MM INDICATES DATA IS MISSING.
T  INDICATES TRACE AMOUNT.




$$
