000
CDUS45 KPIH 010733
CLIIDA


CLIMATE REPORT
NATIONAL WEATHER SERVICE POCATELLO ID
132 AM MDT TUE SEP 1 2015


...................................

...THE IDAHO FALLS ID CLIMATE SUMMARY FOR AUGUST 31 2015...

CLIMATE NORMAL PERIOD 1981 TO 2010
CLIMATE RECORD PERIOD 1948 TO 2015


WEATHER ITEM   OBSERVED TIME   RECORD YEAR NORMAL DEPARTURE LAST
                VALUE   (LST)  VALUE       VALUE  FROM      YEAR
                                                  NORMAL
..................................................................
TEMPERATURE (F)
 YESTERDAY
  MAXIMUM         80    340 PM  94    1991  81     -1       69
  MINIMUM         46    615 AM  30    1965  46      0       50
  AVERAGE         63                        63      0       60

PRECIPITATION (IN)
  YESTERDAY        0.00          0.90 1963   0.02  -0.02     0.10
  MONTH TO DATE    1.21                      0.54   0.67     2.39
  SINCE OCT 1      9.02                      9.55  -0.53     7.64
  SINCE JAN 1      7.56                      6.98   0.58     6.34

SNOWFALL (IN)
  YESTERDAY       MM
  MONTH TO DATE   MM
  SINCE JUN 1     MM
  SINCE JUL 1     MM
  SNOW DEPTH      MM

DEGREE DAYS
 HEATING
  YESTERDAY        2                         3     -1        5
  MONTH TO DATE   28                        37     -9       53
  SINCE JUN 1    116                       218   -102      183
  SINCE JUL 1     70                        65      5       55

 COOLING
  YESTERDAY        0                         2     -2        0
  MONTH TO DATE  106                        97      9       79
  SINCE JUN 1    301                       250     51      281
  SINCE JAN 1    302                       252     50      282
..................................................................


WIND (MPH)
  HIGHEST WIND SPEED    22   HIGHEST WIND DIRECTION    SW (210)
  HIGHEST GUST SPEED    27   HIGHEST GUST DIRECTION     S (200)
  AVERAGE WIND SPEED    11.9


SKY COVER
  POSSIBLE SUNSHINE  MM
  AVERAGE SKY COVER 0.0


WEATHER CONDITIONS
 THE FOLLOWING WEATHER WAS RECORDED YESTERDAY.
  NO SIGNIFICANT WEATHER WAS OBSERVED.


RELATIVE HUMIDITY (PERCENT)
 HIGHEST    66           400 AM
 LOWEST     15           600 PM
 AVERAGE    41

..........................................................


THE IDAHO FALLS ID CLIMATE NORMALS FOR TODAY
                         NORMAL    RECORD    YEAR
 MAXIMUM TEMPERATURE (F)   81        94      1983
 MINIMUM TEMPERATURE (F)   45        32      2006
                                             1965


SUNRISE AND SUNSET
SEPTEMBER  1 2015.....SUNRISE   652 AM MDT   SUNSET   804 PM MDT
SEPTEMBER  2 2015.....SUNRISE   653 AM MDT   SUNSET   802 PM MDT


-  INDICATES NEGATIVE NUMBERS.
R  INDICATES RECORD WAS SET OR TIED.
MM INDICATES DATA IS MISSING.
T  INDICATES TRACE AMOUNT.




$$
