000
CDUS45 KPIH 312323
CLIIDA


CLIMATE REPORT
NATIONAL WEATHER SERVICE POCATELLO ID
522 PM MDT FRI JUL 31 2015


...................................

...THE IDAHO FALLS ID CLIMATE SUMMARY FOR JULY 31 2015...
VALID TODAY AS OF 0500 PM LOCAL TIME.

CLIMATE NORMAL PERIOD 1981 TO 2010
CLIMATE RECORD PERIOD 1948 TO 2015


WEATHER ITEM   OBSERVED TIME   RECORD YEAR NORMAL DEPARTURE LAST
                VALUE   (LST)  VALUE       VALUE  FROM      YEAR
                                                  NORMAL
..................................................................
TEMPERATURE (F)
 TODAY
  MAXIMUM         91    348 PM 100    2000  88      3       89
  MINIMUM         43    445 AM  41    1950  50     -7       48
  AVERAGE         67                        69     -2       69

PRECIPITATION (IN)
  TODAY            0.00          0.35 1966   0.02  -0.02     0.00
  MONTH TO DATE    0.94                      0.50   0.44     0.11
  SINCE OCT 1      7.81                      9.01  -1.20     5.25
  SINCE JAN 1      6.35                      6.44  -0.09     3.95

SNOWFALL (IN)
  TODAY           MM
  MONTH TO DATE   MM
  SINCE JUN 1     MM
  SINCE JUL 1     MM
  SNOW DEPTH      MM

DEGREE DAYS
 HEATING
  TODAY            0                         0      0        0
  MONTH TO DATE   42                        25     17        2
  SINCE JUN 1     88                       180    -92      130
  SINCE JUL 1     42                        27     15        2

 COOLING
  TODAY            2                         4     -2        4
  MONTH TO DATE   98                       123    -25      193
  SINCE JUN 1    194                       153     41      202
  SINCE JAN 1    195                       155     40      203
..................................................................


WIND (MPH)
  HIGHEST WIND SPEED    10   HIGHEST WIND DIRECTION    NE (30)
  HIGHEST GUST SPEED    14   HIGHEST GUST DIRECTION     N (20)
  AVERAGE WIND SPEED     4.1


SKY COVER
  POSSIBLE SUNSHINE  MM
  AVERAGE SKY COVER 0.0


WEATHER CONDITIONS
 THE FOLLOWING WEATHER WAS RECORDED TODAY.
  NO SIGNIFICANT WEATHER WAS OBSERVED.


RELATIVE HUMIDITY (PERCENT)
 HIGHEST    89           500 AM
 LOWEST     10           300 PM
 AVERAGE    50

..........................................................


THE IDAHO FALLS ID CLIMATE NORMALS FOR TOMORROW
                         NORMAL    RECORD    YEAR
 MAXIMUM TEMPERATURE (F)   88        97      1949
 MINIMUM TEMPERATURE (F)   50        39      1975


SUNRISE AND SUNSET
JULY 31 2015..........SUNRISE   616 AM MDT   SUNSET   852 PM MDT
AUGUST  1 2015........SUNRISE   618 AM MDT   SUNSET   851 PM MDT


-  INDICATES NEGATIVE NUMBERS.
R  INDICATES RECORD WAS SET OR TIED.
MM INDICATES DATA IS MISSING.
T  INDICATES TRACE AMOUNT.




$$
