000
CDUS45 KPIH 300741
CLIIDA


CLIMATE REPORT
NATIONAL WEATHER SERVICE POCATELLO ID
1239 AM MST FRI JAN 30 2015


...................................

...THE IDAHO FALLS ID CLIMATE SUMMARY FOR JANUARY 29 2015...

CLIMATE NORMAL PERIOD 1981 TO 2010
CLIMATE RECORD PERIOD 1948 TO 2015


WEATHER ITEM   OBSERVED TIME   RECORD YEAR NORMAL DEPARTURE LAST
                VALUE   (LST)  VALUE       VALUE  FROM      YEAR
                                                  NORMAL
..................................................................
TEMPERATURE (F)
 YESTERDAY
  MAXIMUM         40    328 PM  47    1953  30     10       33
  MINIMUM         30   1159 PM -29    1979  12     18       19
  AVERAGE         35                        21     14       26

PRECIPITATION (IN)
  YESTERDAY        0.00          0.32 2014   0.02  -0.02     0.32
  MONTH TO DATE    0.28                      0.65  -0.37     0.51
  SINCE OCT 1      1.74                      3.22  -1.48     1.81
  SINCE JAN 1      0.28                      0.65  -0.37     0.51

SNOWFALL (IN)
  YESTERDAY       MM
  MONTH TO DATE   MM
  SINCE DEC 1     MM
  SINCE JUL 1     MM
  SNOW DEPTH      MM

DEGREE DAYS
 HEATING
  YESTERDAY       30                        44    -14       39
  MONTH TO DATE 1160                      1301   -141     1192
  SINCE DEC 1   2281                      2671   -390     2733
  SINCE JUL 1   3970                      4574   -604     4457

 COOLING
  YESTERDAY        0                         0      0        0
  MONTH TO DATE    0                         0      0        0
  SINCE DEC 1      0                         0      0        0
  SINCE JAN 1      0                         0      0        0
..................................................................


WIND (MPH)
  HIGHEST WIND SPEED    15   HIGHEST WIND DIRECTION    NE (30)
  HIGHEST GUST SPEED    18   HIGHEST GUST DIRECTION     N (10)
  AVERAGE WIND SPEED     6.6


SKY COVER
  POSSIBLE SUNSHINE  MM
  AVERAGE SKY COVER 0.4


WEATHER CONDITIONS
 THE FOLLOWING WEATHER WAS RECORDED YESTERDAY.
  FOG
  HAZE


RELATIVE HUMIDITY (PERCENT)
 HIGHEST   100           200 AM
 LOWEST     70          1100 AM
 AVERAGE    85

..........................................................


THE IDAHO FALLS ID CLIMATE NORMALS FOR TODAY
                         NORMAL    RECORD    YEAR
 MAXIMUM TEMPERATURE (F)   30        45      1971
 MINIMUM TEMPERATURE (F)   12       -27      1985


SUNRISE AND SUNSET
JANUARY 30 2015.......SUNRISE   747 AM MST   SUNSET   537 PM MST
JANUARY 31 2015.......SUNRISE   746 AM MST   SUNSET   538 PM MST


-  INDICATES NEGATIVE NUMBERS.
R  INDICATES RECORD WAS SET OR TIED.
MM INDICATES DATA IS MISSING.
T  INDICATES TRACE AMOUNT.




$$
