000
CDUS45 KPIH 020731
CLIIDA


CLIMATE REPORT
NATIONAL WEATHER SERVICE POCATELLO ID
1230 AM MST MON MAR 2 2015


...................................

...THE IDAHO FALLS ID CLIMATE SUMMARY FOR MARCH 1 2015...

CLIMATE NORMAL PERIOD 1981 TO 2010
CLIMATE RECORD PERIOD 1948 TO 2015


WEATHER ITEM   OBSERVED TIME   RECORD YEAR NORMAL DEPARTURE LAST
                VALUE   (LST)  VALUE       VALUE  FROM      YEAR
                                                  NORMAL
..................................................................
TEMPERATURE (F)
 YESTERDAY
  MAXIMUM         42    450 PM  62    1992  40      2       37
  MINIMUM         12    705 AM -15    1960  20     -8       21
  AVERAGE         27                        30     -3       29

PRECIPITATION (IN)
  YESTERDAY        0.00          0.29 1970   0.03  -0.03     0.15
  MONTH TO DATE    0.00                      0.03  -0.03     0.15
  SINCE OCT 1      1.91                      3.95  -2.04     2.34
  SINCE JAN 1      0.45                      1.38  -0.93     1.04

SNOWFALL (IN)
  YESTERDAY       MM
  MONTH TO DATE   MM
  SINCE MAR 1     MM
  SINCE JUL 1     MM
  SNOW DEPTH      MM

DEGREE DAYS
 HEATING
  YESTERDAY       38                        35      3       36
  MONTH TO DATE   38                        35      3       36
  SINCE MAR 1     38                        35      3       36
  SINCE JUL 1   4856                      5837   -981     5553

 COOLING
  YESTERDAY        0                         0      0        0
  MONTH TO DATE    0                         0      0        0
  SINCE MAR 1      0                         0      0        0
  SINCE JAN 1      0                         0      0        0
..................................................................


WIND (MPH)
  HIGHEST WIND SPEED    18   HIGHEST WIND DIRECTION     N (20)
  HIGHEST GUST SPEED    24   HIGHEST GUST DIRECTION     N (360)
  AVERAGE WIND SPEED     8.1


SKY COVER
  POSSIBLE SUNSHINE  MM
  AVERAGE SKY COVER 0.0


WEATHER CONDITIONS
 THE FOLLOWING WEATHER WAS RECORDED YESTERDAY.
  NO SIGNIFICANT WEATHER WAS OBSERVED.


RELATIVE HUMIDITY (PERCENT)
 HIGHEST    67           300 AM
 LOWEST     18           400 PM
 AVERAGE    43

..........................................................


THE IDAHO FALLS ID CLIMATE NORMALS FOR TODAY
                         NORMAL    RECORD    YEAR
 MAXIMUM TEMPERATURE (F)   40        60      1992
 MINIMUM TEMPERATURE (F)   20       -16      1960


SUNRISE AND SUNSET
MARCH  2 2015.........SUNRISE   703 AM MST   SUNSET   618 PM MST
MARCH  3 2015.........SUNRISE   702 AM MST   SUNSET   619 PM MST


-  INDICATES NEGATIVE NUMBERS.
R  INDICATES RECORD WAS SET OR TIED.
MM INDICATES DATA IS MISSING.
T  INDICATES TRACE AMOUNT.




$$
