000
CDUS45 KPIH 090740
CLIIDA


CLIMATE REPORT
NATIONAL WEATHER SERVICE POCATELLO ID
1237 AM MST FRI DEC 9 2016


...................................

...THE IDAHO FALLS ID CLIMATE SUMMARY FOR DECEMBER 8 2016...

CLIMATE NORMAL PERIOD 1981 TO 2010
CLIMATE RECORD PERIOD 1948 TO 2016


WEATHER ITEM   OBSERVED TIME   RECORD YEAR NORMAL DEPARTURE LAST
                VALUE   (LST)  VALUE       VALUE  FROM      YEAR
                                                  NORMAL
..................................................................
TEMPERATURE (F)
 YESTERDAY
  MAXIMUM         20    310 PM  48    2015  31    -11       48
                                      2006
  MINIMUM          1    425 AM -20    1972  13    -12       36
  AVERAGE         11                        22    -11       42

PRECIPITATION (IN)
  YESTERDAY        0.01          0.10 1971   0.03  -0.02     0.00
  MONTH TO DATE    0.04                      0.25  -0.21     0.07
  SINCE OCT 1      2.99                      1.95   1.04     2.00
  SINCE JAN 1     10.21                      9.77   0.44    10.08

SNOWFALL (IN)
  YESTERDAY       MM
  MONTH TO DATE   MM
  SINCE DEC 1     MM
  SINCE JUL 1     MM
  SNOW DEPTH      MM

DEGREE DAYS
 HEATING
  YESTERDAY       54                        43     11       23
  MONTH TO DATE  360                       334     26      312
  SINCE DEC 1    360                       334     26      312
  SINCE JUL 1   1978                      2237   -259     2012

 COOLING
  YESTERDAY        0                         0      0        0
  MONTH TO DATE    0                         0      0        0
  SINCE DEC 1      0                         0      0        0
  SINCE JAN 1    260                       264     -4      326
..................................................................


WIND (MPH)
  HIGHEST WIND SPEED    15   HIGHEST WIND DIRECTION    NW (330)
  HIGHEST GUST SPEED    17   HIGHEST GUST DIRECTION    NW (320)
  AVERAGE WIND SPEED     5.2


SKY COVER
  POSSIBLE SUNSHINE  MM
  AVERAGE SKY COVER 0.5


WEATHER CONDITIONS
 THE FOLLOWING WEATHER WAS RECORDED YESTERDAY.
  LIGHT SNOW
  FOG


RELATIVE HUMIDITY (PERCENT)
 HIGHEST    87           300 AM
 LOWEST     51           200 PM
 AVERAGE    69

..........................................................


THE IDAHO FALLS ID CLIMATE NORMALS FOR TODAY
                         NORMAL    RECORD    YEAR
 MAXIMUM TEMPERATURE (F)   30        57      2015
 MINIMUM TEMPERATURE (F)   13       -29      1972


SUNRISE AND SUNSET
DECEMBER  9 2016......SUNRISE   750 AM MST   SUNSET   452 PM MST
DECEMBER 10 2016......SUNRISE   751 AM MST   SUNSET   452 PM MST


-  INDICATES NEGATIVE NUMBERS.
R  INDICATES RECORD WAS SET OR TIED.
MM INDICATES DATA IS MISSING.
T  INDICATES TRACE AMOUNT.




$$
