352
CDUS45 KPIH 230734
CLIIDA


CLIMATE REPORT
NATIONAL WEATHER SERVICE POCATELLO ID
132 AM MDT SAT JUL 23 2016


...................................

...THE IDAHO FALLS ID CLIMATE SUMMARY FOR JULY 22 2016...

CLIMATE NORMAL PERIOD 1981 TO 2010
CLIMATE RECORD PERIOD 1948 TO 2016


WEATHER ITEM   OBSERVED TIME   RECORD YEAR NORMAL DEPARTURE LAST
                VALUE   (LST)  VALUE       VALUE  FROM      YEAR
                                                  NORMAL
..................................................................
TEMPERATURE (F)
 YESTERDAY
  MAXIMUM         93    228 PM  99    2006  88      5       86
                                      2000
  MINIMUM         57   1204 AM  38    1954  51      6       55
  AVERAGE         75                        69      6       71

PRECIPITATION (IN)
  YESTERDAY        0.00          0.49 1979   0.02  -0.02     0.18
  MONTH TO DATE    0.19                      0.36  -0.17     0.75
  SINCE OCT 1      7.67                      8.87  -1.20     7.62
  SINCE JAN 1      5.35                      6.30  -0.95     6.16

SNOWFALL (IN)
  YESTERDAY       MM
  MONTH TO DATE   MM
  SINCE JUN 1     MM
  SINCE JUL 1     MM
  SNOW DEPTH      MM

DEGREE DAYS
 HEATING
  YESTERDAY        0                         0      0        0
  MONTH TO DATE   32                        25      7       18
  SINCE JUN 1    106                       178    -72       64
  SINCE JUL 1     32                        25      7       18

 COOLING
  YESTERDAY       10                         5      5        6
  MONTH TO DATE   67                        83    -16       79
  SINCE JUN 1    127                       113     14      175
  SINCE JAN 1    127                       115     12      176
..................................................................


WIND (MPH)
  HIGHEST WIND SPEED    25   HIGHEST WIND DIRECTION    SW (230)
  HIGHEST GUST SPEED    35   HIGHEST GUST DIRECTION    SW (220)
  AVERAGE WIND SPEED    12.9


SKY COVER
  POSSIBLE SUNSHINE  MM
  AVERAGE SKY COVER 0.2


WEATHER CONDITIONS
 THE FOLLOWING WEATHER WAS RECORDED YESTERDAY.
  NO SIGNIFICANT WEATHER WAS OBSERVED.


RELATIVE HUMIDITY (PERCENT)
 HIGHEST    75          1200 AM
 LOWEST      9           500 PM
 AVERAGE    42

..........................................................


THE IDAHO FALLS ID CLIMATE NORMALS FOR TODAY
                         NORMAL    RECORD    YEAR
 MAXIMUM TEMPERATURE (F)   88       100      2007
                                             2003
 MINIMUM TEMPERATURE (F)   51        40      1954


SUNRISE AND SUNSET
JULY 23 2016..........SUNRISE   609 AM MDT   SUNSET   900 PM MDT
JULY 24 2016..........SUNRISE   610 AM MDT   SUNSET   859 PM MDT


-  INDICATES NEGATIVE NUMBERS.
R  INDICATES RECORD WAS SET OR TIED.
MM INDICATES DATA IS MISSING.
T  INDICATES TRACE AMOUNT.




$$
