000
CDUS45 KPIH 160750
CLIIDA


CLIMATE REPORT
NATIONAL WEATHER SERVICE POCATELLO ID
140 AM MDT WED APR 16 2014


...................................

...THE IDAHO FALLS ID CLIMATE SUMMARY FOR APRIL 15 2014...

CLIMATE NORMAL PERIOD 1981 TO 2010
CLIMATE RECORD PERIOD 1948 TO 2014


WEATHER ITEM   OBSERVED TIME   RECORD YEAR NORMAL DEPARTURE LAST
                VALUE   (LST)  VALUE       VALUE  FROM      YEAR
                                                  NORMAL
..................................................................
TEMPERATURE (F)
 YESTERDAY
  MAXIMUM         60    245 PM  81    1985  58      2       44
  MINIMUM         32   1147 PM  18    1999  31      1       29
  AVERAGE         46                        44      2       37

PRECIPITATION (IN)
  YESTERDAY        T             0.36 1989   0.04  -0.04      T
  MONTH TO DATE    0.09                      0.50  -0.41     0.20
  SINCE OCT 1      3.68                      5.28  -1.60     3.73
  SINCE JAN 1      2.38                      2.71  -0.33     1.04

SNOWFALL (IN)
  YESTERDAY       MM
  MONTH TO DATE   MM
  SINCE MAR 1     MM
  SINCE JUL 1     MM
  SNOW DEPTH      MM

DEGREE DAYS
 HEATING
  YESTERDAY       19                        21     -2       28
  MONTH TO DATE  318                       333    -15      317
  SINCE MAR 1   1110                      1235   -125     1213
  SINCE JUL 1   6627                      7037   -410     6776

 COOLING
  YESTERDAY        0                         0      0        0
  MONTH TO DATE    0                         0      0        0
  SINCE MAR 1      0                         0      0        0
  SINCE JAN 1      0                         0      0        0
..................................................................


WIND (MPH)
  HIGHEST WIND SPEED    40   HIGHEST WIND DIRECTION    SW (240)
  HIGHEST GUST SPEED    56   HIGHEST GUST DIRECTION     W (260)
  AVERAGE WIND SPEED    14.9


SKY COVER
  POSSIBLE SUNSHINE  MM
  AVERAGE SKY COVER 0.4


WEATHER CONDITIONS
 THE FOLLOWING WEATHER WAS RECORDED YESTERDAY.
  LIGHT RAIN
  HAZE
  SANDSTORM


RELATIVE HUMIDITY (PERCENT)
 HIGHEST    54           700 AM
 LOWEST     17          1100 AM
 AVERAGE    36

..........................................................


THE IDAHO FALLS ID CLIMATE NORMALS FOR TODAY
                         NORMAL    RECORD    YEAR
 MAXIMUM TEMPERATURE (F)   58        80      1985
 MINIMUM TEMPERATURE (F)   32        16      1999


SUNRISE AND SUNSET
APRIL 16 2014.........SUNRISE   644 AM MDT   SUNSET   813 PM MDT
APRIL 17 2014.........SUNRISE   642 AM MDT   SUNSET   814 PM MDT


-  INDICATES NEGATIVE NUMBERS.
R  INDICATES RECORD WAS SET OR TIED.
MM INDICATES DATA IS MISSING.
T  INDICATES TRACE AMOUNT.




$$
