000
CDUS45 KPIH 242325
CLIIDA


CLIMATE REPORT
NATIONAL WEATHER SERVICE POCATELLO ID
423 PM MST FRI NOV 24 2017


...................................

...THE IDAHO FALLS ID CLIMATE SUMMARY FOR NOVEMBER 24 2017...
VALID TODAY AS OF 0400 PM LOCAL TIME.

CLIMATE NORMAL PERIOD 1981 TO 2010
CLIMATE RECORD PERIOD 1948 TO 2017


WEATHER ITEM   OBSERVED TIME   RECORD YEAR NORMAL DEPARTURE LAST
                VALUE   (LST)  VALUE       VALUE  FROM      YEAR
                                                  NORMAL
..................................................................
TEMPERATURE (F)
 TODAY
  MAXIMUM         51   1234 AM  56    1990  37     14       39
  MINIMUM         42    738 AM  -8    1993  19     23       22
  AVERAGE         47                        28     19       31

PRECIPITATION (IN)
  TODAY            0.06          0.80 1981   0.03   0.03     0.00
  MONTH TO DATE    0.65                      0.69  -0.04     0.08
  SINCE OCT 1      1.53                      1.52   0.01     2.85
  SINCE JAN 1     10.52                      9.34   1.18    10.07

SNOWFALL (IN)
  TODAY           MM
  MONTH TO DATE   MM
  SINCE SEP 1     MM
  SINCE JUL 1     MM
  SNOW DEPTH      MM

DEGREE DAYS
 HEATING
  TODAY           18                        37    -19       34
  MONTH TO DATE  643                       748   -105      565
  SINCE SEP 1   1633                      1605     28     1344
  SINCE JUL 1   1642                      1670    -28     1421

 COOLING
  TODAY            0                         0      0        0
  MONTH TO DATE    0                         0      0        0
  SINCE SEP 1     40                        12     28       16
  SINCE JAN 1    362                       264     98      260
..................................................................


WIND (MPH)
  HIGHEST WIND SPEED    28   HIGHEST WIND DIRECTION    SW (210)
  HIGHEST GUST SPEED    34   HIGHEST GUST DIRECTION    SW (210)
  AVERAGE WIND SPEED    15.2


SKY COVER
  POSSIBLE SUNSHINE  MM
  AVERAGE SKY COVER 0.6


WEATHER CONDITIONS
 THE FOLLOWING WEATHER WAS RECORDED TODAY.
  RAIN
  LIGHT RAIN
  FOG


RELATIVE HUMIDITY (PERCENT)
 HIGHEST    96           800 AM
 LOWEST     66           100 AM
 AVERAGE    81

..........................................................


THE IDAHO FALLS ID CLIMATE NORMALS FOR TOMORROW
                         NORMAL    RECORD    YEAR
 MAXIMUM TEMPERATURE (F)   37        60      1949
 MINIMUM TEMPERATURE (F)   18        -8      1992


SUNRISE AND SUNSET
NOVEMBER 24 2017......SUNRISE   734 AM MST   SUNSET   456 PM MST
NOVEMBER 25 2017......SUNRISE   735 AM MST   SUNSET   456 PM MST


-  INDICATES NEGATIVE NUMBERS.
R  INDICATES RECORD WAS SET OR TIED.
MM INDICATES DATA IS MISSING.
T  INDICATES TRACE AMOUNT.




$$
