000
CDUS45 KPIH 230732
CLIIDA


CLIMATE REPORT
NATIONAL WEATHER SERVICE POCATELLO ID
131 AM MDT THU OCT 23 2014


...................................

...THE IDAHO FALLS ID CLIMATE SUMMARY FOR OCTOBER 22 2014...

CLIMATE NORMAL PERIOD 1981 TO 2010
CLIMATE RECORD PERIOD 1948 TO 2014


WEATHER ITEM   OBSERVED TIME   RECORD YEAR NORMAL DEPARTURE LAST
                VALUE   (LST)  VALUE       VALUE  FROM      YEAR
                                                  NORMAL
..................................................................
TEMPERATURE (F)
 YESTERDAY
  MAXIMUM         56    412 PM  79    2003  57     -1       64
  MINIMUM         31    706 AM  17    2008  30      1       27
  AVERAGE         44                        43      1       46

PRECIPITATION (IN)
  YESTERDAY        0.00          0.62 1975   0.03  -0.03     0.00
  MONTH TO DATE    0.03                      0.60  -0.57     0.51
  SINCE OCT 1      0.03                      0.60  -0.57     0.51
  SINCE JAN 1      8.86                      8.42   0.44     5.53

SNOWFALL (IN)
  YESTERDAY       MM
  MONTH TO DATE   MM
  SINCE SEP 1     MM
  SINCE JUL 1     MM
  SNOW DEPTH      MM

DEGREE DAYS
 HEATING
  YESTERDAY       21                        22     -1       19
  MONTH TO DATE  302                       400    -98      479
  SINCE SEP 1    459                       643   -184      638
  SINCE JUL 1    514                       708   -194      638

 COOLING
  YESTERDAY        0                         0      0        0
  MONTH TO DATE    0                         0      0        0
  SINCE SEP 1     21                        12      9       50
  SINCE JAN 1    303                       264     39      510
..................................................................


WIND (MPH)
  HIGHEST WIND SPEED    16   HIGHEST WIND DIRECTION     S (200)
  HIGHEST GUST SPEED    22   HIGHEST GUST DIRECTION    SW (220)
  AVERAGE WIND SPEED     6.4


SKY COVER
  POSSIBLE SUNSHINE  MM
  AVERAGE SKY COVER 0.1


WEATHER CONDITIONS
 THE FOLLOWING WEATHER WAS RECORDED YESTERDAY.
  NO SIGNIFICANT WEATHER WAS OBSERVED.


RELATIVE HUMIDITY (PERCENT)
 HIGHEST    89           300 AM
 LOWEST     32           200 PM
 AVERAGE    61

..........................................................


THE IDAHO FALLS ID CLIMATE NORMALS FOR TODAY
                         NORMAL    RECORD    YEAR
 MAXIMUM TEMPERATURE (F)   56        71      1952
 MINIMUM TEMPERATURE (F)   29        16      1980


SUNRISE AND SUNSET
OCTOBER 23 2014.......SUNRISE   752 AM MDT   SUNSET   632 PM MDT
OCTOBER 24 2014.......SUNRISE   754 AM MDT   SUNSET   631 PM MDT


-  INDICATES NEGATIVE NUMBERS.
R  INDICATES RECORD WAS SET OR TIED.
MM INDICATES DATA IS MISSING.
T  INDICATES TRACE AMOUNT.




$$
