000
CDUS45 KPIH 250742
CLIIDA


CLIMATE REPORT
NATIONAL WEATHER SERVICE POCATELLO ID
131 AM MDT MON SEP 25 2017


...................................

...THE IDAHO FALLS ID CLIMATE SUMMARY FOR SEPTEMBER 24 2017...

CLIMATE NORMAL PERIOD 1981 TO 2010
CLIMATE RECORD PERIOD 1948 TO 2017


WEATHER ITEM   OBSERVED TIME   RECORD YEAR NORMAL DEPARTURE LAST
                VALUE   (LST)  VALUE       VALUE  FROM      YEAR
                                                  NORMAL
..................................................................
TEMPERATURE (F)
 YESTERDAY
  MAXIMUM         58    202 PM  88    2014  70    -12       62
                                      1987
  MINIMUM         32    550 AM  18    2000  37     -5       41
  AVERAGE         45                        54     -9       52

PRECIPITATION (IN)
  YESTERDAY        0.00          0.11 2005   0.03  -0.03     0.01
  MONTH TO DATE    2.30                      0.66   1.64     1.78
  SINCE OCT 1     12.67                     10.21   2.46     9.54
  SINCE JAN 1      8.39                      7.64   0.75     7.22

SNOWFALL (IN)
  YESTERDAY       MM
  MONTH TO DATE   MM
  SINCE SEP 1     MM
  SINCE JUL 1     MM
  SNOW DEPTH      MM

DEGREE DAYS
 HEATING
  YESTERDAY       20                        11      9       13
  MONTH TO DATE  179                       165     14      198
  SINCE SEP 1    179                       165     14      198
  SINCE JUL 1    188                       230    -42      275

 COOLING
  YESTERDAY        0                         0      0        0
  MONTH TO DATE   40                        10     30       16
  SINCE SEP 1     40                        10     30       16
  SINCE JAN 1    362                       262    100      260
..................................................................


WIND (MPH)
  HIGHEST WIND SPEED    22   HIGHEST WIND DIRECTION    NW (330)
  HIGHEST GUST SPEED    27   HIGHEST GUST DIRECTION    NW (330)
  AVERAGE WIND SPEED     9.1


SKY COVER
  POSSIBLE SUNSHINE  MM
  AVERAGE SKY COVER 0.5


WEATHER CONDITIONS
 THE FOLLOWING WEATHER WAS RECORDED YESTERDAY.
  NO SIGNIFICANT WEATHER WAS OBSERVED.


RELATIVE HUMIDITY (PERCENT)
 HIGHEST    89           500 AM
 LOWEST     40           100 PM
 AVERAGE    65

..........................................................


THE IDAHO FALLS ID CLIMATE NORMALS FOR TODAY
                         NORMAL    RECORD    YEAR
 MAXIMUM TEMPERATURE (F)   70        89      2015
                                             2014
 MINIMUM TEMPERATURE (F)   37        21      1970


SUNRISE AND SUNSET
SEPTEMBER 25 2017.....SUNRISE   719 AM MDT   SUNSET   720 PM MDT
SEPTEMBER 26 2017.....SUNRISE   720 AM MDT   SUNSET   718 PM MDT


-  INDICATES NEGATIVE NUMBERS.
R  INDICATES RECORD WAS SET OR TIED.
MM INDICATES DATA IS MISSING.
T  INDICATES TRACE AMOUNT.




$$
