000
CDUS43 KUNR 050832
CLIIEN


CLIMATE REPORT
NATIONAL WEATHER SERVICE RAPID CITY SD
131 AM MST MON DEC 5 2016


...................................

...THE PINE RIDGE SD CLIMATE SUMMARY FOR DECEMBER 4 2016...

CLIMATE NORMAL PERIOD 1981 TO 2010
CLIMATE RECORD PERIOD 9999 TO 9999


WEATHER ITEM   OBSERVED TIME   NORMAL DEPARTURE LAST
                VALUE   (LST)  VALUE  FROM      YEAR
                                      NORMAL
......................................................
TEMPERATURE (F)
 YESTERDAY
  MAXIMUM         43    140 PM  38      5       49
  MINIMUM         25    714 AM  12     13       32
  AVERAGE         34            25      9       41

PRECIPITATION (IN)
  YESTERDAY        0.00          0.01  -0.01     0.00
  MONTH TO DATE    0.00          0.04  -0.04     0.17
  SINCE DEC 1      0.00          0.04  -0.04     0.17
  SINCE JAN 1     14.56         17.21  -2.65    18.86

DEGREE DAYS
 HEATING
  YESTERDAY       31            40     -9       24
  MONTH TO DATE  149           158     -9      149
  SINCE DEC 1    149           158     -9      149
  SINCE JUL 1   1322          1848   -526     1637

 COOLING
  YESTERDAY        0             0      0        0
  MONTH TO DATE    0             0      0        0
  SINCE DEC 1      0             0      0        0
  SINCE JAN 1    774           717     57      615
......................................................


WIND (MPH)
  HIGHEST WIND SPEED    15   HIGHEST WIND DIRECTION     S (190)
  HIGHEST GUST SPEED    18   HIGHEST GUST DIRECTION     S (190)
  AVERAGE WIND SPEED     6.2


SKY COVER
  AVERAGE SKY COVER 0.3


WEATHER CONDITIONS
 THE FOLLOWING WEATHER WAS RECORDED YESTERDAY.
  NO SIGNIFICANT WEATHER WAS OBSERVED.


RELATIVE HUMIDITY (PERCENT)
 HIGHEST    72           600 PM
 LOWEST     39           100 PM
 AVERAGE    56

..........................................................




SUNRISE AND SUNSET
DECEMBER  5 2016......SUNRISE   706 AM MST   SUNSET   415 PM MST
DECEMBER  6 2016......SUNRISE   707 AM MST   SUNSET   415 PM MST


-  INDICATES NEGATIVE NUMBERS.
R  INDICATES RECORD WAS SET OR TIED.
MM INDICATES DATA IS MISSING.
T  INDICATES TRACE AMOUNT.




$$
