000
CDUS43 KUNR 270831
CLIIEN


CLIMATE REPORT
NATIONAL WEATHER SERVICE RAPID CITY SD
131 AM MST SAT DEC 27 2014


...................................

...THE PINE RIDGE SD CLIMATE SUMMARY FOR DECEMBER 26 2014...

CLIMATE NORMAL PERIOD 1981 TO 2010
CLIMATE RECORD PERIOD 9999 TO 9999


WEATHER ITEM   OBSERVED TIME   NORMAL DEPARTURE LAST
                VALUE   (LST)  VALUE  FROM      YEAR
                                      NORMAL
......................................................
TEMPERATURE (F)
 YESTERDAY
  MAXIMUM         21    132 AM  36    -15       44
  MINIMUM         16   1108 PM   9      7       23
  AVERAGE         19            22     -3       34

PRECIPITATION (IN)
  YESTERDAY        0.01          0.01   0.00     0.00
  MONTH TO DATE    0.51          0.29   0.22     0.23
  SINCE DEC 1      0.51          0.29   0.22     0.23
  SINCE JAN 1     22.61         17.46   5.15    20.19

DEGREE DAYS
 HEATING
  YESTERDAY       46            43      3       31
  MONTH TO DATE  886          1088   -202     1094
  SINCE DEC 1    886          1088   -202     1094
  SINCE JUL 1   2685          2778    -93     2809

 COOLING
  YESTERDAY        0             0      0        0
  MONTH TO DATE    0             0      0        0
  SINCE DEC 1      0             0      0        0
  SINCE JAN 1    482           717   -235      804
......................................................


WIND (MPH)
  HIGHEST WIND SPEED    17   HIGHEST WIND DIRECTION     N (20)
  HIGHEST GUST SPEED    21   HIGHEST GUST DIRECTION     N (20)
  AVERAGE WIND SPEED     7.7


SKY COVER
  AVERAGE SKY COVER 1.0


WEATHER CONDITIONS
 THE FOLLOWING WEATHER WAS RECORDED YESTERDAY.
  LIGHT SNOW
  FOG


RELATIVE HUMIDITY (PERCENT)
 HIGHEST    91           200 AM
 LOWEST     73          1200 PM
 AVERAGE    82

..........................................................




SUNRISE AND SUNSET
DECEMBER 27 2014......SUNRISE   721 AM MST   SUNSET   422 PM MST
DECEMBER 28 2014......SUNRISE   721 AM MST   SUNSET   423 PM MST


-  INDICATES NEGATIVE NUMBERS.
R  INDICATES RECORD WAS SET OR TIED.
MM INDICATES DATA IS MISSING.
T  INDICATES TRACE AMOUNT.




$$
