000
CDUS43 KUNR 280832
CLIIEN


CLIMATE REPORT
NATIONAL WEATHER SERVICE RAPID CITY SD
232 AM MDT SAT MAY 28 2016


...................................

...THE PINE RIDGE SD CLIMATE SUMMARY FOR MAY 27 2016...

CLIMATE NORMAL PERIOD 1981 TO 2010
CLIMATE RECORD PERIOD 9999 TO 9999


WEATHER ITEM   OBSERVED TIME   NORMAL DEPARTURE LAST
                VALUE   (LST)  VALUE  FROM      YEAR
                                      NORMAL
......................................................
TEMPERATURE (F)
 YESTERDAY
  MAXIMUM         65    352 PM  73     -8       76
  MINIMUM         43   1027 PM  46     -3       51
  AVERAGE         54            59     -5       64

PRECIPITATION (IN)
  YESTERDAY        0.03          0.09  -0.06     0.31
  MONTH TO DATE    0.56          2.20  -1.64     7.06
  SINCE MAR 1      5.41          4.98   0.43     9.12
  SINCE JAN 1      5.91          5.77   0.14     9.58

DEGREE DAYS
 HEATING
  YESTERDAY       11             6      5        1
  MONTH TO DATE  324           281     43      357
  SINCE MAR 1   1587          1751   -164     1617
  SINCE JUL 1   6456          7101   -645     6827

 COOLING
  YESTERDAY        0             1     -1        0
  MONTH TO DATE    6            10     -4        0
  SINCE MAR 1      7            10     -3        0
  SINCE JAN 1      7            10     -3        0
......................................................


WIND (MPH)
  HIGHEST WIND SPEED    18   HIGHEST WIND DIRECTION     E (80)
  HIGHEST GUST SPEED    22   HIGHEST GUST DIRECTION     E (80)
  AVERAGE WIND SPEED     3.9


SKY COVER
  AVERAGE SKY COVER 0.5


WEATHER CONDITIONS
 THE FOLLOWING WEATHER WAS RECORDED YESTERDAY.
  LIGHT RAIN


RELATIVE HUMIDITY (PERCENT)
 HIGHEST    86           300 AM
 LOWEST     48           400 PM
 AVERAGE    67

..........................................................




SUNRISE AND SUNSET
MAY 28 2016...........SUNRISE   516 AM MDT   SUNSET   820 PM MDT
MAY 29 2016...........SUNRISE   515 AM MDT   SUNSET   821 PM MDT


-  INDICATES NEGATIVE NUMBERS.
R  INDICATES RECORD WAS SET OR TIED.
MM INDICATES DATA IS MISSING.
T  INDICATES TRACE AMOUNT.




$$
