000
CDUS43 KUNR 240833
CLIIEN


CLIMATE REPORT
NATIONAL WEATHER SERVICE RAPID CITY SD
233 AM MDT FRI OCT 24 2014


...................................

...THE PINE RIDGE SD CLIMATE SUMMARY FOR OCTOBER 23 2014...

CLIMATE NORMAL PERIOD 1981 TO 2010
CLIMATE RECORD PERIOD 9999 TO 9999


WEATHER ITEM   OBSERVED TIME   NORMAL DEPARTURE LAST
                VALUE   (LST)  VALUE  FROM      YEAR
                                      NORMAL
......................................................
TEMPERATURE (F)
 YESTERDAY
  MAXIMUM         72    239 PM  60     12       55
  MINIMUM         23    533 AM  30     -7       39
  AVERAGE         48            45      3       47

PRECIPITATION (IN)
  YESTERDAY        0.00          0.04  -0.04     0.00
  MONTH TO DATE    0.55          0.94  -0.39     3.12
  SINCE SEP 1      3.16          2.55   0.61     4.68
  SINCE JAN 1     21.39         16.34   5.05    18.95

DEGREE DAYS
 HEATING
  YESTERDAY       17            20     -3       18
  MONTH TO DATE  311           358    -47      477
  SINCE SEP 1    489           543    -54      582
  SINCE JUL 1    533           580    -47      584

 COOLING
  YESTERDAY        0             0      0        0
  MONTH TO DATE    3             0      3        0
  SINCE SEP 1     64            66     -2      152
  SINCE JAN 1    482           714   -232      804
......................................................


WIND (MPH)
  HIGHEST WIND SPEED    17   HIGHEST WIND DIRECTION    SW (220)
  HIGHEST GUST SPEED    24   HIGHEST GUST DIRECTION    SW (220)
  AVERAGE WIND SPEED     3.5


SKY COVER
  AVERAGE SKY COVER 0.0


WEATHER CONDITIONS
 THE FOLLOWING WEATHER WAS RECORDED YESTERDAY.
  NO SIGNIFICANT WEATHER WAS OBSERVED.


RELATIVE HUMIDITY (PERCENT)
 HIGHEST    92           500 AM
 LOWEST     24           300 PM
 AVERAGE    58

..........................................................




SUNRISE AND SUNSET
OCTOBER 24 2014.......SUNRISE   715 AM MDT   SUNSET   553 PM MDT
OCTOBER 25 2014.......SUNRISE   716 AM MDT   SUNSET   552 PM MDT


-  INDICATES NEGATIVE NUMBERS.
R  INDICATES RECORD WAS SET OR TIED.
MM INDICATES DATA IS MISSING.
T  INDICATES TRACE AMOUNT.




$$
