327
CDUS43 KUNR 141114
CLIIEN


CLIMATE REPORT
NATIONAL WEATHER SERVICE RAPID CITY SD
413 AM MST SUN FEB 14 2016


...................................

...THE PINE RIDGE SD CLIMATE SUMMARY FOR FEBRUARY 13 2016...

CLIMATE NORMAL PERIOD 1981 TO 2010
CLIMATE RECORD PERIOD 9999 TO 9999


WEATHER ITEM   OBSERVED TIME   NORMAL DEPARTURE LAST
                VALUE   (LST)  VALUE  FROM      YEAR
                                      NORMAL
......................................................
TEMPERATURE (F)
 YESTERDAY
  MAXIMUM         52    603 PM  39     13       61
  MINIMUM         33   1145 PM  13     20       23
  AVERAGE         43            26     17       42

PRECIPITATION (IN)
  YESTERDAY        0.09          0.02   0.07     0.00
  MONTH TO DATE    0.15          0.24  -0.09     0.06
  SINCE DEC 1      1.38          0.91   0.47     0.80
  SINCE JAN 1      0.36          0.56  -0.20     0.25

DEGREE DAYS
 HEATING
  YESTERDAY       22            39    -17       23
  MONTH TO DATE  433           520    -87      376
  SINCE DEC 1   2976          3107   -131     2773
  SINCE JUL 1   4464          4797   -333     4572

 COOLING
  YESTERDAY        0             0      0        0
  MONTH TO DATE    0             0      0        0
  SINCE DEC 1      0             0      0        0
  SINCE JAN 1      0             0      0        0
......................................................


WIND (MPH)
  HIGHEST WIND SPEED    38   HIGHEST WIND DIRECTION    NW (310)
  HIGHEST GUST SPEED    53   HIGHEST GUST DIRECTION    NW (320)
  AVERAGE WIND SPEED    15.0


SKY COVER
  AVERAGE SKY COVER 0.6


WEATHER CONDITIONS
 THE FOLLOWING WEATHER WAS RECORDED YESTERDAY.
  LIGHT RAIN
  HAZE


RELATIVE HUMIDITY (PERCENT)
 HIGHEST    89          1000 PM
 LOWEST     50           600 PM
 AVERAGE    70

..........................................................




SUNRISE AND SUNSET
FEBRUARY 14 2016......SUNRISE   650 AM MST   SUNSET   519 PM MST
FEBRUARY 15 2016......SUNRISE   648 AM MST   SUNSET   521 PM MST


-  INDICATES NEGATIVE NUMBERS.
R  INDICATES RECORD WAS SET OR TIED.
MM INDICATES DATA IS MISSING.
T  INDICATES TRACE AMOUNT.




$$
