000
CDUS43 KUNR 030834
CLIIEN


CLIMATE REPORT
NATIONAL WEATHER SERVICE RAPID CITY SD
233 AM MDT THU SEP 3 2015


...................................

...THE PINE RIDGE SD CLIMATE SUMMARY FOR SEPTEMBER 2 2015...

CLIMATE NORMAL PERIOD 1981 TO 2010
CLIMATE RECORD PERIOD 9999 TO 9999


WEATHER ITEM   OBSERVED TIME   NORMAL DEPARTURE LAST
                VALUE   (LST)  VALUE  FROM      YEAR
                                      NORMAL
......................................................
TEMPERATURE (F)
 YESTERDAY
  MAXIMUM         98    155 PM  84     14       83
  MINIMUM         55    602 AM  50      5       38
  AVERAGE         77            67     10       61

PRECIPITATION (IN)
  YESTERDAY        0.00          0.06  -0.06     0.00
  MONTH TO DATE    0.00          0.11  -0.11     0.15
  SINCE SEP 1      0.00          0.11  -0.11     0.15
  SINCE JAN 1     16.31         13.90   2.41    18.38

DEGREE DAYS
 HEATING
  YESTERDAY        0             3     -3        4
  MONTH TO DATE    0             5     -5        9
  SINCE SEP 1      0             5     -5        9
  SINCE JUL 1     50            42      8       53

 COOLING
  YESTERDAY       12             5      7        0
  MONTH TO DATE   21            10     11        0
  SINCE SEP 1     21            10     11        0
  SINCE JAN 1    526           658   -132      418
......................................................


WIND (MPH)
  HIGHEST WIND SPEED    16   HIGHEST WIND DIRECTION     S (190)
  HIGHEST GUST SPEED    22   HIGHEST GUST DIRECTION     W (250)
  AVERAGE WIND SPEED     6.3


SKY COVER
  AVERAGE SKY COVER 0.0


WEATHER CONDITIONS
 THE FOLLOWING WEATHER WAS RECORDED YESTERDAY.
  NO SIGNIFICANT WEATHER WAS OBSERVED.


RELATIVE HUMIDITY (PERCENT)
 HIGHEST    72           600 AM
 LOWEST     16           300 PM
 AVERAGE    44

..........................................................




SUNRISE AND SUNSET
SEPTEMBER  3 2015.....SUNRISE   616 AM MDT   SUNSET   722 PM MDT
SEPTEMBER  4 2015.....SUNRISE   617 AM MDT   SUNSET   720 PM MDT


-  INDICATES NEGATIVE NUMBERS.
R  INDICATES RECORD WAS SET OR TIED.
MM INDICATES DATA IS MISSING.
T  INDICATES TRACE AMOUNT.




$$
