000
CDUS43 KUNR 270834
CLIIEN


CLIMATE REPORT
NATIONAL WEATHER SERVICE RAPID CITY SD
233 AM MDT MON JUL 27 2015


...................................

...THE PINE RIDGE SD CLIMATE SUMMARY FOR JULY 26 2015...

CLIMATE NORMAL PERIOD 1981 TO 2010
CLIMATE RECORD PERIOD 9999 TO 9999


WEATHER ITEM   OBSERVED TIME   NORMAL DEPARTURE LAST
                VALUE   (LST)  VALUE  FROM      YEAR
                                      NORMAL
......................................................
TEMPERATURE (F)
 YESTERDAY
  MAXIMUM         98    239 PM  91      7       84
  MINIMUM         59   1220 AM  59      0       53
  AVERAGE         79            75      4       69

PRECIPITATION (IN)
  YESTERDAY        0.00          0.07  -0.07     0.00
  MONTH TO DATE    2.64          1.83   0.81     2.56
  SINCE JUN 1      6.41          5.26   1.15     7.10
  SINCE JAN 1     16.09         11.50   4.59    14.70

DEGREE DAYS
 HEATING
  YESTERDAY        0             0      0        0
  MONTH TO DATE    3             4     -1       24
  SINCE JUN 1     13            91    -78      132
  SINCE JUL 1      3             4     -1       24

 COOLING
  YESTERDAY       14            10      4        4
  MONTH TO DATE  172           229    -57      172
  SINCE JUN 1    293           339    -46      229
  SINCE JAN 1    293           356    -63      254
......................................................


WIND (MPH)
  HIGHEST WIND SPEED    26   HIGHEST WIND DIRECTION     S (180)
  HIGHEST GUST SPEED    35   HIGHEST GUST DIRECTION     S (180)
  AVERAGE WIND SPEED    11.1


SKY COVER
  AVERAGE SKY COVER 0.0


WEATHER CONDITIONS
 THE FOLLOWING WEATHER WAS RECORDED YESTERDAY.
  NO SIGNIFICANT WEATHER WAS OBSERVED.


RELATIVE HUMIDITY (PERCENT)
 HIGHEST    87          1200 AM
 LOWEST     26           100 PM
 AVERAGE    57

..........................................................




SUNRISE AND SUNSET
JULY 27 2015..........SUNRISE   535 AM MDT   SUNSET   817 PM MDT
JULY 28 2015..........SUNRISE   537 AM MDT   SUNSET   816 PM MDT


-  INDICATES NEGATIVE NUMBERS.
R  INDICATES RECORD WAS SET OR TIED.
MM INDICATES DATA IS MISSING.
T  INDICATES TRACE AMOUNT.




$$
