000
CDUS43 KUNR 010836
CLIIEN


CLIMATE REPORT
NATIONAL WEATHER SERVICE RAPID CITY SD
235 AM MDT SUN MAY 1 2016


...................................

...THE PINE RIDGE SD CLIMATE SUMMARY FOR APRIL 30 2016...

CLIMATE NORMAL PERIOD 1981 TO 2010
CLIMATE RECORD PERIOD 9999 TO 9999


WEATHER ITEM   OBSERVED TIME   NORMAL DEPARTURE LAST
                VALUE   (LST)  VALUE  FROM      YEAR
                                      NORMAL
......................................................
TEMPERATURE (F)
 YESTERDAY
  MAXIMUM         46    326 PM  65    -19       75
  MINIMUM         37    607 AM  36      1       45
  AVERAGE         42            50     -8       60

PRECIPITATION (IN)
  YESTERDAY        0.39          0.08   0.31     0.00
  MONTH TO DATE    3.47          1.91   1.56     1.88
  SINCE MAR 1      4.85          2.78   2.07     2.06
  SINCE JAN 1      5.35          3.57   1.78     2.52

DEGREE DAYS
 HEATING
  YESTERDAY       23            15      8        5
  MONTH TO DATE  526           583    -57      553
  SINCE MAR 1   1263          1470   -207     1260
  SINCE JUL 1   6132          6820   -688     6470

 COOLING
  YESTERDAY        0             0      0        0
  MONTH TO DATE    1             0      1        0
  SINCE MAR 1      1             0      1        0
  SINCE JAN 1      1             0      1        0
......................................................


WIND (MPH)
  HIGHEST WIND SPEED    29   HIGHEST WIND DIRECTION    NE (30)
  HIGHEST GUST SPEED    39   HIGHEST GUST DIRECTION     N (20)
  AVERAGE WIND SPEED    15.2


SKY COVER
  AVERAGE SKY COVER 1.0


WEATHER CONDITIONS
 THE FOLLOWING WEATHER WAS RECORDED YESTERDAY.
  LIGHT RAIN
  FOG


RELATIVE HUMIDITY (PERCENT)
 HIGHEST    92           400 AM
 LOWEST     70           100 PM
 AVERAGE    81

..........................................................




SUNRISE AND SUNSET
MAY  1 2016...........SUNRISE   543 AM MDT   SUNSET   752 PM MDT
MAY  2 2016...........SUNRISE   542 AM MDT   SUNSET   753 PM MDT


-  INDICATES NEGATIVE NUMBERS.
R  INDICATES RECORD WAS SET OR TIED.
MM INDICATES DATA IS MISSING.
T  INDICATES TRACE AMOUNT.




$$
