000
CDUS43 KUNR 170836
CLIIEN


CLIMATE REPORT
NATIONAL WEATHER SERVICE RAPID CITY SD
235 AM MDT TUE OCT 17 2017


...................................

...THE PINE RIDGE SD CLIMATE SUMMARY FOR OCTOBER 16 2017...

CLIMATE NORMAL PERIOD 1981 TO 2010
CLIMATE RECORD PERIOD 9999 TO 9999


WEATHER ITEM   OBSERVED TIME   NORMAL DEPARTURE LAST
                VALUE   (LST)  VALUE  FROM      YEAR
                                      NORMAL
......................................................
TEMPERATURE (F)
 YESTERDAY
  MAXIMUM         74    110 PM  63     11       MM
  MINIMUM         32   1159 PM  32      0       MM
  AVERAGE         53            48      5       MM

PRECIPITATION (IN)
  YESTERDAY        0.00          0.04  -0.04     0.00
  MONTH TO DATE    0.81          0.66   0.15     0.07
  SINCE SEP 1      1.62          2.27  -0.65     0.75
  SINCE JAN 1     14.79         16.06  -1.27    13.67

DEGREE DAYS
 HEATING
  YESTERDAY       12            17     -5       MM
  MONTH TO DATE  259           227     32      165
  SINCE SEP 1    427           412     15      296
  SINCE JUL 1    439           449    -10      329

 COOLING
  YESTERDAY        0             0      0       MM
  MONTH TO DATE    0             0      0        8
  SINCE SEP 1    101            66     35       62
  SINCE JAN 1    774           714     60      774
......................................................


WIND (MPH)
  HIGHEST WIND SPEED    17   HIGHEST WIND DIRECTION    NW (310)
  HIGHEST GUST SPEED    21   HIGHEST GUST DIRECTION    NW (300)
  AVERAGE WIND SPEED     5.1


SKY COVER
  AVERAGE SKY COVER 0.0


WEATHER CONDITIONS
 THE FOLLOWING WEATHER WAS RECORDED YESTERDAY.
  HAZE


RELATIVE HUMIDITY (PERCENT)
 HIGHEST    85          1200 AM
 LOWEST     14           100 PM
 AVERAGE    50

..........................................................




SUNRISE AND SUNSET
OCTOBER 17 2017.......SUNRISE   706 AM MDT   SUNSET   604 PM MDT
OCTOBER 18 2017.......SUNRISE   708 AM MDT   SUNSET   602 PM MDT


-  INDICATES NEGATIVE NUMBERS.
R  INDICATES RECORD WAS SET OR TIED.
MM INDICATES DATA IS MISSING.
T  INDICATES TRACE AMOUNT.




$$
