000
CDUS43 KUNR 270831
CLIIEN


CLIMATE REPORT
NATIONAL WEATHER SERVICE RAPID CITY SD
231 AM MDT SAT AUG 27 2016


...................................

...THE PINE RIDGE SD CLIMATE SUMMARY FOR AUGUST 26 2016...

CLIMATE NORMAL PERIOD 1981 TO 2010
CLIMATE RECORD PERIOD 9999 TO 9999


WEATHER ITEM   OBSERVED TIME   NORMAL DEPARTURE LAST
                VALUE   (LST)  VALUE  FROM      YEAR
                                      NORMAL
......................................................
TEMPERATURE (F)
 YESTERDAY
  MAXIMUM         71    335 PM  86    -15      100
  MINIMUM         52    639 AM  53     -1       59
  AVERAGE         62            70     -8       80

PRECIPITATION (IN)
  YESTERDAY        0.52          0.05   0.47     0.00
  MONTH TO DATE    2.75          1.61   1.14     0.22
  SINCE JUN 1      6.82          7.31  -0.49     6.63
  SINCE JAN 1     12.90         13.55  -0.65    16.31

DEGREE DAYS
 HEATING
  YESTERDAY        3             1      2        0
  MONTH TO DATE   31            14     17       41
  SINCE JUN 1     59           113    -54       59
  SINCE JUL 1     33            26      7       49

 COOLING
  YESTERDAY        0             6     -6       15
  MONTH TO DATE  164           215    -51      155
  SINCE JUN 1    673           606     67      472
  SINCE JAN 1    681           623     58      472
......................................................


WIND (MPH)
  HIGHEST WIND SPEED    18   HIGHEST WIND DIRECTION    SE (120)
  HIGHEST GUST SPEED    23   HIGHEST GUST DIRECTION    SE (120)
  AVERAGE WIND SPEED     9.0


SKY COVER
  AVERAGE SKY COVER 0.6


WEATHER CONDITIONS
 THE FOLLOWING WEATHER WAS RECORDED YESTERDAY.
  THUNDERSTORM
  HEAVY RAIN
  RAIN
  LIGHT RAIN
  FOG


RELATIVE HUMIDITY (PERCENT)
 HIGHEST   100           700 AM
 LOWEST     59           600 PM
 AVERAGE    80

..........................................................




SUNRISE AND SUNSET
AUGUST 27 2016........SUNRISE   610 AM MDT   SUNSET   732 PM MDT
AUGUST 28 2016........SUNRISE   611 AM MDT   SUNSET   731 PM MDT


-  INDICATES NEGATIVE NUMBERS.
R  INDICATES RECORD WAS SET OR TIED.
MM INDICATES DATA IS MISSING.
T  INDICATES TRACE AMOUNT.




$$
