000
CDUS45 KVEF 290827
CLIIGM


CLIMATE REPORT
NATIONAL WEATHER SERVICE LAS VEGAS, NV
127 AM PDT MON JUN 29 2015


...................................

...THE KINGMAN AZ CLIMATE SUMMARY FOR JUNE 28 2015...

CLIMATE NORMAL PERIOD 1981 TO 2010
CLIMATE RECORD PERIOD 1901 TO 2015


WEATHER ITEM   OBSERVED TIME   RECORD YEAR NORMAL DEPARTURE LAST
                VALUE   (LST)  VALUE       VALUE  FROM      YEAR
                                                  NORMAL
..................................................................
TEMPERATURE (F)
 YESTERDAY
  MAXIMUM        101    241 PM 110    2013  96      5       99
  MINIMUM         76    523 AM  44    1934  67      9       70
  AVERAGE         89                        81      8       85

PRECIPITATION (IN)
  YESTERDAY        T             1.00 1912   0.01  -0.01     0.00
  MONTH TO DATE    1.47                      0.07   1.40     0.00
  SINCE OCT 1      6.59                      5.63   0.96     1.67
  SINCE JAN 1      4.46                      3.53   0.93     0.79

DEGREE DAYS
 HEATING
  YESTERDAY        0                         0      0        0
  MONTH TO DATE    0                         0      0        0
  SINCE JUN 1      0                         0      0        0
  SINCE JUL 1   2530                      3100   -570     2834

 COOLING
  YESTERDAY       24                        16      8       20
  MONTH TO DATE  432                       352     80      401
  SINCE JUN 1    432                       352     80      401
  SINCE JAN 1    538                       550    -12      626
..................................................................


WIND (MPH)
  RESULTANT WIND SPEED   6   RESULTANT WIND DIRECTION   S (190)
  HIGHEST WIND SPEED    22   HIGHEST WIND DIRECTION    SE (150)
  HIGHEST GUST SPEED    26   HIGHEST GUST DIRECTION     S (160)
  AVERAGE WIND SPEED    10.3


SKY COVER
  POSSIBLE SUNSHINE  MM
  AVERAGE SKY COVER 0.0


WEATHER CONDITIONS
 THE FOLLOWING WEATHER WAS RECORDED YESTERDAY.
  THUNDERSTORM
  LIGHT RAIN


RELATIVE HUMIDITY (PERCENT)
 HIGHEST    43           900 PM
 LOWEST     19           300 PM
 AVERAGE    31

..........................................................


THE KINGMAN AZ CLIMATE NORMALS FOR TODAY
                         NORMAL    RECORD    YEAR
 MAXIMUM TEMPERATURE (F)   96       112      2013
 MINIMUM TEMPERATURE (F)   67        49      1908


SUNRISE AND SUNSET
JUNE 29 2015..........SUNRISE   524 AM MST   SUNSET   755 PM MST
JUNE 30 2015..........SUNRISE   524 AM MST   SUNSET   755 PM MST


-  INDICATES NEGATIVE NUMBERS.
R  INDICATES RECORD WAS SET OR TIED.
MM INDICATES DATA IS MISSING.
T  INDICATES TRACE AMOUNT.




$$
