000
CDUS45 KVEF 200826
CLIIGM


CLIMATE REPORT
NATIONAL WEATHER SERVICE LAS VEGAS, NV
126 AM PDT FRI OCT 20 2017


...................................

...THE KINGMAN AZ CLIMATE SUMMARY FOR OCTOBER 19 2017...

CLIMATE NORMAL PERIOD 1981 TO 2010
CLIMATE RECORD PERIOD 1901 TO 2017


WEATHER ITEM   OBSERVED TIME   RECORD YEAR NORMAL DEPARTURE LAST
                VALUE   (LST)  VALUE       VALUE  FROM      YEAR
                                                  NORMAL
..................................................................
TEMPERATURE (F)
 YESTERDAY
  MAXIMUM         85    227 PM  98    1915  76      9       78
  MINIMUM         52    323 AM  27    1908  47      5       51
  AVERAGE         69                        62      7       65

PRECIPITATION (IN)
  YESTERDAY        0.00          0.72 1971   0.02  -0.02     0.00
  MONTH TO DATE    0.00                      0.38  -0.38      T
  SINCE OCT 1      0.00                      0.38  -0.38      T
  SINCE JAN 1      7.97                      6.67   1.30     7.43

DEGREE DAYS
 HEATING
  YESTERDAY        0                         5     -5        0
  MONTH TO DATE   31                        50    -19       16
  SINCE SEP 1     58                        56      2       26
  SINCE JUL 1     58                        56      2       26

 COOLING
  YESTERDAY        4                         1      3        0
  MONTH TO DATE   24                        57    -33       66
  SINCE SEP 1    300                       382    -82      324
  SINCE JAN 1   2170                      2083     87     2200
..................................................................


WIND (MPH)
  RESULTANT WIND SPEED   7   RESULTANT WIND DIRECTION  SW (210)
  HIGHEST WIND SPEED    21   HIGHEST WIND DIRECTION    SW (230)
  HIGHEST GUST SPEED    27   HIGHEST GUST DIRECTION    SW (240)
  AVERAGE WIND SPEED     8.6


SKY COVER
  POSSIBLE SUNSHINE  MM
  AVERAGE SKY COVER 0.0


WEATHER CONDITIONS
 THE FOLLOWING WEATHER WAS RECORDED YESTERDAY.
  NO SIGNIFICANT WEATHER WAS OBSERVED.


RELATIVE HUMIDITY (PERCENT)
 HIGHEST    47           700 AM
 LOWEST     17           100 PM
 AVERAGE    32

..........................................................


THE KINGMAN AZ CLIMATE NORMALS FOR TODAY
                         NORMAL    RECORD    YEAR
 MAXIMUM TEMPERATURE (F)   75        94      1921
 MINIMUM TEMPERATURE (F)   47        29      1949


SUNRISE AND SUNSET
OCTOBER 20 2017.......SUNRISE   647 AM MST   SUNSET   554 PM MST
OCTOBER 21 2017.......SUNRISE   647 AM MST   SUNSET   553 PM MST


-  INDICATES NEGATIVE NUMBERS.
R  INDICATES RECORD WAS SET OR TIED.
MM INDICATES DATA IS MISSING.
T  INDICATES TRACE AMOUNT.




$$
