000
CDUS45 KVEF 010027
CLIIGM


CLIMATE REPORT
NATIONAL WEATHER SERVICE LAS VEGAS, NV
526 PM PDT TUE MAY 31 2016


...................................

...THE KINGMAN AZ CLIMATE SUMMARY FOR MAY 31 2016...
VALID TODAY AS OF 0500 PM LOCAL TIME.

CLIMATE NORMAL PERIOD 1981 TO 2010
CLIMATE RECORD PERIOD 1901 TO 2016


WEATHER ITEM   OBSERVED TIME   RECORD YEAR NORMAL DEPARTURE LAST
                VALUE   (LST)  VALUE       VALUE  FROM      YEAR
                                                  NORMAL
..................................................................
TEMPERATURE (F)
 TODAY
  MAXIMUM         95    347 PM 100    1938  90      5       99
  MINIMUM         58    510 AM  41    1935  57      1       58
  AVERAGE         77                        73      4       79

PRECIPITATION (IN)
  TODAY            0.00          0.32 1992   0.00   0.00     0.00
  MONTH TO DATE    0.38                      0.13   0.25     0.18
  SINCE OCT 1      4.61                      5.56  -0.95     5.12
  SINCE JAN 1      3.09                      3.46  -0.37     2.99

DEGREE DAYS
 HEATING
  TODAY            0                         1     -1        0
  MONTH TO DATE   47                        56     -9       88
  SINCE MAR 1    476                       687   -211      550
  SINCE JUL 1   2828                      3100   -272     2530

 COOLING
  TODAY           12                         9      3       14
  MONTH TO DATE  120                       167    -47       88
  SINCE MAR 1    140                       198    -58      106
  SINCE JAN 1    140                       198    -58      106
..................................................................


WIND (MPH)
  RESULTANT WIND SPEED   2   RESULTANT WIND DIRECTION   N (20)
  HIGHEST WIND SPEED    25   HIGHEST WIND DIRECTION    NW (330)
  HIGHEST GUST SPEED    30   HIGHEST GUST DIRECTION    NW (330)
  AVERAGE WIND SPEED     5.3


SKY COVER
  POSSIBLE SUNSHINE  MM
  AVERAGE SKY COVER 0.0


WEATHER CONDITIONS
 THE FOLLOWING WEATHER WAS RECORDED TODAY.
  NO SIGNIFICANT WEATHER WAS OBSERVED.


RELATIVE HUMIDITY (PERCENT)
 HIGHEST    30           500 AM
 LOWEST      9           400 PM
 AVERAGE    20

..........................................................


THE KINGMAN AZ CLIMATE NORMALS FOR TOMORROW
                         NORMAL    RECORD    YEAR
 MAXIMUM TEMPERATURE (F)   90       108      1915
 MINIMUM TEMPERATURE (F)   57        34      1908


SUNRISE AND SUNSET
MAY 31 2016...........SUNRISE   523 AM MST   SUNSET   745 PM MST
JUNE  1 2016..........SUNRISE   522 AM MST   SUNSET   746 PM MST


-  INDICATES NEGATIVE NUMBERS.
R  INDICATES RECORD WAS SET OR TIED.
MM INDICATES DATA IS MISSING.
T  INDICATES TRACE AMOUNT.




$$
