000
CDUS45 KVEF 280826
CLIIGM


CLIMATE REPORT
NATIONAL WEATHER SERVICE LAS VEGAS, NV
1225 AM PST SAT FEB 28 2015


...................................

...THE KINGMAN AZ CLIMATE SUMMARY FOR FEBRUARY 27 2015...

CLIMATE NORMAL PERIOD 1981 TO 2010
CLIMATE RECORD PERIOD 1901 TO 2015


WEATHER ITEM   OBSERVED TIME   RECORD YEAR NORMAL DEPARTURE LAST
                VALUE   (LST)  VALUE       VALUE  FROM      YEAR
                                                  NORMAL
..................................................................
TEMPERATURE (F)
 YESTERDAY
  MAXIMUM         63    206 PM  81    1986  62      1       68
  MINIMUM         35    317 AM  20    1956  36     -1       44
  AVERAGE         49                        49      0       56

PRECIPITATION (IN)
  YESTERDAY        0.00          0.65 1918   0.03  -0.03     0.00
  MONTH TO DATE    0.61                      1.11  -0.50     0.21
  SINCE OCT 1      3.56                      4.23  -0.67     1.10
  SINCE JAN 1      1.43                      2.13  -0.70     0.22

DEGREE DAYS
 HEATING
  YESTERDAY       16                        16      0        9
  MONTH TO DATE  316                       493   -177      383
  SINCE DEC 1   1553                      1832   -279     1680
  SINCE JUL 1   1967                      2398   -431     2313

 COOLING
  YESTERDAY        0                         0      0        0
  MONTH TO DATE    0                         0      0        0
  SINCE DEC 1      0                         0      0        0
  SINCE JAN 1      0                         0      0        0
..................................................................


WIND (MPH)
  RESULTANT WIND SPEED   4   RESULTANT WIND DIRECTION   S (190)
  HIGHEST WIND SPEED    24   HIGHEST WIND DIRECTION    SW (210)
  HIGHEST GUST SPEED    30   HIGHEST GUST DIRECTION    SW (210)
  AVERAGE WIND SPEED     7.8


SKY COVER
  POSSIBLE SUNSHINE  MM
  AVERAGE SKY COVER 0.3


WEATHER CONDITIONS
 THE FOLLOWING WEATHER WAS RECORDED YESTERDAY.
  NO SIGNIFICANT WEATHER WAS OBSERVED.


RELATIVE HUMIDITY (PERCENT)
 HIGHEST    70           300 AM
 LOWEST     21           200 PM
 AVERAGE    46

..........................................................


THE KINGMAN AZ CLIMATE NORMALS FOR TODAY
                         NORMAL    RECORD    YEAR
 MAXIMUM TEMPERATURE (F)   62        81      1986
 MINIMUM TEMPERATURE (F)   36        19      1913


SUNRISE AND SUNSET
FEBRUARY 28 2015......SUNRISE   707 AM MST   SUNSET   630 PM MST
MARCH  1 2015.........SUNRISE   706 AM MST   SUNSET   631 PM MST


-  INDICATES NEGATIVE NUMBERS.
R  INDICATES RECORD WAS SET OR TIED.
MM INDICATES DATA IS MISSING.
T  INDICATES TRACE AMOUNT.




$$
