829
CDUS45 KVEF 080845
CLIIGM


CLIMATE REPORT
NATIONAL WEATHER SERVICE LAS VEGAS, NV
1245 AM PST MON FEB 8 2016


...................................

...THE KINGMAN AZ CLIMATE SUMMARY FOR FEBRUARY 7 2016...

CLIMATE NORMAL PERIOD 1981 TO 2010
CLIMATE RECORD PERIOD 1901 TO 2016


WEATHER ITEM   OBSERVED TIME   RECORD YEAR NORMAL DEPARTURE LAST
                VALUE   (LST)  VALUE       VALUE  FROM      YEAR
                                                  NORMAL
..................................................................
TEMPERATURE (F)
 YESTERDAY
  MAXIMUM         66    422 PM  77    1963  59      7       73
  MINIMUM         31    724 AM  13    1989  33     -2       42
  AVERAGE         49                        46      3       58

PRECIPITATION (IN)
  YESTERDAY        0.00          0.70 2009   0.04  -0.04     0.00
  MONTH TO DATE    T                         0.30  -0.30     0.00
  SINCE OCT 1      2.70                      3.42  -0.72     2.95
  SINCE JAN 1      1.18                      1.32  -0.14     0.82

DEGREE DAYS
 HEATING
  YESTERDAY       16                        19     -3        7
  MONTH TO DATE  179                       136     43       73
  SINCE DEC 1   1561                      1475     86     1310
  SINCE JUL 1   2137                      2041     96     1724

 COOLING
  YESTERDAY        0                         0      0        0
  MONTH TO DATE    0                         0      0        0
  SINCE DEC 1      0                         0      0        0
  SINCE JAN 1      0                         0      0        0
..................................................................


WIND (MPH)
  RESULTANT WIND SPEED   8   RESULTANT WIND DIRECTION  NE (40)
  HIGHEST WIND SPEED    23   HIGHEST WIND DIRECTION     N (360)
  HIGHEST GUST SPEED    27   HIGHEST GUST DIRECTION     N (10)
  AVERAGE WIND SPEED     9.8


SKY COVER
  POSSIBLE SUNSHINE  MM
  AVERAGE SKY COVER 0.0


WEATHER CONDITIONS
 THE FOLLOWING WEATHER WAS RECORDED YESTERDAY.
  NO SIGNIFICANT WEATHER WAS OBSERVED.


RELATIVE HUMIDITY (PERCENT)
 HIGHEST    69           100 AM
 LOWEST     18           400 PM
 AVERAGE    44

..........................................................


THE KINGMAN AZ CLIMATE NORMALS FOR TODAY
                         NORMAL    RECORD    YEAR
 MAXIMUM TEMPERATURE (F)   59        77      1996
 MINIMUM TEMPERATURE (F)   33        11      1939


SUNRISE AND SUNSET
FEBRUARY  8 2016......SUNRISE   729 AM MST   SUNSET   611 PM MST
FEBRUARY  9 2016......SUNRISE   729 AM MST   SUNSET   612 PM MST


-  INDICATES NEGATIVE NUMBERS.
R  INDICATES RECORD WAS SET OR TIED.
MM INDICATES DATA IS MISSING.
T  INDICATES TRACE AMOUNT.




$$
