000
CDUS45 KIGM 300825
CLIIGM


CLIMATE REPORT
NATIONAL WEATHER SERVICE LAS VEGAS, NV
125 AM PDT WED JUL 30 2014


...................................

...THE KINGMAN AZ CLIMATE SUMMARY FOR JULY 29 2014...

CLIMATE NORMAL PERIOD 1981 TO 2010
CLIMATE RECORD PERIOD 1901 TO 2014


WEATHER ITEM   OBSERVED TIME   RECORD YEAR NORMAL DEPARTURE LAST
                VALUE   (LST)  VALUE       VALUE  FROM      YEAR
                                                  NORMAL
..................................................................
TEMPERATURE (F)
 YESTERDAY
  MAXIMUM         98    254 PM 106    2000  97      1       96
  MINIMUM         69    559 AM  55    1907  71     -2       65
  AVERAGE         84                        84      0       81

PRECIPITATION (IN)
  YESTERDAY        0.00          0.50 2005   0.02  -0.02     0.00
  MONTH TO DATE    1.15                      0.69   0.46     1.48
  SINCE OCT 1      2.82                      6.34  -3.52     3.84
  SINCE JAN 1      1.94                      4.24  -2.30     2.67

DEGREE DAYS
 HEATING
  YESTERDAY        0                         0      0        0
  MONTH TO DATE    0                         0      0        0
  SINCE JUN 1      0                         3     -3        0
  SINCE JUL 1      0                         0      0        0

 COOLING
  YESTERDAY       19                        19      0       16
  MONTH TO DATE  541                       537      4      591
  SINCE JUN 1    981                       922     59     1091
  SINCE JAN 1   1206                      1120     86     1313
..................................................................


WIND (MPH)
  RESULTANT WIND SPEED   7   RESULTANT WIND DIRECTION  SW (210)
  HIGHEST WIND SPEED    21   HIGHEST WIND DIRECTION    SW (230)
  HIGHEST GUST SPEED    25   HIGHEST GUST DIRECTION     W (250)
  AVERAGE WIND SPEED    10.1


SKY COVER
  POSSIBLE SUNSHINE  MM
  AVERAGE SKY COVER 0.0


WEATHER CONDITIONS
 THE FOLLOWING WEATHER WAS RECORDED YESTERDAY.
  NO SIGNIFICANT WEATHER WAS OBSERVED.


RELATIVE HUMIDITY (PERCENT)
 HIGHEST    70           500 AM
 LOWEST     19           500 PM
 AVERAGE    45

..........................................................


THE KINGMAN AZ CLIMATE NORMALS FOR TODAY
                         NORMAL    RECORD    YEAR
 MAXIMUM TEMPERATURE (F)   97       106      1938
 MINIMUM TEMPERATURE (F)   71        57      1913


SUNRISE AND SUNSET
JULY 30 2014..........SUNRISE   543 AM MST   SUNSET   741 PM MST
JULY 31 2014..........SUNRISE   544 AM MST   SUNSET   740 PM MST


-  INDICATES NEGATIVE NUMBERS.
R  INDICATES RECORD WAS SET OR TIED.
MM INDICATES DATA IS MISSING.
T  INDICATES TRACE AMOUNT.




$$
