000
CDUS45 KVEF 100829
CLIIGM


CLIMATE REPORT
NATIONAL WEATHER SERVICE LAS VEGAS, NV
1229 AM PST SAT DEC 10 2016


...................................

...THE KINGMAN AZ CLIMATE SUMMARY FOR DECEMBER 9 2016...

CLIMATE NORMAL PERIOD 1981 TO 2010
CLIMATE RECORD PERIOD 1901 TO 2016


WEATHER ITEM   OBSERVED TIME   RECORD YEAR NORMAL DEPARTURE LAST
                VALUE   (LST)  VALUE       VALUE  FROM      YEAR
                                                  NORMAL
..................................................................
TEMPERATURE (F)
 YESTERDAY
  MAXIMUM         61    139 PM  73    1981  55      6       68
  MINIMUM         36   1159 PM   6    1978  32      4       36
  AVERAGE         49                        43      6       52

PRECIPITATION (IN)
  YESTERDAY        0.00          0.62 1931   0.03  -0.03     0.00
  MONTH TO DATE    0.00                      0.21  -0.21     0.00
  SINCE OCT 1      0.93                      1.57  -0.64     1.28
  SINCE JAN 1      8.36                      7.86   0.50     7.96

DEGREE DAYS
 HEATING
  YESTERDAY       16                        22     -6       13
  MONTH TO DATE  188                       186      2      168
  SINCE DEC 1    188                       186      2      168
  SINCE JUL 1    510                       752   -242      744

 COOLING
  YESTERDAY        0                         0      0        0
  MONTH TO DATE    0                         0      0        0
  SINCE DEC 1      0                         0      0        0
  SINCE JAN 1   2244                      2093    151     2235
..................................................................


WIND (MPH)
  RESULTANT WIND SPEED   1   RESULTANT WIND DIRECTION  SW (210)
  HIGHEST WIND SPEED    13   HIGHEST WIND DIRECTION     W (250)
  HIGHEST GUST SPEED    17   HIGHEST GUST DIRECTION    SW (220)
  AVERAGE WIND SPEED     3.8


SKY COVER
  POSSIBLE SUNSHINE  MM
  AVERAGE SKY COVER 0.5


WEATHER CONDITIONS
 THE FOLLOWING WEATHER WAS RECORDED YESTERDAY.
  NO SIGNIFICANT WEATHER WAS OBSERVED.


RELATIVE HUMIDITY (PERCENT)
 HIGHEST    70          1000 PM
 LOWEST     28           400 PM
 AVERAGE    49

..........................................................


THE KINGMAN AZ CLIMATE NORMALS FOR TODAY
                         NORMAL    RECORD    YEAR
 MAXIMUM TEMPERATURE (F)   55        75      1950
 MINIMUM TEMPERATURE (F)   32        16      1972


SUNRISE AND SUNSET
DECEMBER 10 2016......SUNRISE   734 AM MST   SUNSET   524 PM MST
DECEMBER 11 2016......SUNRISE   735 AM MST   SUNSET   524 PM MST


-  INDICATES NEGATIVE NUMBERS.
R  INDICATES RECORD WAS SET OR TIED.
MM INDICATES DATA IS MISSING.
T  INDICATES TRACE AMOUNT.




$$
