000
CDUS45 KVEF 250026
CLIIGM


CLIMATE REPORT
NATIONAL WEATHER SERVICE LAS VEGAS, NV
426 PM PST MON NOV 24 2014


...................................

...THE KINGMAN AZ CLIMATE SUMMARY FOR NOVEMBER 24 2014...
VALID TODAY AS OF 0400 PM LOCAL TIME.

CLIMATE NORMAL PERIOD 1981 TO 2010
CLIMATE RECORD PERIOD 1901 TO 2014


WEATHER ITEM   OBSERVED TIME   RECORD YEAR NORMAL DEPARTURE LAST
                VALUE   (LST)  VALUE       VALUE  FROM      YEAR
                                                  NORMAL
..................................................................
TEMPERATURE (F)
 TODAY
  MAXIMUM         60    233 PM  84    1921  60      0       53
  MINIMUM         24    718 AM  18    1906  35    -11       37
  AVERAGE         42                        48     -6       45

PRECIPITATION (IN)
  TODAY            0.00          0.30 1918   0.02  -0.02     0.00
  MONTH TO DATE    0.00                      0.53  -0.53     0.71
  SINCE OCT 1      0.76                      1.24  -0.48     0.84
  SINCE JAN 1      7.25                      7.53  -0.28     6.68

DEGREE DAYS
 HEATING
  TODAY           23                        17      6       20
  MONTH TO DATE  313                       315     -2      291
  SINCE SEP 1    340                       454   -114      528
  SINCE JUL 1    340                       454   -114      528

 COOLING
  TODAY            0                         0      0        0
  MONTH TO DATE    0                         0      0        0
  SINCE SEP 1    388                       391     -3      232
  SINCE JAN 1   2070                      2092    -22     2106
..................................................................


WIND (MPH)
  RESULTANT WIND SPEED   4   RESULTANT WIND DIRECTION   N (360)
  HIGHEST WIND SPEED    22   HIGHEST WIND DIRECTION     N (340)
  HIGHEST GUST SPEED    27   HIGHEST GUST DIRECTION     N (360)
  AVERAGE WIND SPEED     6.0


SKY COVER
  POSSIBLE SUNSHINE  MM
  AVERAGE SKY COVER 0.0


WEATHER CONDITIONS
 THE FOLLOWING WEATHER WAS RECORDED TODAY.
  NO SIGNIFICANT WEATHER WAS OBSERVED.


RELATIVE HUMIDITY (PERCENT)
 HIGHEST    50           700 AM
 LOWEST     11           200 PM
 AVERAGE    31

..........................................................


THE KINGMAN AZ CLIMATE NORMALS FOR TOMORROW
                         NORMAL    RECORD    YEAR
 MAXIMUM TEMPERATURE (F)   60        83      1921
 MINIMUM TEMPERATURE (F)   35        16      1906


SUNRISE AND SUNSET
NOVEMBER 24 2014......SUNRISE   720 AM MST   SUNSET   525 PM MST
NOVEMBER 25 2014......SUNRISE   721 AM MST   SUNSET   525 PM MST


-  INDICATES NEGATIVE NUMBERS.
R  INDICATES RECORD WAS SET OR TIED.
MM INDICATES DATA IS MISSING.
T  INDICATES TRACE AMOUNT.




$$
