000
CDUS45 KVEF 220828
CLIIGM


CLIMATE REPORT
NATIONAL WEATHER SERVICE LAS VEGAS, NV
127 AM PDT THU JUN 22 2017


...................................

...THE KINGMAN AZ CLIMATE SUMMARY FOR JUNE 21 2017...

CLIMATE NORMAL PERIOD 1981 TO 2010
CLIMATE RECORD PERIOD 1901 TO 2017


WEATHER ITEM   OBSERVED TIME   RECORD YEAR NORMAL DEPARTURE LAST
                VALUE   (LST)  VALUE       VALUE  FROM      YEAR
                                                  NORMAL
..................................................................
TEMPERATURE (F)
 YESTERDAY
  MAXIMUM        111R   238 PM 107    1954  94     17      105
  MINIMUM         70    532 AM  48    1923  64      6       80
  AVERAGE         91                        79     12       93

PRECIPITATION (IN)
  YESTERDAY        0.00          T    2000   0.01  -0.01     0.00
  MONTH TO DATE    0.00                      0.03  -0.03     0.00
  SINCE OCT 1      6.45                      5.59   0.86     4.61
  SINCE JAN 1      2.89                      3.49  -0.60     3.09

DEGREE DAYS
 HEATING
  YESTERDAY        0                         0      0        0
  MONTH TO DATE    0                         0      0        0
  SINCE JUN 1      0                         0      0        0
  SINCE JUL 1   2491                      3100   -609     2828

 COOLING
  YESTERDAY       26                        14     12       28
  MONTH TO DATE  313                       244     69      358
  SINCE JUN 1    313                       244     69      358
  SINCE JAN 1    473                       442     31      498
..................................................................


WIND (MPH)
  RESULTANT WIND SPEED   9   RESULTANT WIND DIRECTION  SW (220)
  HIGHEST WIND SPEED    25   HIGHEST WIND DIRECTION     W (250)
  HIGHEST GUST SPEED    31   HIGHEST GUST DIRECTION     W (250)
  AVERAGE WIND SPEED    10.3


SKY COVER
  POSSIBLE SUNSHINE  MM
  AVERAGE SKY COVER 0.0


WEATHER CONDITIONS
 THE FOLLOWING WEATHER WAS RECORDED YESTERDAY.
  NO SIGNIFICANT WEATHER WAS OBSERVED.


RELATIVE HUMIDITY (PERCENT)
 HIGHEST    17           600 AM
 LOWEST      7          1100 AM
 AVERAGE    12

..........................................................


THE KINGMAN AZ CLIMATE NORMALS FOR TODAY
                         NORMAL    RECORD    YEAR
 MAXIMUM TEMPERATURE (F)   95       106      1929
 MINIMUM TEMPERATURE (F)   65        49      1911


SUNRISE AND SUNSET
JUNE 22 2017..........SUNRISE   522 AM MST   SUNSET   754 PM MST
JUNE 23 2017..........SUNRISE   522 AM MST   SUNSET   754 PM MST


-  INDICATES NEGATIVE NUMBERS.
R  INDICATES RECORD WAS SET OR TIED.
MM INDICATES DATA IS MISSING.
T  INDICATES TRACE AMOUNT.




$$
