710
CDUS45 KVEF 220829
CLIIGM


CLIMATE REPORT
NATIONAL WEATHER SERVICE LAS VEGAS, NV
128 AM PDT FRI MAY 22 2015


...................................

...THE KINGMAN AZ CLIMATE SUMMARY FOR MAY 21 2015...

CLIMATE NORMAL PERIOD 1981 TO 2010
CLIMATE RECORD PERIOD 1901 TO 2015


WEATHER ITEM   OBSERVED TIME   RECORD YEAR NORMAL DEPARTURE LAST
                VALUE   (LST)  VALUE       VALUE  FROM      YEAR
                                                  NORMAL
..................................................................
TEMPERATURE (F)
 YESTERDAY
  MAXIMUM         78    451 PM 106    1923  87     -9       76
  MINIMUM         54    203 AM  30    1975  54      0       47
  AVERAGE         66                        70     -4       62

PRECIPITATION (IN)
  YESTERDAY        0.00          1.05 1920   0.00   0.00     0.00
  MONTH TO DATE    0.08                      0.10  -0.02      T
  SINCE OCT 1      5.02                      5.53  -0.51     1.67
  SINCE JAN 1      2.89                      3.43  -0.54     0.79

DEGREE DAYS
 HEATING
  YESTERDAY        0                         1     -1        3
  MONTH TO DATE   76                        46     30       40
  SINCE MAR 1    538                       679   -141      510
  SINCE JUL 1   2518                      3092   -574     2832

 COOLING
  YESTERDAY        1                         6     -5        0
  MONTH TO DATE   27                        91    -64       84
  SINCE MAR 1     45                       122    -77      117
  SINCE JAN 1     45                       122    -77      117
..................................................................


WIND (MPH)
  RESULTANT WIND SPEED   8   RESULTANT WIND DIRECTION   S (180)
  HIGHEST WIND SPEED    22   HIGHEST WIND DIRECTION     S (200)
  HIGHEST GUST SPEED    30   HIGHEST GUST DIRECTION    SE (150)
  AVERAGE WIND SPEED    10.5


SKY COVER
  POSSIBLE SUNSHINE  MM
  AVERAGE SKY COVER 0.2


WEATHER CONDITIONS
 THE FOLLOWING WEATHER WAS RECORDED YESTERDAY.
  NO SIGNIFICANT WEATHER WAS OBSERVED.


RELATIVE HUMIDITY (PERCENT)
 HIGHEST    31          1100 PM
 LOWEST     12          1200 PM
 AVERAGE    22

..........................................................


THE KINGMAN AZ CLIMATE NORMALS FOR TODAY
                         NORMAL    RECORD    YEAR
 MAXIMUM TEMPERATURE (F)   87       103      1967
 MINIMUM TEMPERATURE (F)   54        38      1975


SUNRISE AND SUNSET
MAY 22 2015...........SUNRISE   527 AM MST   SUNSET   738 PM MST
MAY 23 2015...........SUNRISE   526 AM MST   SUNSET   739 PM MST


-  INDICATES NEGATIVE NUMBERS.
R  INDICATES RECORD WAS SET OR TIED.
MM INDICATES DATA IS MISSING.
T  INDICATES TRACE AMOUNT.




$$
