000
CDUS45 KVEF 210828
CLIIGM


CLIMATE REPORT
NATIONAL WEATHER SERVICE LAS VEGAS, NV
128 AM PDT TUE OCT 21 2014


...................................

...THE KINGMAN AZ CLIMATE SUMMARY FOR OCTOBER 20 2014...

CLIMATE NORMAL PERIOD 1981 TO 2010
CLIMATE RECORD PERIOD 1901 TO 2014


WEATHER ITEM   OBSERVED TIME   RECORD YEAR NORMAL DEPARTURE LAST
                VALUE   (LST)  VALUE       VALUE  FROM      YEAR
                                                  NORMAL
..................................................................
TEMPERATURE (F)
 YESTERDAY
  MAXIMUM         81    253 PM  94    1921  75      6       82
  MINIMUM         53    133 AM  29    1949  47      6       36
  AVERAGE         67                        61      6       59

PRECIPITATION (IN)
  YESTERDAY        0.00          1.06 2004   0.03  -0.03     0.00
  MONTH TO DATE    0.76                      0.41   0.35     0.12
  SINCE OCT 1      0.76                      0.41   0.35     0.12
  SINCE JAN 1      7.25                      6.70   0.55     5.96

DEGREE DAYS
 HEATING
  YESTERDAY        0                         5     -5        6
  MONTH TO DATE    7                        55    -48      135
  SINCE SEP 1     11                        61    -50      161
  SINCE JUL 1     11                        61    -50      161

 COOLING
  YESTERDAY        2                         1      1        0
  MONTH TO DATE   36                        58    -22        6
  SINCE SEP 1    374                       383     -9      231
  SINCE JAN 1   2056                      2084    -28     2105
..................................................................


WIND (MPH)
  RESULTANT WIND SPEED   6   RESULTANT WIND DIRECTION   S (170)
  HIGHEST WIND SPEED    17   HIGHEST WIND DIRECTION    SE (130)
  HIGHEST GUST SPEED    20   HIGHEST GUST DIRECTION    SE (130)
  AVERAGE WIND SPEED     9.2


SKY COVER
  POSSIBLE SUNSHINE  MM
  AVERAGE SKY COVER 0.0


WEATHER CONDITIONS
 THE FOLLOWING WEATHER WAS RECORDED YESTERDAY.
  NO SIGNIFICANT WEATHER WAS OBSERVED.


RELATIVE HUMIDITY (PERCENT)
 HIGHEST    61          1200 AM
 LOWEST     28           100 PM
 AVERAGE    45

..........................................................


THE KINGMAN AZ CLIMATE NORMALS FOR TODAY
                         NORMAL    RECORD    YEAR
 MAXIMUM TEMPERATURE (F)   75        95      1921
 MINIMUM TEMPERATURE (F)   46        29      1949


SUNRISE AND SUNSET
OCTOBER 21 2014.......SUNRISE   647 AM MST   SUNSET   553 PM MST
OCTOBER 22 2014.......SUNRISE   648 AM MST   SUNSET   552 PM MST


-  INDICATES NEGATIVE NUMBERS.
R  INDICATES RECORD WAS SET OR TIED.
MM INDICATES DATA IS MISSING.
T  INDICATES TRACE AMOUNT.




$$
