000
CDUS45 KVEF 260826
CLIIGM


CLIMATE REPORT
NATIONAL WEATHER SERVICE LAS VEGAS, NV
1226 AM PST SUN FEB 26 2017


...................................

...THE KINGMAN AZ CLIMATE SUMMARY FOR FEBRUARY 25 2017...

CLIMATE NORMAL PERIOD 1981 TO 2010
CLIMATE RECORD PERIOD 1901 TO 2017


WEATHER ITEM   OBSERVED TIME   RECORD YEAR NORMAL DEPARTURE LAST
                VALUE   (LST)  VALUE       VALUE  FROM      YEAR
                                                  NORMAL
..................................................................
TEMPERATURE (F)
 YESTERDAY
  MAXIMUM         56    141 PM  81    1986  61     -5       74
  MINIMUM         25    707 AM  22    1960  35    -10       34
  AVERAGE         41                        48     -7       54

PRECIPITATION (IN)
  YESTERDAY        0.00          1.80 1902   0.04  -0.04     0.00
  MONTH TO DATE    0.18                      1.05  -0.87      T
  SINCE OCT 1      5.52                      4.17   1.35     2.70
  SINCE JAN 1      1.96                      2.07  -0.11     1.18

DEGREE DAYS
 HEATING
  YESTERDAY       24                        17      7       11
  MONTH TO DATE  325                       460   -135      368
  SINCE DEC 1   1612                      1799   -187     1750
  SINCE JUL 1   1934                      2365   -431     2326

 COOLING
  YESTERDAY        0                         0      0        0
  MONTH TO DATE    0                         0      0        0
  SINCE DEC 1      0                         0      0        0
  SINCE JAN 1      0                         0      0        0
..................................................................


WIND (MPH)
  RESULTANT WIND SPEED   7   RESULTANT WIND DIRECTION  SW (210)
  HIGHEST WIND SPEED    23   HIGHEST WIND DIRECTION    SW (230)
  HIGHEST GUST SPEED    29   HIGHEST GUST DIRECTION    SW (210)
  AVERAGE WIND SPEED     8.9


SKY COVER
  POSSIBLE SUNSHINE  MM
  AVERAGE SKY COVER 0.2


WEATHER CONDITIONS
 THE FOLLOWING WEATHER WAS RECORDED YESTERDAY.
  NO SIGNIFICANT WEATHER WAS OBSERVED.


RELATIVE HUMIDITY (PERCENT)
 HIGHEST    46           200 AM
 LOWEST      8           300 PM
 AVERAGE    27

..........................................................


THE KINGMAN AZ CLIMATE NORMALS FOR TODAY
                         NORMAL    RECORD    YEAR
 MAXIMUM TEMPERATURE (F)   62        82      1986
 MINIMUM TEMPERATURE (F)   35        20      1929


SUNRISE AND SUNSET
FEBRUARY 26 2017......SUNRISE   709 AM MST   SUNSET   629 PM MST
FEBRUARY 27 2017......SUNRISE   707 AM MST   SUNSET   630 PM MST


-  INDICATES NEGATIVE NUMBERS.
R  INDICATES RECORD WAS SET OR TIED.
MM INDICATES DATA IS MISSING.
T  INDICATES TRACE AMOUNT.




$$
