000
CDUS45 KVEF 220829
CLIIGM


CLIMATE REPORT
NATIONAL WEATHER SERVICE LAS VEGAS, NV
1228 AM PST SAT NOV 22 2014


...................................

...THE KINGMAN AZ CLIMATE SUMMARY FOR NOVEMBER 21 2014...

CLIMATE NORMAL PERIOD 1981 TO 2010
CLIMATE RECORD PERIOD 1901 TO 2014


WEATHER ITEM   OBSERVED TIME   RECORD YEAR NORMAL DEPARTURE LAST
                VALUE   (LST)  VALUE       VALUE  FROM      YEAR
                                                  NORMAL
..................................................................
TEMPERATURE (F)
 YESTERDAY
  MAXIMUM         65    315 PM  78    2006  62      3       59
  MINIMUM         38   1131 PM  16    1906  36      2       42
  AVERAGE         52                        49      3       51

PRECIPITATION (IN)
  YESTERDAY        0.00          0.76 2004   0.02  -0.02     0.03
  MONTH TO DATE    0.00                      0.47  -0.47     0.03
  SINCE OCT 1      0.76                      1.18  -0.42     0.16
  SINCE JAN 1      7.25                      7.47  -0.22     6.00

DEGREE DAYS
 HEATING
  YESTERDAY       13                        16     -3       14
  MONTH TO DATE  253                       264    -11      230
  SINCE SEP 1    280                       403   -123      467
  SINCE JUL 1    280                       403   -123      467

 COOLING
  YESTERDAY        0                         0      0        0
  MONTH TO DATE    0                         0      0        0
  SINCE SEP 1    388                       391     -3      232
  SINCE JAN 1   2070                      2092    -22     2106
..................................................................


WIND (MPH)
  RESULTANT WIND SPEED   4   RESULTANT WIND DIRECTION   E (100)
  HIGHEST WIND SPEED    13   HIGHEST WIND DIRECTION     E (90)
  HIGHEST GUST SPEED    17   HIGHEST GUST DIRECTION    NE (40)
  AVERAGE WIND SPEED     7.0


SKY COVER
  POSSIBLE SUNSHINE  MM
  AVERAGE SKY COVER 0.0


WEATHER CONDITIONS
 THE FOLLOWING WEATHER WAS RECORDED YESTERDAY.
  NO SIGNIFICANT WEATHER WAS OBSERVED.


RELATIVE HUMIDITY (PERCENT)
 HIGHEST    38          1200 AM
 LOWEST     13           200 PM
 AVERAGE    26

..........................................................


THE KINGMAN AZ CLIMATE NORMALS FOR TODAY
                         NORMAL    RECORD    YEAR
 MAXIMUM TEMPERATURE (F)   61        77      2002
 MINIMUM TEMPERATURE (F)   35        22      1941


SUNRISE AND SUNSET
NOVEMBER 22 2014......SUNRISE   718 AM MST   SUNSET   526 PM MST
NOVEMBER 23 2014......SUNRISE   719 AM MST   SUNSET   526 PM MST


-  INDICATES NEGATIVE NUMBERS.
R  INDICATES RECORD WAS SET OR TIED.
MM INDICATES DATA IS MISSING.
T  INDICATES TRACE AMOUNT.




$$
