000
CDUS41 KPHI 302133
CLIILG


CLIMATE REPORT
NATIONAL WEATHER SERVICE MOUNT HOLLY NJ
533 PM EDT MON MAR 30 2015


...................................

...THE WILMINGTON DE CLIMATE SUMMARY FOR MARCH 30 2015...
VALID TODAY AS OF 0500 PM LOCAL TIME.

CLIMATE NORMAL PERIOD 1981 TO 2010
CLIMATE RECORD PERIOD 1894 TO 2015


WEATHER ITEM   OBSERVED TIME   RECORD YEAR NORMAL DEPARTURE LAST
                VALUE   (LST)  VALUE       VALUE  FROM      YEAR
                                                  NORMAL
..................................................................
TEMPERATURE (F)
 TODAY
  MAXIMUM         59    355 PM  86    1998  58      1       49
  MINIMUM         36    654 AM  23    1941  38     -2       38
  AVERAGE         48                        48      0       44

PRECIPITATION (IN)
  TODAY            T             1.35 2001   0.13  -0.13     0.67
  MONTH TO DATE    5.26                      3.78   1.48     3.81
  SINCE MAR 1      5.26                      3.78   1.48     3.81
  SINCE JAN 1     11.87                      9.47   2.40    12.39

SNOWFALL (IN)
  TODAY            T             0.5  1991   0.0    0.0      0.0
  MONTH TO DATE    8.6                       1.9    6.7      7.7
  SINCE MAR 1      8.6                       1.9    6.7      7.7
  SINCE JUL 1     23.4                      19.9    3.5     56.1
  SNOW DEPTH       0

DEGREE DAYS
 HEATING
  TODAY           17                        17      0       21
  MONTH TO DATE  816                       664    152      804
  SINCE MAR 1    816                       664    152      804
  SINCE JUL 1   4655                      4287    368     4659

 COOLING
  TODAY            0                         0      0        0
  MONTH TO DATE    0                         0      0        0
  SINCE MAR 1      0                         0      0        0
  SINCE JAN 1      0                         0      0        0
..................................................................


WIND (MPH)
  HIGHEST WIND SPEED    23   HIGHEST WIND DIRECTION    NW (320)
  HIGHEST GUST SPEED    32   HIGHEST GUST DIRECTION    NW (300)
  AVERAGE WIND SPEED    13.0


SKY COVER
  POSSIBLE SUNSHINE  MM
  AVERAGE SKY COVER 0.8


WEATHER CONDITIONS
 THE FOLLOWING WEATHER WAS RECORDED TODAY.
  LIGHT RAIN
  LIGHT SNOW


RELATIVE HUMIDITY (PERCENT)
 HIGHEST    89           700 AM
 LOWEST     28           400 PM
 AVERAGE    59

..........................................................


THE WILMINGTON DE CLIMATE NORMALS FOR TOMORROW
                         NORMAL    RECORD    YEAR
 MAXIMUM TEMPERATURE (F)   58        82      1998
 MINIMUM TEMPERATURE (F)   38        19      1923


SUNRISE AND SUNSET
MARCH 30 2015.........SUNRISE   650 AM EDT   SUNSET   724 PM EDT
MARCH 31 2015.........SUNRISE   649 AM EDT   SUNSET   725 PM EDT


-  INDICATES NEGATIVE NUMBERS.
R  INDICATES RECORD WAS SET OR TIED.
MM INDICATES DATA IS MISSING.
T  INDICATES TRACE AMOUNT.




$$
