000
CDUS41 KPHI 070637
CLIILG


CLIMATE REPORT
NATIONAL WEATHER SERVICE MOUNT HOLLY NJ
232 AM EDT TUE JUL 7 2015


...................................

...THE WILMINGTON DE CLIMATE SUMMARY FOR JULY 6 2015...

CLIMATE NORMAL PERIOD 1981 TO 2010
CLIMATE RECORD PERIOD 1894 TO 2015


WEATHER ITEM   OBSERVED TIME   RECORD YEAR NORMAL DEPARTURE LAST
                VALUE   (LST)  VALUE       VALUE  FROM      YEAR
                                                  NORMAL
..................................................................
TEMPERATURE (F)
 YESTERDAY
  MAXIMUM         85    352 PM 103    2010  86     -1       86
  MINIMUM         72    628 AM  50    1979  67      5       59
  AVERAGE         79                        77      2       73

PRECIPITATION (IN)
  YESTERDAY        0.06          1.86 1923   0.14  -0.08     0.00
  MONTH TO DATE    0.33                      0.85  -0.52     0.07
  SINCE JUN 1     12.85                      4.73   8.12     5.10
  SINCE JAN 1     31.53                     21.79   9.74    27.43

SNOWFALL (IN)
  YESTERDAY        0.0           0.0  1894   0.0    0.0      0.0
  MONTH TO DATE    0.0                       0.0    0.0      0.0
  SINCE JUN 1      0.0                       0.0    0.0      0.0
  SINCE JUL 1      0.0                       0.0    0.0      0.0
  SNOW DEPTH       0

DEGREE DAYS
 HEATING
  YESTERDAY        0                         0      0        0
  MONTH TO DATE    0                         0      0        0
  SINCE JUN 1     18                        15      3        2
  SINCE JUL 1      0                         0      0        0

 COOLING
  YESTERDAY       14                        12      2        8
  MONTH TO DATE   51                        68    -17       74
  SINCE JUN 1    319                       299     20      314
  SINCE JAN 1    487                       378    109      381
..................................................................


WIND (MPH)
  HIGHEST WIND SPEED    16   HIGHEST WIND DIRECTION     S (160)
  HIGHEST GUST SPEED    22   HIGHEST GUST DIRECTION     S (180)
  AVERAGE WIND SPEED     7.9


SKY COVER
  POSSIBLE SUNSHINE  MM
  AVERAGE SKY COVER 0.4


WEATHER CONDITIONS
 THE FOLLOWING WEATHER WAS RECORDED YESTERDAY.
  THUNDERSTORM
  LIGHT RAIN
  FOG


RELATIVE HUMIDITY (PERCENT)
 HIGHEST    93           200 AM
 LOWEST     65           200 PM
 AVERAGE    79

..........................................................


THE WILMINGTON DE CLIMATE NORMALS FOR TODAY
                         NORMAL    RECORD    YEAR
 MAXIMUM TEMPERATURE (F)   86       103      2010
 MINIMUM TEMPERATURE (F)   67        53      1980
                                             1979


SUNRISE AND SUNSET
JULY  7 2015..........SUNRISE   542 AM EDT   SUNSET   833 PM EDT
JULY  8 2015..........SUNRISE   542 AM EDT   SUNSET   832 PM EDT


-  INDICATES NEGATIVE NUMBERS.
R  INDICATES RECORD WAS SET OR TIED.
MM INDICATES DATA IS MISSING.
T  INDICATES TRACE AMOUNT.




$$
