000
CDUS41 KPHI 222131
CLIILG


CLIMATE REPORT
NATIONAL WEATHER SERVICE MOUNT HOLLY NJ
531 PM EDT WED MAR 22 2017


...................................

...THE WILMINGTON DE CLIMATE SUMMARY FOR MARCH 22 2017...
VALID TODAY AS OF 0500 PM LOCAL TIME.

CLIMATE NORMAL PERIOD 1981 TO 2010
CLIMATE RECORD PERIOD 1894 TO 2017


WEATHER ITEM   OBSERVED TIME   RECORD YEAR NORMAL DEPARTURE LAST
                VALUE   (LST)  VALUE       VALUE  FROM      YEAR
                                                  NORMAL
..................................................................
TEMPERATURE (F)
 TODAY
  MAXIMUM         52   1240 AM  82    1948  55     -3       58
  MINIMUM         40    359 PM  18    1930  35      5       30
  AVERAGE         46                        45      1       44

PRECIPITATION (IN)
  TODAY            0.00          2.22 1977   0.13  -0.13     0.00
  MONTH TO DATE    2.66                      2.69  -0.03     1.37
  SINCE MAR 1      2.66                      2.69  -0.03     1.37
  SINCE JAN 1      6.68                      8.38  -1.70     8.10

SNOWFALL (IN)
  TODAY            0.0           3.0  1943   0.1   -0.1      0.0
  MONTH TO DATE    3.4                       1.7    1.7      2.7
  SINCE MAR 1      3.4                       1.7    1.7      2.7
  SINCE JUL 1      9.0                      19.7  -10.7     25.4
  SNOW DEPTH       0

DEGREE DAYS
 HEATING
  TODAY           19                        20     -1       21
  MONTH TO DATE  556                       516     40      393
  SINCE MAR 1    556                       516     40      393
  SINCE JUL 1   3558                      4139   -581     3401

 COOLING
  TODAY            0                         0      0        0
  MONTH TO DATE    0                         0      0        2
  SINCE MAR 1      0                         0      0        2
  SINCE JAN 1      0                         0      0        2
..................................................................


WIND (MPH)
  HIGHEST WIND SPEED    35   HIGHEST WIND DIRECTION    NW (320)
  HIGHEST GUST SPEED    41   HIGHEST GUST DIRECTION    NW (320)
  AVERAGE WIND SPEED    18.3


SKY COVER
  POSSIBLE SUNSHINE  MM
  AVERAGE SKY COVER 0.2


WEATHER CONDITIONS
 THE FOLLOWING WEATHER WAS RECORDED TODAY.
  NO SIGNIFICANT WEATHER WAS OBSERVED.


RELATIVE HUMIDITY (PERCENT)
 HIGHEST    59          1200 AM
 LOWEST     21           300 PM
 AVERAGE    40

..........................................................


THE WILMINGTON DE CLIMATE NORMALS FOR TOMORROW
                         NORMAL    RECORD    YEAR
 MAXIMUM TEMPERATURE (F)   55        81      2012
 MINIMUM TEMPERATURE (F)   36        14      1934


SUNRISE AND SUNSET
MARCH 22 2017.........SUNRISE   702 AM EDT   SUNSET   717 PM EDT
MARCH 23 2017.........SUNRISE   701 AM EDT   SUNSET   718 PM EDT


-  INDICATES NEGATIVE NUMBERS.
R  INDICATES RECORD WAS SET OR TIED.
MM INDICATES DATA IS MISSING.
T  INDICATES TRACE AMOUNT.




$$
