000
CDUS41 KPHI 210629
CLIILG


CLIMATE REPORT
NATIONAL WEATHER SERVICE MOUNT HOLLY NJ
126 AM EST SUN DEC 21 2014


...................................

...THE WILMINGTON DE CLIMATE SUMMARY FOR DECEMBER 20 2014...

CLIMATE NORMAL PERIOD 1981 TO 2010
CLIMATE RECORD PERIOD 1894 TO 2014


WEATHER ITEM   OBSERVED TIME   RECORD YEAR NORMAL DEPARTURE LAST
                VALUE   (LST)  VALUE       VALUE  FROM      YEAR
                                                  NORMAL
..................................................................
TEMPERATURE (F)
 YESTERDAY
  MAXIMUM         37    302 PM  66    1895  43     -6       56
  MINIMUM         28   1221 AM   2    1942  27      1       30
  AVERAGE         33                        35     -2       43

PRECIPITATION (IN)
  YESTERDAY        0.00          1.52 1903   0.10  -0.10     0.00
  MONTH TO DATE    1.84                      2.37  -0.53     3.22
  SINCE DEC 1      1.84                      2.37  -0.53     3.22
  SINCE JAN 1     49.74                     41.97   7.77    46.35

SNOWFALL (IN)
  YESTERDAY        0.0           5.1  1966   0.1   -0.1      0.0
  MONTH TO DATE    0.2                       2.1   -1.9     11.9
  SINCE DEC 1      0.2                       2.1   -1.9     11.9
  SINCE JUL 1      0.5                       2.5   -2.0     11.9
  SNOW DEPTH       0

DEGREE DAYS
 HEATING
  YESTERDAY       32                        30      2       22
  MONTH TO DATE  503                       538    -35      575
  SINCE DEC 1    503                       538    -35      575
  SINCE JUL 1   1392                      1436    -44     1496

 COOLING
  YESTERDAY        0                         0      0        0
  MONTH TO DATE    0                         0      0        0
  SINCE DEC 1      0                         0      0        0
  SINCE JAN 1   1073                      1145    -72     1241
..................................................................


WIND (MPH)
  HIGHEST WIND SPEED    12   HIGHEST WIND DIRECTION    NE (30)
  HIGHEST GUST SPEED    14   HIGHEST GUST DIRECTION    NE (30)
  AVERAGE WIND SPEED     3.1


SKY COVER
  POSSIBLE SUNSHINE  MM
  AVERAGE SKY COVER 0.8


WEATHER CONDITIONS
 THE FOLLOWING WEATHER WAS RECORDED YESTERDAY.
  NO SIGNIFICANT WEATHER WAS OBSERVED.


RELATIVE HUMIDITY (PERCENT)
 HIGHEST    75          1200 AM
 LOWEST     52          1200 PM
 AVERAGE    64

..........................................................


THE WILMINGTON DE CLIMATE NORMALS FOR TODAY
                         NORMAL    RECORD    YEAR
 MAXIMUM TEMPERATURE (F)   43        68      2013
 MINIMUM TEMPERATURE (F)   27        -1      1942


SUNRISE AND SUNSET
DECEMBER 21 2014......SUNRISE   720 AM EST   SUNSET   441 PM EST
DECEMBER 22 2014......SUNRISE   720 AM EST   SUNSET   442 PM EST


-  INDICATES NEGATIVE NUMBERS.
R  INDICATES RECORD WAS SET OR TIED.
MM INDICATES DATA IS MISSING.
T  INDICATES TRACE AMOUNT.




$$
