000
CDUS41 KPHI 312128
CLIILG


CLIMATE REPORT
NATIONAL WEATHER SERVICE MOUNT HOLLY NJ
527 PM EDT MON AUG 31 2015


...................................

...THE WILMINGTON DE CLIMATE SUMMARY FOR AUGUST 31 2015...
VALID TODAY AS OF 0500 PM LOCAL TIME.

CLIMATE NORMAL PERIOD 1981 TO 2010
CLIMATE RECORD PERIOD 1894 TO 2015


WEATHER ITEM   OBSERVED TIME   RECORD YEAR NORMAL DEPARTURE LAST
                VALUE   (LST)  VALUE       VALUE  FROM      YEAR
                                                  NORMAL
..................................................................
TEMPERATURE (F)
 TODAY
  MAXIMUM         90    109 PM 101    1953  82      8       92
  MINIMUM         74    646 AM  47    1934  64     10       73
  AVERAGE         82                        73      9       83

PRECIPITATION (IN)
  TODAY            T             3.95 1911   0.10  -0.10     1.34
  MONTH TO DATE    1.52                      3.25  -1.73     4.77
  SINCE JUN 1     16.36                     11.70   4.66    15.74
  SINCE JAN 1     35.04                     28.76   6.28    38.07

SNOWFALL (IN)
  TODAY            0.0           0.0  1894   0.0    0.0      0.0
  MONTH TO DATE    0.0                       0.0    0.0      0.0
  SINCE JUN 1      0.0                       0.0    0.0      0.0
  SINCE JUL 1      0.0                       0.0    0.0      0.0
  SNOW DEPTH       0

DEGREE DAYS
 HEATING
  TODAY            0                         0      0        0
  MONTH TO DATE    0                         0      0        0
  SINCE JUN 1     18                        17      1        2
  SINCE JUL 1      0                         2     -2        0

 COOLING
  TODAY           17                         8      9       18
  MONTH TO DATE  338                       316     22      247
  SINCE JUN 1    979                       914     65      839
  SINCE JAN 1   1147                       993    154      906
..................................................................


WIND (MPH)
  HIGHEST WIND SPEED    15   HIGHEST WIND DIRECTION     W (250)
  HIGHEST GUST SPEED    19   HIGHEST GUST DIRECTION    SW (230)
  AVERAGE WIND SPEED     6.0


SKY COVER
  POSSIBLE SUNSHINE  MM
  AVERAGE SKY COVER 0.3


WEATHER CONDITIONS
 THE FOLLOWING WEATHER WAS RECORDED TODAY.
  LIGHT RAIN


RELATIVE HUMIDITY (PERCENT)
 HIGHEST    79           500 AM
 LOWEST     50          1200 PM
 AVERAGE    65

..........................................................


THE WILMINGTON DE CLIMATE NORMALS FOR TOMORROW
                         NORMAL    RECORD    YEAR
 MAXIMUM TEMPERATURE (F)   82        97      1953
                                             1932
 MINIMUM TEMPERATURE (F)   63        47      1934


SUNRISE AND SUNSET
AUGUST 31 2015........SUNRISE   629 AM EDT   SUNSET   735 PM EDT
SEPTEMBER  1 2015.....SUNRISE   630 AM EDT   SUNSET   734 PM EDT


-  INDICATES NEGATIVE NUMBERS.
R  INDICATES RECORD WAS SET OR TIED.
MM INDICATES DATA IS MISSING.
T  INDICATES TRACE AMOUNT.




$$
