000
CDUS42 KILM 262145
CLIILM


CLIMATE REPORT
NATIONAL WEATHER SERVICE WILMINGTON NC
445 PM EST THU FEB 26 2015


...................................

...THE WILMINGTON NC CLIMATE SUMMARY FOR FEBRUARY 26 2015...
VALID TODAY AS OF 0400 PM LOCAL TIME.

CLIMATE NORMAL PERIOD 1981 TO 2010
CLIMATE RECORD PERIOD 1871 TO 2015


WEATHER ITEM   OBSERVED TIME   RECORD YEAR NORMAL DEPARTURE LAST
                VALUE   (LST)  VALUE       VALUE  FROM      YEAR
                                                  NORMAL
..................................................................
TEMPERATURE (F)
 TODAY
  MAXIMUM         40    359 PM  83    1977  62    -22       45
  MINIMUM         35    847 AM  19    1967  40     -5       37
  AVERAGE         38                        51    -13       41

PRECIPITATION (IN)
  TODAY            0.92          1.64 2013   0.13   0.79     0.18
  MONTH TO DATE    4.34                      3.36   0.98     2.69
  SINCE DEC 1     14.31                     10.74   3.57     7.19
  SINCE JAN 1      9.32                      7.12   2.20     5.46

SNOWFALL (IN)
  TODAY            0.0           0.2  1970   0.0    0.0      0.0
  MONTH TO DATE    0.3                       0.3    0.0       T
  SINCE DEC 1      0.3                       1.5   -1.2      1.0
  SINCE JUL 1      0.3                       1.5   -1.2      1.0
  SNOW DEPTH       0

DEGREE DAYS
 HEATING
  TODAY           27                        14     13       24
  MONTH TO DATE  624                       426    198      417
  SINCE DEC 1   1682                      1532    150     1489
  SINCE JUL 1   2135                      1901    234     1891

 COOLING
  TODAY            0                         0      0        0
  MONTH TO DATE    0                         0      0        2
  SINCE DEC 1      6                         7     -1       27
  SINCE JAN 1      6                         2      4        5
..................................................................


WIND (MPH)
  HIGHEST WIND SPEED    24   HIGHEST WIND DIRECTION    NE (60)
  HIGHEST GUST SPEED    29   HIGHEST GUST DIRECTION    NE (60)
  AVERAGE WIND SPEED    12.7


SKY COVER
  POSSIBLE SUNSHINE  MM
  AVERAGE SKY COVER 1.0


WEATHER CONDITIONS
 THE FOLLOWING WEATHER WAS RECORDED TODAY.
  HEAVY RAIN
  RAIN
  LIGHT RAIN
  FOG


RELATIVE HUMIDITY (PERCENT)
 HIGHEST   100           300 AM
 LOWEST     79           100 PM
 AVERAGE    90

..........................................................


THE WILMINGTON NC CLIMATE NORMALS FOR TOMORROW
                         NORMAL    RECORD    YEAR
 MAXIMUM TEMPERATURE (F)   62        82      1962
 MINIMUM TEMPERATURE (F)   40        17      1963


SUNRISE AND SUNSET
FEBRUARY 26 2015......SUNRISE   645 AM EST   SUNSET   605 PM EST
FEBRUARY 27 2015......SUNRISE   643 AM EST   SUNSET   606 PM EST


-  INDICATES NEGATIVE NUMBERS.
R  INDICATES RECORD WAS SET OR TIED.
MM INDICATES DATA IS MISSING.
T  INDICATES TRACE AMOUNT.




$$
