000
CDUS42 KILM 300840
CLIILM


CLIMATE REPORT
NATIONAL WEATHER SERVICE WILMINGTON NC
440 AM EDT MON MAY 30 2016


...................................

...THE WILMINGTON NC CLIMATE SUMMARY FOR MAY 29 2016...

CLIMATE NORMAL PERIOD 1981 TO 2010
CLIMATE RECORD PERIOD 1871 TO 2016


WEATHER ITEM   OBSERVED TIME   RECORD YEAR NORMAL DEPARTURE LAST
                VALUE   (LST)  VALUE       VALUE  FROM      YEAR
                                                  NORMAL
..................................................................
TEMPERATURE (F)
 YESTERDAY
  MAXIMUM         82    309 PM  96    1967  83     -1       82
  MINIMUM         72    552 AM  49    1926  64      8       61
                                      1922
  AVERAGE         77                        74      3       72

PRECIPITATION (IN)
  YESTERDAY        0.71          2.96 1992   0.17   0.54     0.00
  MONTH TO DATE    5.31                      4.15   1.16     5.66
  SINCE MAR 1     10.05                     11.18  -1.13    11.25
  SINCE JAN 1     22.12                     18.56   3.56    20.57

DEGREE DAYS
 HEATING
  YESTERDAY        0                         0      0        0
  MONTH TO DATE   19                        25     -6       10
  SINCE MAR 1    319                       478   -159      414
  SINCE JUL 1   1806                      2407   -601     2597

 COOLING
  YESTERDAY       12                         9      3        7
  MONTH TO DATE  169                       175     -6      184
  SINCE MAR 1    312                       258     54      267
  SINCE JAN 1    315                       263     52      273
..................................................................


WIND (MPH)
  HIGHEST WIND SPEED    22   HIGHEST WIND DIRECTION    SE (120)
  HIGHEST GUST SPEED    31   HIGHEST GUST DIRECTION    SE (120)
  AVERAGE WIND SPEED     8.9


SKY COVER
  POSSIBLE SUNSHINE  MM
  AVERAGE SKY COVER 0.6


WEATHER CONDITIONS
 THE FOLLOWING WEATHER WAS RECORDED YESTERDAY.
  HEAVY RAIN
  RAIN
  LIGHT RAIN
  FOG
  HAZE


RELATIVE HUMIDITY (PERCENT)
 HIGHEST    93           100 AM
 LOWEST     69          1100 AM
 AVERAGE    81

..........................................................


THE WILMINGTON NC CLIMATE NORMALS FOR TODAY
                         NORMAL    RECORD    YEAR
 MAXIMUM TEMPERATURE (F)   84        96      1898
 MINIMUM TEMPERATURE (F)   64        49      1926


SUNRISE AND SUNSET
MAY 30 2016...........SUNRISE   601 AM EDT   SUNSET   818 PM EDT
MAY 31 2016...........SUNRISE   601 AM EDT   SUNSET   818 PM EDT


-  INDICATES NEGATIVE NUMBERS.
R  INDICATES RECORD WAS SET OR TIED.
MM INDICATES DATA IS MISSING.
T  INDICATES TRACE AMOUNT.




$$
