000
CDUS42 KILM 240856
CLIILM


CLIMATE REPORT
NATIONAL WEATHER SERVICE WILMINGTON NC
456 AM EDT WED MAY 24 2017


...................................

...THE WILMINGTON NC CLIMATE SUMMARY FOR MAY 23 2017...

CLIMATE NORMAL PERIOD 1981 TO 2010
CLIMATE RECORD PERIOD 1871 TO 2017


WEATHER ITEM   OBSERVED TIME   RECORD YEAR NORMAL DEPARTURE LAST
                VALUE   (LST)  VALUE       VALUE  FROM      YEAR
                                                  NORMAL
..................................................................
TEMPERATURE (F)
 YESTERDAY
  MAXIMUM         81    228 PM  96    1975  82     -1       71
                                      1953
  MINIMUM         68    310 AM  45    2002  62      6       54
  AVERAGE         75                        72      3       63

PRECIPITATION (IN)
  YESTERDAY        1.16          2.84 2003   0.16   1.00     0.00
  MONTH TO DATE    4.11                      3.15   0.96     4.50
  SINCE MAR 1     13.87                     10.18   3.69     9.24
  SINCE JAN 1     19.42                     17.56   1.86    21.31

DEGREE DAYS
 HEATING
  YESTERDAY        0                         0      0        2
  MONTH TO DATE   12                        25    -13       19
  SINCE MAR 1    429                       478    -49      319
  SINCE JUL 1   1944                      2407   -463     1806

 COOLING
  YESTERDAY       10                         8      2        0
  MONTH TO DATE  172                       125     47      122
  SINCE MAR 1    336                       208    128      265
  SINCE JAN 1    342                       213    129      268
..................................................................


WIND (MPH)
  HIGHEST WIND SPEED    28   HIGHEST WIND DIRECTION     W (280)
  HIGHEST GUST SPEED    34   HIGHEST GUST DIRECTION     W (260)
  AVERAGE WIND SPEED     8.0


SKY COVER
  POSSIBLE SUNSHINE  MM
  AVERAGE SKY COVER 0.8


WEATHER CONDITIONS
 THE FOLLOWING WEATHER WAS RECORDED YESTERDAY.
  THUNDERSTORM
  HEAVY RAIN
  RAIN
  LIGHT RAIN
  FOG


RELATIVE HUMIDITY (PERCENT)
 HIGHEST   100           500 AM
 LOWEST     74           300 PM
 AVERAGE    87

..........................................................


THE WILMINGTON NC CLIMATE NORMALS FOR TODAY
                         NORMAL    RECORD    YEAR
 MAXIMUM TEMPERATURE (F)   82        97      2011
 MINIMUM TEMPERATURE (F)   62        48      1931
                                             1879


SUNRISE AND SUNSET
MAY 24 2017...........SUNRISE   604 AM EDT   SUNSET   813 PM EDT
MAY 25 2017...........SUNRISE   603 AM EDT   SUNSET   814 PM EDT


-  INDICATES NEGATIVE NUMBERS.
R  INDICATES RECORD WAS SET OR TIED.
MM INDICATES DATA IS MISSING.
T  INDICATES TRACE AMOUNT.




$$
