000
CDUS42 KILM 212045
CLIILM


CLIMATE REPORT
NATIONAL WEATHER SERVICE WILMINGTON NC
444 PM EDT MON JUL 21 2014


...................................

...THE WILMINGTON NC CLIMATE SUMMARY FOR JULY 21 2014...
VALID TODAY AS OF 0400 PM LOCAL TIME.

CLIMATE NORMAL PERIOD 1981 TO 2010
CLIMATE RECORD PERIOD 1871 TO 2014


WEATHER ITEM   OBSERVED TIME   RECORD YEAR NORMAL DEPARTURE LAST
                VALUE   (LST)  VALUE       VALUE  FROM      YEAR
                                                  NORMAL
..................................................................
TEMPERATURE (F)
 TODAY
  MAXIMUM         82    819 AM 100    2011  90     -8       84
                                      1952
  MINIMUM         73    258 PM  63    1929  73      0       75
                                      1909
  AVERAGE         78                        81     -3       80

PRECIPITATION (IN)
  TODAY            2.58          3.84 1939   0.25   2.33     0.01
  MONTH TO DATE    8.83                      4.89   3.94     4.24
  SINCE JUN 1     11.31                     10.07   1.24    15.70
  SINCE JAN 1     30.55                     28.97   1.58    32.41

DEGREE DAYS
 HEATING
  TODAY            0                         0      0        0
  MONTH TO DATE    0                         0      0        0
  SINCE JUN 1      0                         2     -2        0
  SINCE JUL 1      0                         0      0        0

 COOLING
  TODAY           13                        16     -3       15
  MONTH TO DATE  315                       336    -21      319
  SINCE JUN 1    755                       721     34      699
  SINCE JAN 1   1162                      1002    160      925
..................................................................


WIND (MPH)
  HIGHEST WIND SPEED    16   HIGHEST WIND DIRECTION    NE (30)
  HIGHEST GUST SPEED    20   HIGHEST GUST DIRECTION    NE (30)
  AVERAGE WIND SPEED     3.3


SKY COVER
  POSSIBLE SUNSHINE  MM
  AVERAGE SKY COVER 0.2


WEATHER CONDITIONS
 THE FOLLOWING WEATHER WAS RECORDED TODAY.
  THUNDERSTORM
  HEAVY RAIN
  RAIN
  LIGHT RAIN
  FOG
  FOG W/VISIBILITY <= 1/4 MILE


RELATIVE HUMIDITY (PERCENT)
 HIGHEST    94           200 AM
 LOWEST     85           500 AM
 AVERAGE    90

..........................................................


THE WILMINGTON NC CLIMATE NORMALS FOR TOMORROW
                         NORMAL    RECORD    YEAR
 MAXIMUM TEMPERATURE (F)   90       101      1952
 MINIMUM TEMPERATURE (F)   73        60      1965


SUNRISE AND SUNSET
JULY 21 2014..........SUNRISE   615 AM EDT   SUNSET   821 PM EDT
JULY 22 2014..........SUNRISE   615 AM EDT   SUNSET   820 PM EDT


-  INDICATES NEGATIVE NUMBERS.
R  INDICATES RECORD WAS SET OR TIED.
MM INDICATES DATA IS MISSING.
T  INDICATES TRACE AMOUNT.




$$
