000
CDUS42 KILM 072045
CLIILM


CLIMATE REPORT
NATIONAL WEATHER SERVICE WILMINGTON NC
445 PM EDT TUE JUL 7 2015


...................................

...THE WILMINGTON NC CLIMATE SUMMARY FOR JULY 7 2015...
VALID TODAY AS OF 0400 PM LOCAL TIME.

CLIMATE NORMAL PERIOD 1981 TO 2010
CLIMATE RECORD PERIOD 1871 TO 2015


WEATHER ITEM   OBSERVED TIME   RECORD YEAR NORMAL DEPARTURE LAST
                VALUE   (LST)  VALUE       VALUE  FROM      YEAR
                                                  NORMAL
..................................................................
TEMPERATURE (F)
 TODAY
  MAXIMUM         91    135 PM 102    1977  90      1       90
  MINIMUM         74    547 AM  59    1988  73      1       68
  AVERAGE         83                        81      2       79

PRECIPITATION (IN)
  TODAY            0.00          6.78 1950   0.20  -0.20     0.00
  MONTH TO DATE    0.20                      1.45  -1.25     3.76
  SINCE JUN 1      7.31                      6.63   0.68     6.24
  SINCE JAN 1     27.88                     25.53   2.35    25.48

DEGREE DAYS
 HEATING
  TODAY            0                         0      0        0
  MONTH TO DATE    0                         0      0        0
  SINCE JUN 1      0                         2     -2        0
  SINCE JUL 1      0                         0      0        0

 COOLING
  TODAY           18                        16      2       14
  MONTH TO DATE  120                       112      8       99
  SINCE JUN 1    614                       497    117      539
  SINCE JAN 1    907                       778    129      946
..................................................................


WIND (MPH)
  HIGHEST WIND SPEED    18   HIGHEST WIND DIRECTION    SW (210)
  HIGHEST GUST SPEED    25   HIGHEST GUST DIRECTION    SW (220)
  AVERAGE WIND SPEED     6.8


SKY COVER
  POSSIBLE SUNSHINE  MM
  AVERAGE SKY COVER 0.2


WEATHER CONDITIONS
 THE FOLLOWING WEATHER WAS RECORDED TODAY.
  NO SIGNIFICANT WEATHER WAS OBSERVED.


RELATIVE HUMIDITY (PERCENT)
 HIGHEST    94           600 AM
 LOWEST     52           100 PM
 AVERAGE    73

..........................................................


THE WILMINGTON NC CLIMATE NORMALS FOR TOMORROW
                         NORMAL    RECORD    YEAR
 MAXIMUM TEMPERATURE (F)   90       100      2012
                                             1977
                                             1907
 MINIMUM TEMPERATURE (F)   73        59      1972


SUNRISE AND SUNSET
JULY  7 2015..........SUNRISE   606 AM EDT   SUNSET   827 PM EDT
JULY  8 2015..........SUNRISE   607 AM EDT   SUNSET   827 PM EDT


-  INDICATES NEGATIVE NUMBERS.
R  INDICATES RECORD WAS SET OR TIED.
MM INDICATES DATA IS MISSING.
T  INDICATES TRACE AMOUNT.




$$
