000
CDUS42 KILM 030841
CLIILM


CLIMATE REPORT
NATIONAL WEATHER SERVICE WILMINGTON NC
441 AM EDT TUE MAY 3 2016


...................................

...THE WILMINGTON NC CLIMATE SUMMARY FOR MAY 2 2016...

CLIMATE NORMAL PERIOD 1981 TO 2010
CLIMATE RECORD PERIOD 1871 TO 2016


WEATHER ITEM   OBSERVED TIME   RECORD YEAR NORMAL DEPARTURE LAST
                VALUE   (LST)  VALUE       VALUE  FROM      YEAR
                                                  NORMAL
..................................................................
TEMPERATURE (F)
 YESTERDAY
  MAXIMUM         86    139 PM  91    1962  78      8       76
  MINIMUM         65    305 AM  35    1963  56      9       47
  AVERAGE         76                        67      9       62

PRECIPITATION (IN)
  YESTERDAY        T             2.03 1873   0.11  -0.11     0.00
  MONTH TO DATE    0.17                      0.22  -0.05     0.18
  SINCE MAR 1      4.91                      7.25  -2.34     5.77
  SINCE JAN 1     16.98                     14.63   2.35    15.09

DEGREE DAYS
 HEATING
  YESTERDAY        0                         2     -2        3
  MONTH TO DATE    0                         4     -4        9
  SINCE MAR 1    300                       457   -157      413
  SINCE JUL 1   1787                      2386   -599     2596

 COOLING
  YESTERDAY       11                         4      7        0
  MONTH TO DATE   18                         8     10        0
  SINCE MAR 1    161                        91     70       83
  SINCE JAN 1    164                        96     68       89
..................................................................


WIND (MPH)
  HIGHEST WIND SPEED    22   HIGHEST WIND DIRECTION     S (180)
  HIGHEST GUST SPEED    28   HIGHEST GUST DIRECTION     S (170)
  AVERAGE WIND SPEED     9.4


SKY COVER
  POSSIBLE SUNSHINE  MM
  AVERAGE SKY COVER 0.2


WEATHER CONDITIONS
 THE FOLLOWING WEATHER WAS RECORDED YESTERDAY.
  THUNDERSTORM


RELATIVE HUMIDITY (PERCENT)
 HIGHEST   100           600 AM
 LOWEST     51           300 PM
 AVERAGE    76

..........................................................


THE WILMINGTON NC CLIMATE NORMALS FOR TODAY
                         NORMAL    RECORD    YEAR
 MAXIMUM TEMPERATURE (F)   78        94      1959
                                             1901
 MINIMUM TEMPERATURE (F)   56        40      1981
                                             1939


SUNRISE AND SUNSET
MAY  3 2016...........SUNRISE   620 AM EDT   SUNSET   758 PM EDT
MAY  4 2016...........SUNRISE   619 AM EDT   SUNSET   759 PM EDT


-  INDICATES NEGATIVE NUMBERS.
R  INDICATES RECORD WAS SET OR TIED.
MM INDICATES DATA IS MISSING.
T  INDICATES TRACE AMOUNT.




$$
