000
CDUS42 KILM 282042
CLIILM


CLIMATE REPORT
NATIONAL WEATHER SERVICE WILMINGTON NC
441 PM EDT SUN AUG 28 2016


...................................

...THE WILMINGTON NC CLIMATE SUMMARY FOR AUGUST 28 2016...
VALID TODAY AS OF 0400 PM LOCAL TIME.

CLIMATE NORMAL PERIOD 1981 TO 2010
CLIMATE RECORD PERIOD 1871 TO 2016


WEATHER ITEM   OBSERVED TIME   RECORD YEAR NORMAL DEPARTURE LAST
                VALUE   (LST)  VALUE       VALUE  FROM      YEAR
                                                  NORMAL
..................................................................
TEMPERATURE (F)
 TODAY
  MAXIMUM         87   1234 PM  97    1903  87      0       86
  MINIMUM         75    436 AM  56    1874  70      5       68
  AVERAGE         81                        79      2       77

PRECIPITATION (IN)
  TODAY            0.20          3.83 2002   0.24  -0.04     0.00
  MONTH TO DATE    6.82                      6.68   0.14     7.53
  SINCE JUN 1     18.16                     19.34  -1.18    17.95
  SINCE JAN 1     40.85                     38.24   2.61    38.52

DEGREE DAYS
 HEATING
  TODAY            0                         0      0        0
  MONTH TO DATE    0                         0      0        0
  SINCE JUN 1      0                         2     -2        0
  SINCE JUL 1      0                         0      0        0

 COOLING
  TODAY           16                        14      2       12
  MONTH TO DATE  486                       417     69      411
  SINCE JUN 1   1491                      1303    188     1456
  SINCE JAN 1   1826                      1584    242     1749
..................................................................


WIND (MPH)
  HIGHEST WIND SPEED    20   HIGHEST WIND DIRECTION     N (360)
  HIGHEST GUST SPEED    24   HIGHEST GUST DIRECTION     N (20)
  AVERAGE WIND SPEED     7.8


SKY COVER
  POSSIBLE SUNSHINE  MM
  AVERAGE SKY COVER 0.5


WEATHER CONDITIONS
 THE FOLLOWING WEATHER WAS RECORDED TODAY.
  THUNDERSTORM
  HEAVY RAIN
  LIGHT RAIN
  FOG


RELATIVE HUMIDITY (PERCENT)
 HIGHEST   100           200 AM
 LOWEST     70          1100 AM
 AVERAGE    85

..........................................................


THE WILMINGTON NC CLIMATE NORMALS FOR TOMORROW
                         NORMAL    RECORD    YEAR
 MAXIMUM TEMPERATURE (F)   87        96      1993
                                             1932
                                             1903
 MINIMUM TEMPERATURE (F)   70        57      1968


SUNRISE AND SUNSET
AUGUST 28 2016........SUNRISE   643 AM EDT   SUNSET   742 PM EDT
AUGUST 29 2016........SUNRISE   643 AM EDT   SUNSET   741 PM EDT


-  INDICATES NEGATIVE NUMBERS.
R  INDICATES RECORD WAS SET OR TIED.
MM INDICATES DATA IS MISSING.
T  INDICATES TRACE AMOUNT.




$$
