000
CDUS42 KILM 012045
CLIILM


CLIMATE REPORT
NATIONAL WEATHER SERVICE WILMINGTON NC
444 PM EDT FRI AUG 1 2014


...................................

...THE WILMINGTON NC CLIMATE SUMMARY FOR AUGUST 1 2014...
VALID TODAY AS OF 0400 PM LOCAL TIME.

CLIMATE NORMAL PERIOD 1981 TO 2010
CLIMATE RECORD PERIOD 1871 TO 2014


WEATHER ITEM   OBSERVED TIME   RECORD YEAR NORMAL DEPARTURE LAST
                VALUE   (LST)  VALUE       VALUE  FROM      YEAR
                                                  NORMAL
..................................................................
TEMPERATURE (F)
 TODAY
  MAXIMUM         81    259 PM 103    1999  89     -8       84
  MINIMUM         73    608 AM  61    1997  72      1       72
  AVERAGE         77                        81     -4       78

PRECIPITATION (IN)
  TODAY            1.39          4.18 1944   0.24   1.15     1.18
  MONTH TO DATE    1.39                      0.24   1.15     1.18
  SINCE JUN 1     15.87                     12.90   2.97    18.28
  SINCE JAN 1     35.11                     31.80   3.31    34.99

DEGREE DAYS
 HEATING
  TODAY            0                         0      0        0
  MONTH TO DATE    0                         0      0        0
  SINCE JUN 1      0                         2     -2        0
  SINCE JUL 1      0                         0      0        0

 COOLING
  TODAY           12                        16     -4       13
  MONTH TO DATE   12                        16     -4       13
  SINCE JUN 1    920                       902     18      860
  SINCE JAN 1   1327                      1183    144     1086
..................................................................


WIND (MPH)
  HIGHEST WIND SPEED    18   HIGHEST WIND DIRECTION     S (170)
  HIGHEST GUST SPEED    27   HIGHEST GUST DIRECTION     E (100)
  AVERAGE WIND SPEED     6.7


SKY COVER
  POSSIBLE SUNSHINE  MM
  AVERAGE SKY COVER 0.6


WEATHER CONDITIONS
 THE FOLLOWING WEATHER WAS RECORDED TODAY.
  THUNDERSTORM
  HEAVY RAIN
  RAIN
  LIGHT RAIN
  FOG


RELATIVE HUMIDITY (PERCENT)
 HIGHEST   100          1000 AM
 LOWEST     79           200 PM
 AVERAGE    90

..........................................................


THE WILMINGTON NC CLIMATE NORMALS FOR TOMORROW
                         NORMAL    RECORD    YEAR
 MAXIMUM TEMPERATURE (F)   89        99      1878
 MINIMUM TEMPERATURE (F)   72        62      1966


SUNRISE AND SUNSET
AUGUST  1 2014........SUNRISE   623 AM EDT   SUNSET   813 PM EDT
AUGUST  2 2014........SUNRISE   623 AM EDT   SUNSET   812 PM EDT


-  INDICATES NEGATIVE NUMBERS.
R  INDICATES RECORD WAS SET OR TIED.
MM INDICATES DATA IS MISSING.
T  INDICATES TRACE AMOUNT.




$$
