794
CDUS43 KILX 220632
CLIILX


CLIMATE REPORT
NATIONAL WEATHER SERVICE LINCOLN IL
131 AM CDT FRI SEP 22 2017


...................................

...THE LINCOLN IL CLIMATE SUMMARY FOR SEPTEMBER 21 2017...

CLIMATE NORMAL PERIOD 1981 TO 2010
CLIMATE RECORD PERIOD 1905 TO 2017


WEATHER ITEM   OBSERVED TIME   RECORD YEAR NORMAL DEPARTURE LAST
                VALUE   (LST)  VALUE       VALUE  FROM      YEAR
                                                  NORMAL
..................................................................
TEMPERATURE (F)
 YESTERDAY
  MAXIMUM         94R       MM  94    1940  76     18       92
  MINIMUM         68        MM  34    1918  51     17       61
  AVERAGE         81                        64     17       77

PRECIPITATION (IN)
  YESTERDAY        0.00          1.97 1919   0.11  -0.11     0.00
  MONTH TO DATE    0.71                      2.29  -1.58     3.92
  SINCE SEP 1      0.71                      2.29  -1.58     3.92
  SINCE JAN 1     25.83                     29.71  -3.88    33.36

SNOWFALL (IN)
  YESTERDAY        0.0           0.0    MM   0.0    0.0      0.0
  MONTH TO DATE    0.0                       0.0    0.0      0.0
  SINCE SEP 1      0.0                       0.0    0.0      0.0
  SINCE JUL 1      T                         0.0    0.0      0.0
  SNOW DEPTH       0

DEGREE DAYS
 HEATING
  YESTERDAY        0                         4     -4        0
  MONTH TO DATE   52                        37     15        1
  SINCE SEP 1     52                        37     15        1
  SINCE JUL 1     58                        46     12       10

 COOLING
  YESTERDAY       16                         3     13       12
  MONTH TO DATE   80                        98    -18      149
  SINCE SEP 1     80                        98    -18      149
  SINCE JAN 1    879                       987   -108     1140
..................................................................


WIND (MPH)
  HIGHEST WIND SPEED    MM   HIGHEST WIND DIRECTION    MM
  HIGHEST GUST SPEED    MM   HIGHEST GUST DIRECTION    MM
  AVERAGE WIND SPEED    MM


SKY COVER
  POSSIBLE SUNSHINE  MM


WEATHER CONDITIONS
 THE FOLLOWING WEATHER WAS RECORDED YESTERDAY.
  FOG


..........................................................


THE LINCOLN IL CLIMATE NORMALS FOR TODAY
                         NORMAL    RECORD    YEAR
 MAXIMUM TEMPERATURE (F)   76        94      2005
                                             1956
 MINIMUM TEMPERATURE (F)   51        32      1913


SUNRISE AND SUNSET
SEPTEMBER 22 2017.....SUNRISE   645 AM CDT   SUNSET   654 PM CDT
SEPTEMBER 23 2017.....SUNRISE   646 AM CDT   SUNSET   652 PM CDT


-  INDICATES NEGATIVE NUMBERS.
R  INDICATES RECORD WAS SET OR TIED.
MM INDICATES DATA IS MISSING.
T  INDICATES TRACE AMOUNT.




$$
