483
CDUS43 KILX 052235
CLIILX


CLIMATE REPORT
NATIONAL WEATHER SERVICE LINCOLN IL
435 PM CST MON DEC 5 2016


...................................

...THE LINCOLN IL CLIMATE SUMMARY FOR DECEMBER 5 2016...
VALID TODAY AS OF 0400 PM LOCAL TIME.

CLIMATE NORMAL PERIOD 1981 TO 2010
CLIMATE RECORD PERIOD 1905 TO 2016


WEATHER ITEM   OBSERVED TIME   RECORD YEAR NORMAL DEPARTURE LAST
                VALUE   (LST)  VALUE       VALUE  FROM      YEAR
                                                  NORMAL
..................................................................
TEMPERATURE (F)
 TODAY
  MAXIMUM         37        MM  72    1998  41     -4       44
  MINIMUM         33        MM   3    2005  25      8       26
  AVERAGE         35                        33      2       35

PRECIPITATION (IN)
  TODAY            0.00          1.15 1999   0.09  -0.09     0.00
  MONTH TO DATE    0.41                      0.48  -0.07     0.06
  SINCE DEC 1      0.41                      0.48  -0.07     0.06
  SINCE JAN 1     38.83                     37.44   1.39    41.87

SNOWFALL (IN)
  TODAY            0.0           9.9  1942   0.1   -0.1      0.0
  MONTH TO DATE    2.7                       0.6    2.1       T
  SINCE DEC 1      2.7                       0.6    2.1       T
  SINCE JUL 1      2.7                       1.2    1.5      1.0
  SNOW DEPTH       T

DEGREE DAYS
 HEATING
  TODAY           30                        32     -2       30
  MONTH TO DATE  145                       156    -11      150
  SINCE DEC 1    145                       156    -11      150
  SINCE JUL 1    922                      1299   -377     1077

 COOLING
  TODAY            0                         0      0        0
  MONTH TO DATE    0                         0      0        0
  SINCE DEC 1      0                         0      0        0
  SINCE JAN 1   1241                      1017    224      998
..................................................................







THE LINCOLN IL CLIMATE NORMALS FOR TOMORROW
                         NORMAL    RECORD    YEAR
 MAXIMUM TEMPERATURE (F)   40        70      1980
 MINIMUM TEMPERATURE (F)   25        -2      1977


SUNRISE AND SUNSET
DECEMBER  5 2016......SUNRISE   705 AM CST   SUNSET   432 PM CST
DECEMBER  6 2016......SUNRISE   706 AM CST   SUNSET   431 PM CST


-  INDICATES NEGATIVE NUMBERS.
R  INDICATES RECORD WAS SET OR TIED.
MM INDICATES DATA IS MISSING.
T  INDICATES TRACE AMOUNT.




$$
