000
CDUS43 KILX 040654
CLIILX


CLIMATE REPORT
NATIONAL WEATHER SERVICE LINCOLN IL
1246 AM CST WED MAR 4 2015


...................................

...THE LINCOLN IL CLIMATE SUMMARY FOR MARCH 3 2015...

CLIMATE NORMAL PERIOD 1981 TO 2010
CLIMATE RECORD PERIOD 1905 TO 2015


WEATHER ITEM   OBSERVED TIME   RECORD YEAR NORMAL DEPARTURE LAST
                VALUE   (LST)  VALUE       VALUE  FROM      YEAR
                                                  NORMAL
..................................................................
TEMPERATURE (F)
 YESTERDAY
  MAXIMUM         38        MM  79    1974  45     -7       17
  MINIMUM         25        MM  -4    2014  27     -2       -4
  AVERAGE         32                        36     -4        7

PRECIPITATION (IN)
  YESTERDAY        0.08          0.68 1953   0.08   0.00     0.00
  MONTH TO DATE    0.32                      0.22   0.10     0.13
  SINCE MAR 1      0.32                      0.22   0.10     0.13
  SINCE JAN 1      3.08                      3.97  -0.89     4.79

SNOWFALL (IN)
  YESTERDAY        0.0           4.0  1954   0.1   -0.1      0.0
  MONTH TO DATE    3.7                       0.3    3.4      2.4
  SINCE MAR 1      3.7                       0.3    3.4      2.4
  SINCE JUL 1     21.9                      18.8    3.1     44.0
  SNOW DEPTH       3

DEGREE DAYS
 HEATING
  YESTERDAY       33                        29      4       58
  MONTH TO DATE  124                        88     36      153
  SINCE MAR 1    124                        88     36      153
  SINCE JUL 1   5061                      4511    550     5397

 COOLING
  YESTERDAY        0                         0      0        0
  MONTH TO DATE    0                         0      0        0
  SINCE MAR 1      0                         0      0        0
  SINCE JAN 1      0                         0      0        0
..................................................................


WIND (MPH)
  HIGHEST WIND SPEED    MM   HIGHEST WIND DIRECTION    MM
  HIGHEST GUST SPEED    MM   HIGHEST GUST DIRECTION    MM
  AVERAGE WIND SPEED    MM


SKY COVER
  POSSIBLE SUNSHINE  MM


WEATHER CONDITIONS
 THE FOLLOWING WEATHER WAS RECORDED YESTERDAY.
  LIGHT RAIN
  LT FREEZING RAIN
  FOG


..........................................................


THE LINCOLN IL CLIMATE NORMALS FOR TODAY
                         NORMAL    RECORD    YEAR
 MAXIMUM TEMPERATURE (F)   46        77      1983
 MINIMUM TEMPERATURE (F)   28        -3      1978


SUNRISE AND SUNSET
MARCH  4 2015.........SUNRISE   627 AM CST   SUNSET   552 PM CST
MARCH  5 2015.........SUNRISE   625 AM CST   SUNSET   553 PM CST


-  INDICATES NEGATIVE NUMBERS.
R  INDICATES RECORD WAS SET OR TIED.
MM INDICATES DATA IS MISSING.
T  INDICATES TRACE AMOUNT.




$$
