440
CDUS43 KILX 120708
CLIILX


CLIMATE REPORT
NATIONAL WEATHER SERVICE LINCOLN IL
104 AM CST FRI FEB 12 2016


...................................

...THE LINCOLN IL CLIMATE SUMMARY FOR FEBRUARY 11 2016...

CLIMATE NORMAL PERIOD 1981 TO 2010
CLIMATE RECORD PERIOD 1905 TO 2016


WEATHER ITEM   OBSERVED TIME   RECORD YEAR NORMAL DEPARTURE LAST
                VALUE   (LST)  VALUE       VALUE  FROM      YEAR
                                                  NORMAL
..................................................................
TEMPERATURE (F)
 YESTERDAY
  MAXIMUM         26        MM  70    1932  37    -11       36
  MINIMUM          8        MM -16    2014  21    -13       21
  AVERAGE         17                        29    -12       29

PRECIPITATION (IN)
  YESTERDAY        0.00          1.10 2009   0.07  -0.07     0.00
  MONTH TO DATE    0.70                      0.66   0.04     0.80
  SINCE DEC 1      8.50                      5.23   3.27     3.64
  SINCE JAN 1      1.69                      2.59  -0.90     2.19

SNOWFALL (IN)
  YESTERDAY        0.0           7.0  1972   0.2   -0.2      0.0
  MONTH TO DATE    0.6                       2.5   -1.9      5.0
  SINCE DEC 1      6.2                      14.6   -8.4     10.0
  SINCE JUL 1      7.2                      15.2   -8.0     11.0
  SNOW DEPTH       T

DEGREE DAYS
 HEATING
  YESTERDAY       48                        36     12       36
  MONTH TO DATE  387                       408    -21      433
  SINCE DEC 1   2347                      2719   -372     2679
  SINCE JUL 1   3274                      3862   -588     4077

 COOLING
  YESTERDAY        0                         0      0        0
  MONTH TO DATE    0                         0      0        0
  SINCE DEC 1      0                         0      0        0
  SINCE JAN 1      0                         0      0        0
..................................................................


WIND (MPH)
  HIGHEST WIND SPEED    MM   HIGHEST WIND DIRECTION    MM
  HIGHEST GUST SPEED    MM   HIGHEST GUST DIRECTION    MM
  AVERAGE WIND SPEED    MM


SKY COVER
  POSSIBLE SUNSHINE  MM


WEATHER CONDITIONS
 THE FOLLOWING WEATHER WAS RECORDED YESTERDAY.
  NO SIGNIFICANT WEATHER WAS OBSERVED.


..........................................................


THE LINCOLN IL CLIMATE NORMALS FOR TODAY
                         NORMAL    RECORD    YEAR
 MAXIMUM TEMPERATURE (F)   38        72      1938
 MINIMUM TEMPERATURE (F)   21       -13      1981


SUNRISE AND SUNSET
FEBRUARY 12 2016......SUNRISE   655 AM CST   SUNSET   529 PM CST
FEBRUARY 13 2016......SUNRISE   654 AM CST   SUNSET   530 PM CST


-  INDICATES NEGATIVE NUMBERS.
R  INDICATES RECORD WAS SET OR TIED.
MM INDICATES DATA IS MISSING.
T  INDICATES TRACE AMOUNT.




$$
