000
CDUS43 KILX 300708
CLIILX


CLIMATE REPORT
NATIONAL WEATHER SERVICE LINCOLN IL
208 AM CDT TUE AUG 30 2016


...................................

...THE LINCOLN IL CLIMATE SUMMARY FOR AUGUST 29 2016...

CLIMATE NORMAL PERIOD 1981 TO 2010
CLIMATE RECORD PERIOD 1905 TO 2016


WEATHER ITEM   OBSERVED TIME   RECORD YEAR NORMAL DEPARTURE LAST
                VALUE   (LST)  VALUE       VALUE  FROM      YEAR
                                                  NORMAL
..................................................................
TEMPERATURE (F)
 YESTERDAY
  MAXIMUM         89        MM  99    1953  83      6       80
  MINIMUM         67        MM  39    1986  60      7       64
  AVERAGE         78                        72      6       72

PRECIPITATION (IN)
  YESTERDAY        0.00          1.80 2014   0.12  -0.12     0.04
  MONTH TO DATE    5.95                      3.69   2.26     1.08
  SINCE JUN 1     17.00                     13.07   3.93    16.68
  SINCE JAN 1     28.95                     27.19   1.76    31.07

SNOWFALL (IN)
  YESTERDAY        0.0           0.0    MM   0.0    0.0      0.0
  MONTH TO DATE    0.0                       0.0    0.0      0.0
  SINCE JUN 1      0.0                       0.0    0.0      0.0
  SINCE JUL 1      0.0                       0.0    0.0      0.0
  SNOW DEPTH       0

DEGREE DAYS
 HEATING
  YESTERDAY        0                         0      0        0
  MONTH TO DATE    0                         0      0        6
  SINCE JUN 1     11                        19     -8       20
  SINCE JUL 1      9                         2      7       12

 COOLING
  YESTERDAY       13                         7      6        7
  MONTH TO DATE  294                       242     52      186
  SINCE JUN 1    888                       785    103      672
  SINCE JAN 1    975                       876     99      783
..................................................................


WIND (MPH)
  HIGHEST WIND SPEED    MM   HIGHEST WIND DIRECTION    MM
  HIGHEST GUST SPEED    MM   HIGHEST GUST DIRECTION    MM
  AVERAGE WIND SPEED    MM


SKY COVER
  POSSIBLE SUNSHINE  MM


WEATHER CONDITIONS
 THE FOLLOWING WEATHER WAS RECORDED YESTERDAY.
  NO SIGNIFICANT WEATHER WAS OBSERVED.


..........................................................


THE LINCOLN IL CLIMATE NORMALS FOR TODAY
                         NORMAL    RECORD    YEAR
 MAXIMUM TEMPERATURE (F)   83        98      1951
 MINIMUM TEMPERATURE (F)   60        43      1986


SUNRISE AND SUNSET
AUGUST 30 2016........SUNRISE   624 AM CDT   SUNSET   731 PM CDT
AUGUST 31 2016........SUNRISE   624 AM CDT   SUNSET   730 PM CDT


-  INDICATES NEGATIVE NUMBERS.
R  INDICATES RECORD WAS SET OR TIED.
MM INDICATES DATA IS MISSING.
T  INDICATES TRACE AMOUNT.




$$
