793
CDUS43 KILX 232132
CLIILX


CLIMATE REPORT
NATIONAL WEATHER SERVICE LINCOLN IL
432 PM CDT SUN APR 23 2017


...................................

...THE LINCOLN IL CLIMATE SUMMARY FOR APRIL 23 2017...
VALID TODAY AS OF 0400 PM LOCAL TIME.

CLIMATE NORMAL PERIOD 1981 TO 2010
CLIMATE RECORD PERIOD 1905 TO 2017


WEATHER ITEM   OBSERVED TIME   RECORD YEAR NORMAL DEPARTURE LAST
                VALUE   (LST)  VALUE       VALUE  FROM      YEAR
                                                  NORMAL
..................................................................
TEMPERATURE (F)
 TODAY
  MAXIMUM         73        MM  89    1925  67      6       67
  MINIMUM         35        MM  22    1909  44     -9       37
  AVERAGE         54                        55     -1       52

PRECIPITATION (IN)
  TODAY            0.00          1.04 1944   0.13  -0.13     0.00
  MONTH TO DATE    2.73                      2.70   0.03     1.49
  SINCE MAR 1      6.72                      5.30   1.42     5.36
  SINCE JAN 1      9.37                      9.05   0.32     7.60

SNOWFALL (IN)
  TODAY            0.0           0.2  1910   0.0    0.0      0.0
  MONTH TO DATE    0.0                       0.3   -0.3       T
  SINCE MAR 1      3.7                       2.0    1.7       T
  SINCE JUL 1     10.9                      20.5   -9.6     12.3
  SNOW DEPTH       0

DEGREE DAYS
 HEATING
  TODAY           11                        10      1       13
  MONTH TO DATE  199                       328   -129      330
  SINCE MAR 1    896                      1069   -173      881
  SINCE JUL 1   4504                      5492   -988     4676

 COOLING
  TODAY            0                         1     -1        0
  MONTH TO DATE   14                         6      8        2
  SINCE MAR 1     14                         8      6        2
  SINCE JAN 1     14                         8      6        2
..................................................................







THE LINCOLN IL CLIMATE NORMALS FOR TOMORROW
                         NORMAL    RECORD    YEAR
 MAXIMUM TEMPERATURE (F)   67        89      1925
 MINIMUM TEMPERATURE (F)   44        18      1910


SUNRISE AND SUNSET
APRIL 23 2017.........SUNRISE   607 AM CDT   SUNSET   744 PM CDT
APRIL 24 2017.........SUNRISE   606 AM CDT   SUNSET   746 PM CDT


-  INDICATES NEGATIVE NUMBERS.
R  INDICATES RECORD WAS SET OR TIED.
MM INDICATES DATA IS MISSING.
T  INDICATES TRACE AMOUNT.




$$
