000
CDUS43 KILX 282157
CLIILX


CLIMATE REPORT
NATIONAL WEATHER SERVICE LINCOLN IL
457 PM CDT THU JUL 28 2016


...................................

...THE LINCOLN IL CLIMATE SUMMARY FOR JULY 28 2016...
VALID TODAY AS OF 0400 PM LOCAL TIME.

CLIMATE NORMAL PERIOD 1981 TO 2010
CLIMATE RECORD PERIOD 1905 TO 2016


WEATHER ITEM   OBSERVED TIME   RECORD YEAR NORMAL DEPARTURE LAST
                VALUE   (LST)  VALUE       VALUE  FROM      YEAR
                                                  NORMAL
..................................................................
TEMPERATURE (F)
 TODAY
  MAXIMUM         85        MM 106    1930  85      0       90
  MINIMUM         71        MM  48    2013  64      7       69
  AVERAGE         78                        74      4       80

PRECIPITATION (IN)
  TODAY            0.66          1.90 1958   0.15   0.51      T
  MONTH TO DATE    8.47                      4.64   3.83     5.93
  SINCE JUN 1     10.83                      8.96   1.87    15.60
  SINCE JAN 1     22.78                     23.08  -0.30    29.99

SNOWFALL (IN)
  TODAY            0.0           0.0    MM   0.0    0.0      0.0
  MONTH TO DATE    0.0                       0.0    0.0      0.0
  SINCE JUN 1      0.0                       0.0    0.0      0.0
  SINCE JUL 1      0.0                       0.0    0.0      0.0
  SNOW DEPTH       0

DEGREE DAYS
 HEATING
  TODAY            0                         0      0        0
  MONTH TO DATE    9                         0      9        6
  SINCE JUN 1     11                        17     -6       14
  SINCE JUL 1      9                         0      9        6

 COOLING
  TODAY           13                         9      4       15
  MONTH TO DATE  288                       284      4      222
  SINCE JUN 1    570                       516     54      448
  SINCE JAN 1    657                       607     50      559
..................................................................







THE LINCOLN IL CLIMATE NORMALS FOR TOMORROW
                         NORMAL    RECORD    YEAR
 MAXIMUM TEMPERATURE (F)   85       104      1916
 MINIMUM TEMPERATURE (F)   64        47      1925


SUNRISE AND SUNSET
JULY 28 2016..........SUNRISE   552 AM CDT   SUNSET   815 PM CDT
JULY 29 2016..........SUNRISE   553 AM CDT   SUNSET   814 PM CDT


-  INDICATES NEGATIVE NUMBERS.
R  INDICATES RECORD WAS SET OR TIED.
MM INDICATES DATA IS MISSING.
T  INDICATES TRACE AMOUNT.




$$
