000
CDUS43 KILX 242138
CLIILX


CLIMATE REPORT
NATIONAL WEATHER SERVICE LINCOLN IL
438 PM CDT WED MAY 24 2017


...................................

...THE LINCOLN IL CLIMATE SUMMARY FOR MAY 24 2017...
VALID TODAY AS OF 0400 PM LOCAL TIME.

CLIMATE NORMAL PERIOD 1981 TO 2010
CLIMATE RECORD PERIOD 1905 TO 2017


WEATHER ITEM   OBSERVED TIME   RECORD YEAR NORMAL DEPARTURE LAST
                VALUE   (LST)  VALUE       VALUE  FROM      YEAR
                                                  NORMAL
..................................................................
TEMPERATURE (F)
 TODAY
  MAXIMUM         68        MM  95    1939  77     -9       84
  MINIMUM         58        MM  35    1913  55      3       57
  AVERAGE         63                        66     -3       71

PRECIPITATION (IN)
  TODAY            0.00          1.91 1995   0.14  -0.14     0.00
  MONTH TO DATE    3.28                      3.21   0.07     2.53
  SINCE MAR 1     13.29                      9.42   3.87     8.99
  SINCE JAN 1     15.94                     13.17   2.77    11.23

SNOWFALL (IN)
  TODAY            0.0           T    2004   0.0    0.0      0.0
  MONTH TO DATE    0.0                       0.0    0.0      0.0
  SINCE MAR 1      3.7                       2.0    1.7       T
  SINCE JUL 1     10.9                      20.5   -9.6     12.3
  SNOW DEPTH       0

DEGREE DAYS
 HEATING
  TODAY            2                         3     -1        0
  MONTH TO DATE  147                       121     26      155
  SINCE MAR 1   1100                      1253   -153     1078
  SINCE JUL 1   4708                      5676   -968     4873

 COOLING
  TODAY            0                         3     -3        6
  MONTH TO DATE   53                        46      7       19
  SINCE MAR 1     67                        61      6       27
  SINCE JAN 1     67                        61      6       27
..................................................................







THE LINCOLN IL CLIMATE NORMALS FOR TOMORROW
                         NORMAL    RECORD    YEAR
 MAXIMUM TEMPERATURE (F)   77        93      1921
 MINIMUM TEMPERATURE (F)   55        28      1925


SUNRISE AND SUNSET
MAY 24 2017...........SUNRISE   534 AM CDT   SUNSET   815 PM CDT
MAY 25 2017...........SUNRISE   534 AM CDT   SUNSET   815 PM CDT


-  INDICATES NEGATIVE NUMBERS.
R  INDICATES RECORD WAS SET OR TIED.
MM INDICATES DATA IS MISSING.
T  INDICATES TRACE AMOUNT.




$$
