000
CDUS43 KILX 232133
CLIILX


CLIMATE REPORT
NATIONAL WEATHER SERVICE LINCOLN IL
433 PM CDT WED APR 23 2014


...................................

...THE LINCOLN IL CLIMATE SUMMARY FOR APRIL 23 2014...
VALID TODAY AS OF 0400 PM LOCAL TIME.

CLIMATE NORMAL PERIOD 1981 TO 2010
CLIMATE RECORD PERIOD 1905 TO 2014


WEATHER ITEM   OBSERVED TIME   RECORD YEAR NORMAL DEPARTURE LAST
                VALUE   (LST)  VALUE       VALUE  FROM      YEAR
                                                  NORMAL
..................................................................
TEMPERATURE (F)
 TODAY
  MAXIMUM         62        MM  89    1925  67     -5       56
  MINIMUM         32        MM  22    1909  44    -12       39
  AVERAGE         47                        55     -8       48

PRECIPITATION (IN)
  TODAY            0.00          1.04 1944   0.13  -0.13     0.40
  MONTH TO DATE    2.10                      2.70  -0.60     5.04
  SINCE MAR 1      3.99                      5.30  -1.31     7.77
  SINCE JAN 1      8.65                      9.05  -0.40    12.63

SNOWFALL (IN)
  TODAY            0.0           0.2  1910   0.0    0.0      0.0
  MONTH TO DATE    T                         0.3   -0.3       T
  SINCE MAR 1      4.7                       2.0    2.7     12.7
  SINCE JUL 1     46.3                      20.5   25.8     23.0
  SNOW DEPTH       0

DEGREE DAYS
 HEATING
  TODAY           18                        10      8       17
  MONTH TO DATE  322                       328     -6      366
  SINCE MAR 1   1254                      1069    185     1308
  SINCE JUL 1   6498                      5492   1006     5570

 COOLING
  TODAY            0                         1     -1        0
  MONTH TO DATE    1                         6     -5        3
  SINCE MAR 1      1                         8     -7        3
  SINCE JAN 1      1                         8     -7        3
..................................................................







THE LINCOLN IL CLIMATE NORMALS FOR TOMORROW
                         NORMAL    RECORD    YEAR
 MAXIMUM TEMPERATURE (F)   67        89      1925
 MINIMUM TEMPERATURE (F)   44        18      1910


SUNRISE AND SUNSET
APRIL 23 2014.........SUNRISE   608 AM CDT   SUNSET   744 PM CDT
APRIL 24 2014.........SUNRISE   606 AM CDT   SUNSET   745 PM CDT


-  INDICATES NEGATIVE NUMBERS.
R  INDICATES RECORD WAS SET OR TIED.
MM INDICATES DATA IS MISSING.
T  INDICATES TRACE AMOUNT.




$$
