000
CDUS43 KILX 232152
CLIILX


CLIMATE REPORT
NATIONAL WEATHER SERVICE LINCOLN IL
442 PM CDT TUE SEP 23 2014


...................................

...THE LINCOLN IL CLIMATE SUMMARY FOR SEPTEMBER 23 2014...
VALID TODAY AS OF 0400 PM LOCAL TIME.

CLIMATE NORMAL PERIOD 1981 TO 2010
CLIMATE RECORD PERIOD 1905 TO 2014


WEATHER ITEM   OBSERVED TIME   RECORD YEAR NORMAL DEPARTURE LAST
                VALUE   (LST)  VALUE       VALUE  FROM      YEAR
                                                  NORMAL
..................................................................
TEMPERATURE (F)
 TODAY
  MAXIMUM         75        MM  92    2007  76     -1       76
                                      1937
  MINIMUM         42        MM  28    1995  50     -8       43
  AVERAGE         59                        63     -4       60

PRECIPITATION (IN)
  TODAY            0.00          1.16 1970   0.10  -0.10     0.00
  MONTH TO DATE    7.62                      2.49   5.13     0.63
  SINCE SEP 1      7.62                      2.49   5.13     0.63
  SINCE JAN 1     36.27                     29.91   6.36    29.77

SNOWFALL (IN)
  TODAY            0.0           0.0    MM   0.0    0.0      0.0
  MONTH TO DATE    0.0                       0.0    0.0      0.0
  SINCE SEP 1      0.0                       0.0    0.0      0.0
  SINCE JUL 1      0.0                       0.0    0.0       T
  SNOW DEPTH       0

DEGREE DAYS
 HEATING
  TODAY            6                         4      2        5
  MONTH TO DATE  108                        45     63       47
  SINCE SEP 1    108                        45     63       47
  SINCE JUL 1    118                        54     64       69

 COOLING
  TODAY            0                         2     -2        0
  MONTH TO DATE   63                       102    -39      129
  SINCE SEP 1     63                       102    -39      129
  SINCE JAN 1    817                       991   -174      900
..................................................................







THE LINCOLN IL CLIMATE NORMALS FOR TOMORROW
                         NORMAL    RECORD    YEAR
 MAXIMUM TEMPERATURE (F)   75        93      1935
 MINIMUM TEMPERATURE (F)   50        28      1928


SUNRISE AND SUNSET
SEPTEMBER 23 2014.....SUNRISE   646 AM CDT   SUNSET   653 PM CDT
SEPTEMBER 24 2014.....SUNRISE   647 AM CDT   SUNSET   651 PM CDT


-  INDICATES NEGATIVE NUMBERS.
R  INDICATES RECORD WAS SET OR TIED.
MM INDICATES DATA IS MISSING.
T  INDICATES TRACE AMOUNT.




$$
