000
CDUS43 KILX 222229
CLIILX


CLIMATE REPORT
NATIONAL WEATHER SERVICE LINCOLN IL
429 PM CST MON JAN 22 2018


...................................

...THE LINCOLN IL CLIMATE SUMMARY FOR JANUARY 22 2018...
VALID TODAY AS OF 0400 PM LOCAL TIME.

CLIMATE NORMAL PERIOD 1981 TO 2010
CLIMATE RECORD PERIOD 1905 TO 2018


WEATHER ITEM   OBSERVED TIME   RECORD YEAR NORMAL DEPARTURE LAST
                VALUE   (LST)  VALUE       VALUE  FROM      YEAR
                                                  NORMAL
..................................................................
TEMPERATURE (F)
 TODAY
  MAXIMUM         59        MM  64    1967  34     25       50
  MINIMUM         48        MM -20    1930  18     30       38
  AVERAGE         54                        26     28       44

PRECIPITATION (IN)
  TODAY            0.31          1.41 1929   0.06   0.25      T
  MONTH TO DATE    0.66                      1.48  -0.82     1.76
  SINCE DEC 1      1.12                      4.12  -3.00     3.12
  SINCE JAN 1      0.66                      1.48  -0.82     1.76

SNOWFALL (IN)
  TODAY            0.0           6.5  1915   0.2   -0.2      0.0
  MONTH TO DATE    2.9                       4.2   -1.3      0.5
  SINCE DEC 1      7.1                      10.4   -3.3      3.7
  SINCE JUL 1      7.1                      11.0   -3.9      3.7
  SNOW DEPTH       0

DEGREE DAYS
 HEATING
  TODAY           11                        39    -28       21
  MONTH TO DATE  992                       858    134      746
  SINCE DEC 1   2122                      1957    165     1861
  SINCE JUL 1   3175                      3100     75     2638

 COOLING
  TODAY            0                         0      0        0
  MONTH TO DATE    0                         0      0        0
  SINCE DEC 1      0                         0      0        0
  SINCE JAN 1      0                         0      0        0
..................................................................







THE LINCOLN IL CLIMATE NORMALS FOR TOMORROW
                         NORMAL    RECORD    YEAR
 MAXIMUM TEMPERATURE (F)   34        69      1909
 MINIMUM TEMPERATURE (F)   18       -20      1936


SUNRISE AND SUNSET
JANUARY 22 2018.......SUNRISE   714 AM CST   SUNSET   504 PM CST
JANUARY 23 2018.......SUNRISE   713 AM CST   SUNSET   505 PM CST


-  INDICATES NEGATIVE NUMBERS.
R  INDICATES RECORD WAS SET OR TIED.
MM INDICATES DATA IS MISSING.
T  INDICATES TRACE AMOUNT.




$$
