000
CDUS43 KILX 210653
CLIILX


CLIMATE REPORT
NATIONAL WEATHER SERVICE LINCOLN IL
1251 AM CST SAT JAN 21 2017


...................................

...THE LINCOLN IL CLIMATE SUMMARY FOR JANUARY 20 2017...

CLIMATE NORMAL PERIOD 1981 TO 2010
CLIMATE RECORD PERIOD 1905 TO 2017


WEATHER ITEM   OBSERVED TIME   RECORD YEAR NORMAL DEPARTURE LAST
                VALUE   (LST)  VALUE       VALUE  FROM      YEAR
                                                  NORMAL
..................................................................
TEMPERATURE (F)
 YESTERDAY
  MAXIMUM         52        MM  58    1954  34     18       21
  MINIMUM         40        MM -21    1985  18     22       -1
  AVERAGE         46                        26     20       10

PRECIPITATION (IN)
  YESTERDAY        0.15          1.28 1913   0.05   0.10     0.04
  MONTH TO DATE    1.76                      1.36   0.40     0.99
  SINCE DEC 1      3.12                      4.00  -0.88     7.80
  SINCE JAN 1      1.76                      1.36   0.40     0.99

SNOWFALL (IN)
  YESTERDAY        0.0           3.6  1963   0.2   -0.2      0.5
  MONTH TO DATE    0.5                       3.8   -3.3      5.5
  SINCE DEC 1      3.7                      10.0   -6.3      5.6
  SINCE JUL 1      3.7                      10.6   -6.9      6.6
  SNOW DEPTH       0

DEGREE DAYS
 HEATING
  YESTERDAY       19                        39    -20       55
  MONTH TO DATE  713                       780    -67      819
  SINCE DEC 1   1828                      1879    -51     1579
  SINCE JUL 1   2605                      3022   -417     2506

 COOLING
  YESTERDAY        0                         0      0        0
  MONTH TO DATE    0                         0      0        0
  SINCE DEC 1      0                         0      0        0
  SINCE JAN 1      0                         0      0        0
..................................................................


WIND (MPH)
  HIGHEST WIND SPEED    MM   HIGHEST WIND DIRECTION    MM
  HIGHEST GUST SPEED    MM   HIGHEST GUST DIRECTION    MM
  AVERAGE WIND SPEED    MM


SKY COVER
  POSSIBLE SUNSHINE  MM


WEATHER CONDITIONS
 THE FOLLOWING WEATHER WAS RECORDED YESTERDAY.
  LIGHT RAIN
  FOG
  FOG W/VISIBILITY <= 1/4 MILE


..........................................................


THE LINCOLN IL CLIMATE NORMALS FOR TODAY
                         NORMAL    RECORD    YEAR
 MAXIMUM TEMPERATURE (F)   34        60      1957
 MINIMUM TEMPERATURE (F)   18       -17      1985


SUNRISE AND SUNSET
JANUARY 21 2017.......SUNRISE   715 AM CST   SUNSET   503 PM CST
JANUARY 22 2017.......SUNRISE   714 AM CST   SUNSET   505 PM CST


-  INDICATES NEGATIVE NUMBERS.
R  INDICATES RECORD WAS SET OR TIED.
MM INDICATES DATA IS MISSING.
T  INDICATES TRACE AMOUNT.




$$
