000
CDUS43 KIND 060534
CLIIND


CLIMATE REPORT
NATIONAL WEATHER SERVICE INDIANAPOLIS IN
1232 AM EST TUE DEC 6 2016


...................................

...THE INDIANAPOLIS IN CLIMATE SUMMARY FOR DECEMBER 5 2016...

CLIMATE NORMAL PERIOD 1981 TO 2010
CLIMATE RECORD PERIOD 1871 TO 2016


WEATHER ITEM   OBSERVED TIME   RECORD YEAR NORMAL DEPARTURE LAST
                VALUE   (LST)  VALUE       VALUE  FROM      YEAR
                                                  NORMAL
..................................................................
TEMPERATURE (F)
 YESTERDAY
  MAXIMUM         43    319 PM  70    2001  42      1       39
  MINIMUM         34    921 AM   8    1886  27      7       28
  AVERAGE         39                        35      4       34

PRECIPITATION (IN)
  YESTERDAY        0.00          1.14 1977   0.11  -0.11     0.00
  MONTH TO DATE    0.27                      0.52  -0.25     0.19
  SINCE DEC 1      0.27                      0.52  -0.25     0.19
  SINCE JAN 1     44.69                     39.79   4.90    42.75

SNOWFALL (IN)
  YESTERDAY        0.0           4.8  1996   0.1   -0.1      0.0
  MONTH TO DATE    0.0                       0.6   -0.6      0.6
  SINCE DEC 1      0.0                       0.6   -0.6      0.6
  SINCE JUL 1      T                         1.7   -1.7      1.9
  SNOW DEPTH       0

DEGREE DAYS
 HEATING
  YESTERDAY       26                        30     -4       31
  MONTH TO DATE  137                       146     -9      154
  SINCE DEC 1    137                       146     -9      154
  SINCE JUL 1    830                      1188   -358      941

 COOLING
  YESTERDAY        0                         0      0        0
  MONTH TO DATE    0                         0      0        0
  SINCE DEC 1      0                         0      0        0
  SINCE JAN 1   1443                      1066    377     1164
..................................................................


WIND (MPH)
  HIGHEST WIND SPEED    16   HIGHEST WIND DIRECTION     W (270)
  HIGHEST GUST SPEED    19   HIGHEST GUST DIRECTION     W (270)
  AVERAGE WIND SPEED     8.5


SKY COVER
  AVERAGE SKY COVER 0.9


WEATHER CONDITIONS
 THE FOLLOWING WEATHER WAS RECORDED YESTERDAY.
  NO SIGNIFICANT WEATHER WAS OBSERVED.


RELATIVE HUMIDITY (PERCENT)
 HIGHEST    89          1200 AM
 LOWEST     70           200 PM
 AVERAGE    80

..........................................................


THE INDIANAPOLIS IN CLIMATE NORMALS FOR TODAY
                         NORMAL    RECORD    YEAR
 MAXIMUM TEMPERATURE (F)   42        73      1998
 MINIMUM TEMPERATURE (F)   27        -1      1977


SUNRISE AND SUNSET
DECEMBER  6 2016......SUNRISE   752 AM EST   SUNSET   520 PM EST
DECEMBER  7 2016......SUNRISE   753 AM EST   SUNSET   520 PM EST


-  INDICATES NEGATIVE NUMBERS.
R  INDICATES RECORD WAS SET OR TIED.
MM INDICATES DATA IS MISSING.
T  INDICATES TRACE AMOUNT.




$$
