000
CDUS43 KIND 170532
CLIIND


CLIMATE REPORT
NATIONAL WEATHER SERVICE INDIANAPOLIS IN
1231 AM EST TUE JAN 17 2017


...................................

...THE INDIANAPOLIS IN CLIMATE SUMMARY FOR JANUARY 16 2017...

CLIMATE NORMAL PERIOD 1981 TO 2010
CLIMATE RECORD PERIOD 1871 TO 2017


WEATHER ITEM   OBSERVED TIME   RECORD YEAR NORMAL DEPARTURE LAST
                VALUE   (LST)  VALUE       VALUE  FROM      YEAR
                                                  NORMAL
..................................................................
TEMPERATURE (F)
 YESTERDAY
  MAXIMUM         51   1159 PM  66    1990  35     16       32
  MINIMUM         35    235 AM -20    1977  20     15       23
                                      1972
  AVERAGE         43                        28     15       28

PRECIPITATION (IN)
  YESTERDAY        0.56          1.42 1873   0.08   0.48      T
  MONTH TO DATE    2.83                      1.46   1.37     1.26
  SINCE DEC 1      4.35                      4.63  -0.28     6.85
  SINCE JAN 1      2.83                      1.46   1.37     1.26

SNOWFALL (IN)
  YESTERDAY        0.0           6.0  1994   0.3   -0.3       T
  MONTH TO DATE    1.2                       4.3   -3.1      3.4
  SINCE DEC 1      6.1                      11.2   -5.1      4.0
  SINCE JUL 1      6.1                      12.3   -6.2      5.3
  SNOW DEPTH       0

DEGREE DAYS
 HEATING
  YESTERDAY       22                        37    -15       37
  MONTH TO DATE  553                       592    -39      559
  SINCE DEC 1   1620                      1626     -6     1244
  SINCE JUL 1   2313                      2668   -355     2031

 COOLING
  YESTERDAY        0                         0      0        0
  MONTH TO DATE    0                         0      0        0
  SINCE DEC 1      0                         0      0        0
  SINCE JAN 1      0                         0      0        0
..................................................................


WIND (MPH)
  HIGHEST WIND SPEED    16   HIGHEST WIND DIRECTION    SE (150)
  HIGHEST GUST SPEED    21   HIGHEST GUST DIRECTION    SE (140)
  AVERAGE WIND SPEED     8.2


SKY COVER
  AVERAGE SKY COVER 1.0


WEATHER CONDITIONS
 THE FOLLOWING WEATHER WAS RECORDED YESTERDAY.
  HEAVY RAIN
  RAIN
  LIGHT RAIN
  FOG


RELATIVE HUMIDITY (PERCENT)
 HIGHEST   100           600 PM
 LOWEST     89          1200 AM
 AVERAGE    95

..........................................................


THE INDIANAPOLIS IN CLIMATE NORMALS FOR TODAY
                         NORMAL    RECORD    YEAR
 MAXIMUM TEMPERATURE (F)   35        67      1952
 MINIMUM TEMPERATURE (F)   20       -20      1977


SUNRISE AND SUNSET
JANUARY 17 2017.......SUNRISE   803 AM EST   SUNSET   548 PM EST
JANUARY 18 2017.......SUNRISE   803 AM EST   SUNSET   549 PM EST


-  INDICATES NEGATIVE NUMBERS.
R  INDICATES RECORD WAS SET OR TIED.
MM INDICATES DATA IS MISSING.
T  INDICATES TRACE AMOUNT.




$$
