000
CDUS43 KIND 230534
CLIIND


CLIMATE REPORT
NATIONAL WEATHER SERVICE INDIANAPOLIS IN
1234 AM EST SUN NOV 23 2014


...................................

...THE INDIANAPOLIS IN CLIMATE SUMMARY FOR NOVEMBER 22 2014...

CLIMATE NORMAL PERIOD 1981 TO 2010
CLIMATE RECORD PERIOD 1871 TO 2014


WEATHER ITEM   OBSERVED TIME   RECORD YEAR NORMAL DEPARTURE LAST
                VALUE   (LST)  VALUE       VALUE  FROM      YEAR
                                                  NORMAL
..................................................................
TEMPERATURE (F)
 YESTERDAY
  MAXIMUM         56    347 PM  74    1900  49      7       49
  MINIMUM         30   1218 AM  -5    1880  33     -3       32
  AVERAGE         43                        41      2       41

PRECIPITATION (IN)
  YESTERDAY        0.02          1.68 1992   0.13  -0.11     0.08
  MONTH TO DATE    0.69                      2.72  -2.03     3.23
  SINCE SEP 1      6.39                      8.96  -2.57    11.55
  SINCE JAN 1     36.91                     38.29  -1.38    41.48

SNOWFALL (IN)
  YESTERDAY        0.0           1.0  1941   0.0    0.0      0.0
  MONTH TO DATE    2.5                       0.3    2.2      0.1
  SINCE SEP 1      2.6                       0.7    1.9      0.1
  SINCE JUL 1      2.6                       0.7    1.9      0.1
  SNOW DEPTH       0

DEGREE DAYS
 HEATING
  YESTERDAY       22                        24     -2       24
  MONTH TO DATE  653                       429    224      467
  SINCE SEP 1   1061                       826    235      839
  SINCE JUL 1   1067                       830    237      847

 COOLING
  YESTERDAY        0                         0      0        0
  MONTH TO DATE    0                         0      0        0
  SINCE SEP 1    103                       144    -41      201
  SINCE JAN 1    900                      1065   -165     1160
..................................................................


WIND (MPH)
  HIGHEST WIND SPEED    26   HIGHEST WIND DIRECTION     S (200)
  HIGHEST GUST SPEED    32   HIGHEST GUST DIRECTION    SW (210)
  AVERAGE WIND SPEED    11.5


SKY COVER
  AVERAGE SKY COVER 1.0


WEATHER CONDITIONS
 THE FOLLOWING WEATHER WAS RECORDED YESTERDAY.
  LIGHT RAIN
  LT FREEZING RAIN


RELATIVE HUMIDITY (PERCENT)
 HIGHEST    85           800 AM
 LOWEST     47          1200 AM
 AVERAGE    66

..........................................................


THE INDIANAPOLIS IN CLIMATE NORMALS FOR TODAY
                         NORMAL    RECORD    YEAR
 MAXIMUM TEMPERATURE (F)   48        73      1999
 MINIMUM TEMPERATURE (F)   32         1      1880


SUNRISE AND SUNSET
NOVEMBER 23 2014......SUNRISE   739 AM EST   SUNSET   524 PM EST
NOVEMBER 24 2014......SUNRISE   740 AM EST   SUNSET   524 PM EST


-  INDICATES NEGATIVE NUMBERS.
R  INDICATES RECORD WAS SET OR TIED.
MM INDICATES DATA IS MISSING.
T  INDICATES TRACE AMOUNT.




$$
