000
CDUS43 KIND 290531
CLIIND


CLIMATE REPORT
NATIONAL WEATHER SERVICE INDIANAPOLIS IN
131 AM EDT FRI APR 29 2016


...................................

...THE INDIANAPOLIS IN CLIMATE SUMMARY FOR APRIL 28 2016...

CLIMATE NORMAL PERIOD 1981 TO 2010
CLIMATE RECORD PERIOD 1871 TO 2016


WEATHER ITEM   OBSERVED TIME   RECORD YEAR NORMAL DEPARTURE LAST
                VALUE   (LST)  VALUE       VALUE  FROM      YEAR
                                                  NORMAL
..................................................................
TEMPERATURE (F)
 YESTERDAY
  MAXIMUM         75    141 PM  86    1894  68      7       63
  MINIMUM         51    712 AM  28    1976  47      4       39
  AVERAGE         63                        57      6       51

PRECIPITATION (IN)
  YESTERDAY        0.69          1.71 1996   0.14   0.55     0.00
  MONTH TO DATE    4.93                      3.53   1.40     4.00
  SINCE MAR 1      9.13                      7.09   2.04     7.53
  SINCE JAN 1     12.84                     12.07   0.77    10.68

SNOWFALL (IN)
  YESTERDAY        0.0           0.0    MM   0.0    0.0      0.0
  MONTH TO DATE    T                         0.2   -0.2       T
  SINCE MAR 1      1.2                       2.8   -1.6      5.9
  SINCE JUL 1     13.3                      25.9  -12.6     25.6
  SNOW DEPTH       0

DEGREE DAYS
 HEATING
  YESTERDAY        2                         8     -6       14
  MONTH TO DATE  334                       354    -20      290
  SINCE MAR 1    816                      1061   -245     1080
  SINCE JUL 1   4269                      5204   -935     5806

 COOLING
  YESTERDAY        0                         1     -1        0
  MONTH TO DATE   18                        11      7        6
  SINCE MAR 1     18                        13      5        6
  SINCE JAN 1     18                        13      5        6
..................................................................


WIND (MPH)
  HIGHEST WIND SPEED    25   HIGHEST WIND DIRECTION    SW (210)
  HIGHEST GUST SPEED    31   HIGHEST GUST DIRECTION     S (200)
  AVERAGE WIND SPEED     9.3


SKY COVER
  AVERAGE SKY COVER 0.7


WEATHER CONDITIONS
 THE FOLLOWING WEATHER WAS RECORDED YESTERDAY.
  THUNDERSTORM
  RAIN
  LIGHT RAIN
  FOG
  HAZE


RELATIVE HUMIDITY (PERCENT)
 HIGHEST    96           600 AM
 LOWEST     57           200 PM
 AVERAGE    77

..........................................................


THE INDIANAPOLIS IN CLIMATE NORMALS FOR TODAY
                         NORMAL    RECORD    YEAR
 MAXIMUM TEMPERATURE (F)   68        86      1942
                                             1899
 MINIMUM TEMPERATURE (F)   47        31      1977
                                             1976


SUNRISE AND SUNSET
APRIL 29 2016.........SUNRISE   648 AM EDT   SUNSET   838 PM EDT
APRIL 30 2016.........SUNRISE   646 AM EDT   SUNSET   839 PM EDT


-  INDICATES NEGATIVE NUMBERS.
R  INDICATES RECORD WAS SET OR TIED.
MM INDICATES DATA IS MISSING.
T  INDICATES TRACE AMOUNT.




$$
