000
CDUS43 KIND 110031
CLIIND


CLIMATE REPORT
NATIONAL WEATHER SERVICE INDIANAPOLIS IN
731 PM EST SUN DEC 10 2017


...................................

...THE INDIANAPOLIS IN CLIMATE SUMMARY FOR DECEMBER 10 2017...
VALID AS OF 0700 PM LOCAL TIME.

CLIMATE NORMAL PERIOD 1981 TO 2010
CLIMATE RECORD PERIOD 1871 TO 2017


WEATHER ITEM   OBSERVED TIME   RECORD YEAR NORMAL DEPARTURE LAST
                VALUE   (LST)  VALUE       VALUE  FROM      YEAR
                                                  NORMAL
..................................................................
TEMPERATURE (F)
 TODAY
  MAXIMUM         38    415 PM  66    1971  40     -2       29
  MINIMUM         19    539 AM  -8    1917  26     -7       19
  AVERAGE         29                        33     -4       24

PRECIPITATION (IN)
  TODAY            0.00          1.37 1889   0.10  -0.10     0.00
  MONTH TO DATE    0.20                      1.04  -0.84     0.41
  SINCE DEC 1      0.20                      1.04  -0.84     0.41
  SINCE JAN 1     46.53                     40.31   6.22    44.83

SNOWFALL (IN)
  TODAY            0.0           2.5  1904   0.2   -0.2      0.0
  MONTH TO DATE    0.4                       1.5   -1.1       T
  SINCE DEC 1      0.4                       1.5   -1.1       T
  SINCE JUL 1      0.4                       2.6   -2.2       T
  SNOW DEPTH       T

..................................................................


WIND (MPH)
  HIGHEST WIND SPEED    24   HIGHEST WIND DIRECTION    SW (230)
  HIGHEST GUST SPEED    30   HIGHEST GUST DIRECTION    SW (220)
  AVERAGE WIND SPEED    13.3


SKY COVER
  AVERAGE SKY COVER 0.4


WEATHER CONDITIONS
 THE FOLLOWING WEATHER WAS RECORDED TODAY.
  NO SIGNIFICANT WEATHER WAS OBSERVED.


RELATIVE HUMIDITY (PERCENT)
 HIGHEST    84           600 AM
 LOWEST     48           300 PM

..........................................................


THE INDIANAPOLIS IN CLIMATE NORMALS FOR TOMORROW
                         NORMAL    RECORD    YEAR
 MAXIMUM TEMPERATURE (F)   40        66      1931
 MINIMUM TEMPERATURE (F)   25        -9      1977


SUNRISE AND SUNSET
DECEMBER 10 2017......SUNRISE   755 AM EST   SUNSET   521 PM EST
DECEMBER 11 2017......SUNRISE   756 AM EST   SUNSET   521 PM EST


-  INDICATES NEGATIVE NUMBERS.
R  INDICATES RECORD WAS SET OR TIED.
MM INDICATES DATA IS MISSING.
T  INDICATES TRACE AMOUNT.




$$
