000
CDUS43 KIND 250531
CLIIND


CLIMATE REPORT
NATIONAL WEATHER SERVICE INDIANAPOLIS IN
1231 AM EST SUN JAN 25 2015


...................................

...THE INDIANAPOLIS IN CLIMATE SUMMARY FOR JANUARY 24 2015...

CLIMATE NORMAL PERIOD 1981 TO 2010
CLIMATE RECORD PERIOD 1871 TO 2015


WEATHER ITEM   OBSERVED TIME   RECORD YEAR NORMAL DEPARTURE LAST
                VALUE   (LST)  VALUE       VALUE  FROM      YEAR
                                                  NORMAL
..................................................................
TEMPERATURE (F)
 YESTERDAY
  MAXIMUM         39    434 PM  70    1967  36      3       22
  MINIMUM         20    347 AM -16    1963  20      0       -6
  AVERAGE         30                        28      2        8

PRECIPITATION (IN)
  YESTERDAY        0.00          1.06 1929   0.08  -0.08      T
  MONTH TO DATE    1.62                      2.10  -0.48     2.28
  SINCE DEC 1      4.17                      5.27  -1.10     6.72
  SINCE JAN 1      1.62                      2.10  -0.48     2.28

SNOWFALL (IN)
  YESTERDAY        0.0           5.0  1979   0.3   -0.3      0.2
  MONTH TO DATE    2.3                       6.6   -4.3     25.1
  SINCE DEC 1      2.4                      13.5  -11.1     33.9
  SINCE JUL 1      5.1                      14.6   -9.5     34.0
  SNOW DEPTH       0

DEGREE DAYS
 HEATING
  YESTERDAY       35                        37     -2       57
  MONTH TO DATE  960                       888     72     1059
  SINCE DEC 1   1934                      1922     12     2138
  SINCE JUL 1   3213                      2964    249     3282

 COOLING
  YESTERDAY        0                         0      0        0
  MONTH TO DATE    0                         0      0        0
  SINCE DEC 1      0                         0      0        0
  SINCE JAN 1      0                         0      0        0
..................................................................


WIND (MPH)
  HIGHEST WIND SPEED    16   HIGHEST WIND DIRECTION     W (250)
  HIGHEST GUST SPEED    19   HIGHEST GUST DIRECTION     W (250)
  AVERAGE WIND SPEED     9.9


SKY COVER
  AVERAGE SKY COVER 0.5


WEATHER CONDITIONS
 THE FOLLOWING WEATHER WAS RECORDED YESTERDAY.
  FOG


RELATIVE HUMIDITY (PERCENT)
 HIGHEST    92           300 AM
 LOWEST     64           400 PM
 AVERAGE    78

..........................................................


THE INDIANAPOLIS IN CLIMATE NORMALS FOR TODAY
                         NORMAL    RECORD    YEAR
 MAXIMUM TEMPERATURE (F)   36        71      1950
 MINIMUM TEMPERATURE (F)   20       -14      1897


SUNRISE AND SUNSET
JANUARY 25 2015.......SUNRISE   759 AM EST   SUNSET   556 PM EST
JANUARY 26 2015.......SUNRISE   758 AM EST   SUNSET   557 PM EST


-  INDICATES NEGATIVE NUMBERS.
R  INDICATES RECORD WAS SET OR TIED.
MM INDICATES DATA IS MISSING.
T  INDICATES TRACE AMOUNT.




$$
