000
CDUS43 KIND 250532
CLIIND


CLIMATE REPORT
NATIONAL WEATHER SERVICE INDIANAPOLIS IN
131 AM EDT WED MAY 25 2016


...................................

...THE INDIANAPOLIS IN CLIMATE SUMMARY FOR MAY 24 2016...

CLIMATE NORMAL PERIOD 1981 TO 2010
CLIMATE RECORD PERIOD 1871 TO 2016


WEATHER ITEM   OBSERVED TIME   RECORD YEAR NORMAL DEPARTURE LAST
                VALUE   (LST)  VALUE       VALUE  FROM      YEAR
                                                  NORMAL
..................................................................
TEMPERATURE (F)
 YESTERDAY
  MAXIMUM         82    530 PM  90    1965  75      7       85
                                      1921
  MINIMUM         54    537 AM  37    1925  55     -1       59
  AVERAGE         68                        65      3       72

PRECIPITATION (IN)
  YESTERDAY        0.00          1.55 1981   0.17  -0.17     0.00
  MONTH TO DATE    3.51                      3.95  -0.44     0.94
  SINCE MAR 1     13.57                     11.32   2.25     8.47
  SINCE JAN 1     17.28                     16.30   0.98    11.62

SNOWFALL (IN)
  YESTERDAY        0.0           0.0    MM   0.0    0.0      0.0
  MONTH TO DATE    T                         0.0    0.0      0.0
  SINCE MAR 1      1.2                       2.8   -1.6      5.9
  SINCE JUL 1     13.3                      25.9  -12.6     25.6
  SNOW DEPTH       0

DEGREE DAYS
 HEATING
  YESTERDAY        0                         3     -3        0
  MONTH TO DATE  159                       124     35       75
  SINCE MAR 1    991                      1203   -212     1178
  SINCE JUL 1   4444                      5346   -902     5904

 COOLING
  YESTERDAY        3                         3      0        7
  MONTH TO DATE   13                        43    -30       92
  SINCE MAR 1     31                        58    -27       98
  SINCE JAN 1     31                        58    -27       98
..................................................................


WIND (MPH)
  HIGHEST WIND SPEED    17   HIGHEST WIND DIRECTION    SW (220)
  HIGHEST GUST SPEED    21   HIGHEST GUST DIRECTION    SW (220)
  AVERAGE WIND SPEED     6.9


SKY COVER
  AVERAGE SKY COVER 0.5


WEATHER CONDITIONS
 THE FOLLOWING WEATHER WAS RECORDED YESTERDAY.
  HAZE


RELATIVE HUMIDITY (PERCENT)
 HIGHEST    72           600 AM
 LOWEST     37           300 PM
 AVERAGE    55

..........................................................


THE INDIANAPOLIS IN CLIMATE NORMALS FOR TODAY
                         NORMAL    RECORD    YEAR
 MAXIMUM TEMPERATURE (F)   76        93      1965
 MINIMUM TEMPERATURE (F)   56        34      1925


SUNRISE AND SUNSET
MAY 25 2016...........SUNRISE   623 AM EDT   SUNSET   902 PM EDT
MAY 26 2016...........SUNRISE   622 AM EDT   SUNSET   903 PM EDT


-  INDICATES NEGATIVE NUMBERS.
R  INDICATES RECORD WAS SET OR TIED.
MM INDICATES DATA IS MISSING.
T  INDICATES TRACE AMOUNT.




$$
