000
CDUS43 KIND 280535
CLIIND


CLIMATE REPORT
NATIONAL WEATHER SERVICE INDIANAPOLIS IN
1234 AM EST FRI NOV 28 2014


...................................

...THE INDIANAPOLIS IN CLIMATE SUMMARY FOR NOVEMBER 27 2014...

CLIMATE NORMAL PERIOD 1981 TO 2010
CLIMATE RECORD PERIOD 1871 TO 2014


WEATHER ITEM   OBSERVED TIME   RECORD YEAR NORMAL DEPARTURE LAST
                VALUE   (LST)  VALUE       VALUE  FROM      YEAR
                                                  NORMAL
..................................................................
TEMPERATURE (F)
 YESTERDAY
  MAXIMUM         31    157 PM  70    1990  46    -15       29
  MINIMUM         24   1159 PM   1    1930  31     -7       17
  AVERAGE         28                        38    -10       23

PRECIPITATION (IN)
  YESTERDAY        T             2.03 1878   0.12  -0.12      T
  MONTH TO DATE    2.78                      3.34  -0.56     3.23
  SINCE SEP 1      8.48                      9.58  -1.10    11.55
  SINCE JAN 1     39.00                     38.91   0.09    41.48

SNOWFALL (IN)
  YESTERDAY        0.1           2.9  1954   0.0    0.1       T
  MONTH TO DATE    2.6                       0.5    2.1      0.1
  SINCE SEP 1      2.7                       0.9    1.8      0.1
  SINCE JUL 1      2.7                       0.9    1.8      0.1
  SNOW DEPTH       0

DEGREE DAYS
 HEATING
  YESTERDAY       37                        27     10       42
  MONTH TO DATE  793                       558    235      663
  SINCE SEP 1   1201                       955    246     1035
  SINCE JUL 1   1207                       959    248     1043

 COOLING
  YESTERDAY        0                         0      0        0
  MONTH TO DATE    0                         0      0        0
  SINCE SEP 1    103                       144    -41      201
  SINCE JAN 1    900                      1065   -165     1160
..................................................................


WIND (MPH)
  HIGHEST WIND SPEED    22   HIGHEST WIND DIRECTION     W (290)
  HIGHEST GUST SPEED    26   HIGHEST GUST DIRECTION    NW (300)
  AVERAGE WIND SPEED    11.1


SKY COVER
  AVERAGE SKY COVER 1.0


WEATHER CONDITIONS
 THE FOLLOWING WEATHER WAS RECORDED YESTERDAY.
  LIGHT SNOW
  FOG
  HAZE


RELATIVE HUMIDITY (PERCENT)
 HIGHEST    81           600 AM
 LOWEST     63           200 PM
 AVERAGE    72

..........................................................


THE INDIANAPOLIS IN CLIMATE NORMALS FOR TODAY
                         NORMAL    RECORD    YEAR
 MAXIMUM TEMPERATURE (F)   46        69      1909
 MINIMUM TEMPERATURE (F)   30         2      1930


SUNRISE AND SUNSET
NOVEMBER 28 2014......SUNRISE   744 AM EST   SUNSET   522 PM EST
NOVEMBER 29 2014......SUNRISE   745 AM EST   SUNSET   522 PM EST


-  INDICATES NEGATIVE NUMBERS.
R  INDICATES RECORD WAS SET OR TIED.
MM INDICATES DATA IS MISSING.
T  INDICATES TRACE AMOUNT.




$$
