000
CDUS43 KDLH 220701
CLIINL


CLIMATE REPORT
NATIONAL WEATHER SERVICE DULUTH MN
157 AM CDT SAT JUL 22 2017


...................................

...THE INTERNATIONAL FALLS MN CLIMATE SUMMARY FOR JULY 21 2017...

CLIMATE NORMAL PERIOD 1981 TO 2010
CLIMATE RECORD PERIOD 1895 TO 2017


WEATHER ITEM   OBSERVED TIME   RECORD YEAR NORMAL DEPARTURE LAST
                VALUE   (LST)  VALUE       VALUE  FROM      YEAR
                                                  NORMAL
..................................................................
TEMPERATURE (F)
 YESTERDAY
  MAXIMUM         79    114 PM  96    1923  78      1       84
                                      1906
  MINIMUM         51    152 AM  41    2013  53     -2       64
                                      1947
  AVERAGE         65                        66     -1       74

PRECIPITATION (IN)
  YESTERDAY        0.09          1.11 1945   0.11  -0.02     0.10
  MONTH TO DATE    2.19                      2.69  -0.50     2.42
  SINCE JUN 1      5.98                      6.61  -0.63     9.34
  SINCE JAN 1     12.60                     13.14  -0.54    17.14

SNOWFALL (IN)
  YESTERDAY        0.0           0.0  2002   0.0    0.0      0.0
                                      2001
  MONTH TO DATE    0.0                       0.0    0.0      0.0
  SINCE JUN 1      0.0                       0.0    0.0      0.0
  SINCE JUL 1      0.0                       0.0    0.0      0.0
  SNOW DEPTH       0

DEGREE DAYS
 HEATING
  YESTERDAY        0                         2     -2        0
  MONTH TO DATE   65                        49     16       40
  SINCE JUN 1    189                       213    -24      207
  SINCE JUL 1     65                        49     16       40

 COOLING
  YESTERDAY        0                         2     -2        9
  MONTH TO DATE   24                        53    -29       46
  SINCE JUN 1     36                        91    -55       65
  SINCE JAN 1     36                       100    -64       67
..................................................................


WIND (MPH)
  HIGHEST WIND SPEED    15   HIGHEST WIND DIRECTION    SE (140)
  HIGHEST GUST SPEED    19   HIGHEST GUST DIRECTION    SE (140)
  AVERAGE WIND SPEED     4.2


SKY COVER
  AVERAGE SKY COVER 0.1


WEATHER CONDITIONS
 THE FOLLOWING WEATHER WAS RECORDED YESTERDAY.
  THUNDERSTORM
  HEAVY RAIN
  LIGHT RAIN
  FOG


RELATIVE HUMIDITY (PERCENT)
 HIGHEST    97           900 PM
 LOWEST     52           100 PM
 AVERAGE    75

..........................................................


THE INTERNATIONAL FALLS MN CLIMATE NORMALS FOR TODAY
                         NORMAL    RECORD    YEAR
 MAXIMUM TEMPERATURE (F)   78       103      1923
 MINIMUM TEMPERATURE (F)   53        40      1985


SUNRISE AND SUNSET
JULY 22 2017..........SUNRISE   536 AM CDT   SUNSET   904 PM CDT
JULY 23 2017..........SUNRISE   537 AM CDT   SUNSET   903 PM CDT


-  INDICATES NEGATIVE NUMBERS.
R  INDICATES RECORD WAS SET OR TIED.
MM INDICATES DATA IS MISSING.
T  INDICATES TRACE AMOUNT.




$$
