000
CDUS45 KFGZ 250841
CLIINW
CLIMATE REPORT
NATIONAL WEATHER SERVICE FLAGSTAFF, AZ
139 AM MST SAT OCT 25 2014


...................................

...THE WINSLOW AZ AIRPORT CLIMATE SUMMARY FOR OCTOBER 24 2014...

CLIMATE NORMAL PERIOD 1981 TO 2010
CLIMATE RECORD PERIOD 1898 TO 2014


WEATHER ITEM   OBSERVED TIME   RECORD YEAR NORMAL DEPARTURE LAST
                VALUE   (LST)  VALUE       VALUE  FROM      YEAR
                                                  NORMAL
..................................................................
TEMPERATURE (F)
 YESTERDAY
  MAXIMUM         84R   338 PM  83    2011  70     14       71
                                      1915
  MINIMUM         40    612 AM  16    1980  36      4       40
  AVERAGE         62                        53      9       56

PRECIPITATION (IN)
  YESTERDAY        0.00          0.36 1921   0.02  -0.02      T
  MONTH TO DATE    0.39                      0.42  -0.03     0.25
  SINCE SEP 1      1.73                      1.30   0.43     1.18
  SINCE JAN 1      5.91                      5.83   0.08     6.88

DEGREE DAYS
 HEATING
  YESTERDAY        3                        12     -9        9
  MONTH TO DATE  102                       182    -80      281
  SINCE JUL 1    115                       213    -98      314

 COOLING
  YESTERDAY        0                         0      0        0
  MONTH TO DATE    1                         6     -5        0
  SINCE JAN 1   1327                      1207    120     1380
..................................................................


WIND (MPH)
  HIGHEST WIND SPEED    14   HIGHEST WIND DIRECTION     E (110)
  HIGHEST GUST SPEED    17   HIGHEST GUST DIRECTION     E (110)
  AVERAGE WIND SPEED     5.2


SKY COVER
  POSSIBLE SUNSHINE  MM
  AVERAGE SKY COVER 0.0


WEATHER CONDITIONS
 THE FOLLOWING WEATHER WAS RECORDED YESTERDAY.
  NO SIGNIFICANT WEATHER WAS OBSERVED.


RELATIVE HUMIDITY (PERCENT)
 HIGHEST    82           500 AM
 LOWEST     17           300 PM
 AVERAGE    50

..........................................................


THE WINSLOW AZ AIRPORT CLIMATE NORMALS FOR TODAY
                         NORMAL    RECORD    YEAR
 MAXIMUM TEMPERATURE (F)   70        85      1959
 MINIMUM TEMPERATURE (F)   36        19      1975


SUNRISE AND SUNSET
OCTOBER 25 2014.......SUNRISE   638 AM MST   SUNSET   536 PM MST
OCTOBER 26 2014.......SUNRISE   638 AM MST   SUNSET   535 PM MST


-  INDICATES NEGATIVE NUMBERS.
R  INDICATES RECORD WAS SET OR TIED.
MM INDICATES DATA IS MISSING.
T  INDICATES TRACE AMOUNT.




$$
