000
CDUS45 KFGZ 010059
CLIINW
CLIMATE REPORT
NATIONAL WEATHER SERVICE FLAGSTAFF, AZ
557 PM MST TUE JUN 30 2015


...................................

...THE WINSLOW AZ AIRPORT CLIMATE SUMMARY FOR JUNE 30 2015...
VALID TODAY AS OF 0500 PM LOCAL TIME.

CLIMATE NORMAL PERIOD 1981 TO 2010
CLIMATE RECORD PERIOD 1915 TO 2015


WEATHER ITEM   OBSERVED TIME   RECORD YEAR NORMAL DEPARTURE LAST
                VALUE   (LST)  VALUE       VALUE  FROM      YEAR
                                                  NORMAL
..................................................................
TEMPERATURE (F)
 TODAY
  MAXIMUM        103    333 PM 105    2013  95      8      101
  MINIMUM         65    527 AM  44    2004  59      6       64
  AVERAGE         84                        77      7       83

PRECIPITATION (IN)
  TODAY            0.00          0.48 1981   0.01  -0.01     0.00
  MONTH TO DATE    0.90                      0.18   0.72     0.00
  SINCE SEP 1      7.16                      4.77   2.39     4.99
  SINCE JAN 1      4.31                      2.29   2.02     1.18

DEGREE DAYS
 HEATING
  TODAY            0                         0      0        0
  MONTH TO DATE    1                         8     -7        0
  SINCE JUL 1   3829                      4497   -668     4298

 COOLING
  TODAY           19                        12      7       18
  MONTH TO DATE  334                       241     93      286
  SINCE JAN 1    353                       308     45      337
..................................................................


WIND (MPH)
  HIGHEST WIND SPEED    17   HIGHEST WIND DIRECTION     N (350)
  HIGHEST GUST SPEED    24   HIGHEST GUST DIRECTION     N (20)
  AVERAGE WIND SPEED     5.4


SKY COVER
  POSSIBLE SUNSHINE  MM
  AVERAGE SKY COVER 0.0


WEATHER CONDITIONS
 THE FOLLOWING WEATHER WAS RECORDED TODAY.
  THUNDERSTORM


RELATIVE HUMIDITY (PERCENT)
 HIGHEST    58           600 AM
 LOWEST     14           300 PM
 AVERAGE    36

..........................................................


THE WINSLOW AZ AIRPORT CLIMATE NORMALS FOR TOMORROW
                         NORMAL    RECORD    YEAR
 MAXIMUM TEMPERATURE (F)   95       104      2007
 MINIMUM TEMPERATURE (F)   59        42      1928


SUNRISE AND SUNSET
JUNE 30 2015..........SUNRISE   512 AM MST   SUNSET   741 PM MST
JULY  1 2015..........SUNRISE   513 AM MST   SUNSET   741 PM MST


-  INDICATES NEGATIVE NUMBERS.
R  INDICATES RECORD WAS SET OR TIED.
MM INDICATES DATA IS MISSING.
T  INDICATES TRACE AMOUNT.




$$
