000
CDUS45 KFGZ 270801
CLIINW
CLIMATE REPORT
NATIONAL WEATHER SERVICE FLAGSTAFF, AZ
101 AM MST THU AUG 27 2015


...................................

...THE WINSLOW AZ AIRPORT CLIMATE SUMMARY FOR AUGUST 26 2015...

CLIMATE NORMAL PERIOD 1981 TO 2010
CLIMATE RECORD PERIOD 1915 TO 2015


WEATHER ITEM   OBSERVED TIME   RECORD YEAR NORMAL DEPARTURE LAST
                VALUE   (LST)  VALUE       VALUE  FROM      YEAR
                                                  NORMAL
..................................................................
TEMPERATURE (F)
 YESTERDAY
  MAXIMUM         90    412 PM 100    1931  90      0       84
  MINIMUM         62    612 AM  50    2002  59      3       59
  AVERAGE         76                        75      1       72

PRECIPITATION (IN)
  YESTERDAY        0.05          1.10 1947   0.03   0.02     0.28
  MONTH TO DATE    2.57                      1.01   1.56     2.47
  SINCE SEP 1     11.06                      6.82   4.24     7.78
  SINCE JAN 1      8.21                      4.34   3.87     3.97

DEGREE DAYS
 HEATING
  YESTERDAY        0                         0      0        0
  MONTH TO DATE    0                         0      0        0
  SINCE JUL 1      0                         0      0        0

 COOLING
  YESTERDAY       11                        10      1        7
  MONTH TO DATE  337                       295     42      260
  SINCE JAN 1   1057                      1012     45     1079
..................................................................


WIND (MPH)
  HIGHEST WIND SPEED    33   HIGHEST WIND DIRECTION    NW (320)
  HIGHEST GUST SPEED    42   HIGHEST GUST DIRECTION    NW (320)
  AVERAGE WIND SPEED     7.7


SKY COVER
  POSSIBLE SUNSHINE  MM
  AVERAGE SKY COVER 0.5


WEATHER CONDITIONS
 THE FOLLOWING WEATHER WAS RECORDED YESTERDAY.
  THUNDERSTORM
  LIGHT RAIN


RELATIVE HUMIDITY (PERCENT)
 HIGHEST    93           500 AM
 LOWEST     31           400 PM
 AVERAGE    62

..........................................................


THE WINSLOW AZ AIRPORT CLIMATE NORMALS FOR TODAY
                         NORMAL    RECORD    YEAR
 MAXIMUM TEMPERATURE (F)   90        99      2001
 MINIMUM TEMPERATURE (F)   59        45      1978


SUNRISE AND SUNSET
AUGUST 27 2015........SUNRISE   552 AM MST   SUNSET   657 PM MST
AUGUST 28 2015........SUNRISE   553 AM MST   SUNSET   655 PM MST


-  INDICATES NEGATIVE NUMBERS.
R  INDICATES RECORD WAS SET OR TIED.
MM INDICATES DATA IS MISSING.
T  INDICATES TRACE AMOUNT.




$$
