000
CDUS45 KFGZ 250847
CLIINW
CLIMATE REPORT
NATIONAL WEATHER SERVICE FLAGSTAFF, AZ
147 AM MST MON SEP 25 2017


...................................

...THE WINSLOW AZ AIRPORT CLIMATE SUMMARY FOR SEPTEMBER 24 2017...

CLIMATE NORMAL PERIOD 1981 TO 2010
CLIMATE RECORD PERIOD 1915 TO 2017


WEATHER ITEM   OBSERVED TIME   RECORD YEAR NORMAL DEPARTURE LAST
                VALUE   (LST)  VALUE       VALUE  FROM      YEAR
                                                  NORMAL
..................................................................
TEMPERATURE (F)
 YESTERDAY
  MAXIMUM         71    332 PM  91    2014  82    -11       74
                                      1982
                                      1922
  MINIMUM         36R   634 AM  36    2017  49    -13       38
                                      1968
  AVERAGE         54                        66    -12       56

PRECIPITATION (IN)
  YESTERDAY        0.00          0.40 1935   0.03  -0.03     0.00
  MONTH TO DATE    0.21                      0.74  -0.53     0.25
  SINCE SEP 1      0.21                      0.74  -0.53     0.25
  SINCE JAN 1      4.24                      5.27  -1.03     3.87

DEGREE DAYS
 HEATING
  YESTERDAY       11                         2      9        9
  MONTH TO DATE   19                        13      6       16
  SINCE JUL 1     19                        13      6       16

 COOLING
  YESTERDAY        0                         2     -2        0
  MONTH TO DATE  179                       133     46      123
  SINCE JAN 1   1429                      1191    238     1269
..................................................................


WIND (MPH)
  HIGHEST WIND SPEED    16   HIGHEST WIND DIRECTION    NW (320)
  HIGHEST GUST SPEED    23   HIGHEST GUST DIRECTION     N (350)
  AVERAGE WIND SPEED     6.1


SKY COVER
  POSSIBLE SUNSHINE  MM
  AVERAGE SKY COVER 0.0


WEATHER CONDITIONS
 THE FOLLOWING WEATHER WAS RECORDED YESTERDAY.
  NO SIGNIFICANT WEATHER WAS OBSERVED.


RELATIVE HUMIDITY (PERCENT)
 HIGHEST    52           500 AM
 LOWEST      9           700 PM
 AVERAGE    31

..........................................................


THE WINSLOW AZ AIRPORT CLIMATE NORMALS FOR TODAY
                         NORMAL    RECORD    YEAR
 MAXIMUM TEMPERATURE (F)   82        93      1982
                                             1953
 MINIMUM TEMPERATURE (F)   48        36      2000


SUNRISE AND SUNSET
SEPTEMBER 25 2017.....SUNRISE   613 AM MST   SUNSET   615 PM MST
SEPTEMBER 26 2017.....SUNRISE   614 AM MST   SUNSET   613 PM MST


-  INDICATES NEGATIVE NUMBERS.
R  INDICATES RECORD WAS SET OR TIED.
MM INDICATES DATA IS MISSING.
T  INDICATES TRACE AMOUNT.




$$
