717
CDUS45 KFGZ 210755
CLIINW
CLIMATE REPORT
NATIONAL WEATHER SERVICE FLAGSTAFF, AZ
1254 AM MST TUE NOV 21 2017


...................................

...THE WINSLOW AZ AIRPORT CLIMATE SUMMARY FOR NOVEMBER 20 2017...

CLIMATE NORMAL PERIOD 1981 TO 2010
CLIMATE RECORD PERIOD 1915 TO 2017


WEATHER ITEM   OBSERVED TIME   RECORD YEAR NORMAL DEPARTURE LAST
                VALUE   (LST)  VALUE       VALUE  FROM      YEAR
                                                  NORMAL
..................................................................
TEMPERATURE (F)
 YESTERDAY
  MAXIMUM         63    324 PM  75    1920  58      5       57
  MINIMUM         18    431 AM  10    1956  26     -8       35
  AVERAGE         41                        42     -1       46

PRECIPITATION (IN)
  YESTERDAY        0.00          0.75 1919   0.02  -0.02     0.00
  MONTH TO DATE    0.00                      0.34  -0.34     0.86
  SINCE SEP 1      0.22                      1.75  -1.53     1.84
  SINCE JAN 1      4.25                      6.28  -2.03     5.46

DEGREE DAYS
 HEATING
  YESTERDAY       24                        23      1       19
  MONTH TO DATE  254                       378   -124      290
  SINCE JUL 1    532                       684   -152      429

 COOLING
  YESTERDAY        0                         0      0        0
  MONTH TO DATE    0                         0      0        0
  SINCE JAN 1   1443                      1208    235     1278
..................................................................


WIND (MPH)
  HIGHEST WIND SPEED    10   HIGHEST WIND DIRECTION     E (110)
  HIGHEST GUST SPEED    12   HIGHEST GUST DIRECTION    SE (130)
  AVERAGE WIND SPEED     3.4


SKY COVER
  POSSIBLE SUNSHINE  MM
  AVERAGE SKY COVER 0.0


WEATHER CONDITIONS
 THE FOLLOWING WEATHER WAS RECORDED YESTERDAY.
  NO SIGNIFICANT WEATHER WAS OBSERVED.


RELATIVE HUMIDITY (PERCENT)
 HIGHEST    43           400 AM
 LOWEST     12           200 PM
 AVERAGE    28

..........................................................


THE WINSLOW AZ AIRPORT CLIMATE NORMALS FOR TODAY
                         NORMAL    RECORD    YEAR
 MAXIMUM TEMPERATURE (F)   57        74      1927
 MINIMUM TEMPERATURE (F)   26         7      1956


SUNRISE AND SUNSET
NOVEMBER 21 2017......SUNRISE   704 AM MST   SUNSET   514 PM MST
NOVEMBER 22 2017......SUNRISE   705 AM MST   SUNSET   514 PM MST


-  INDICATES NEGATIVE NUMBERS.
R  INDICATES RECORD WAS SET OR TIED.
MM INDICATES DATA IS MISSING.
T  INDICATES TRACE AMOUNT.




$$
