000
CDUS43 KDVN 261011
CLIIOW


CLIMATE REPORT
NATIONAL WEATHER SERVICE QUAD CITIES IA IL
407 AM CST MON JAN 26 2015


...................................

...THE IOWA CITY IA CLIMATE SUMMARY FOR JANUARY 25 2015...

CLIMATE NORMAL PERIOD 1981 TO 2010
CLIMATE RECORD PERIOD 9999 TO 9999


WEATHER ITEM   OBSERVED TIME   RECORD YEAR NORMAL DEPARTURE LAST
                VALUE   (LST)  VALUE       VALUE  FROM      YEAR
                                                  NORMAL
..................................................................
TEMPERATURE (F)
 YESTERDAY
  MAXIMUM         36    459 AM  MM      MM  30      6       37
  MINIMUM         18   1149 PM  MM      MM  15      3       10
  AVERAGE         27                        22      5       24

PRECIPITATION (IN)
  YESTERDAY        0.23         MM      MM   0.05   0.18      T
  MONTH TO DATE    0.49                      0.61  -0.12     0.33
  SINCE DEC 1      1.55                      2.13  -0.58     1.01
  SINCE JAN 1      0.49                      0.61  -0.12     0.33

DEGREE DAYS
 HEATING
  YESTERDAY       38                        43     -5       41
  MONTH TO DATE 1108                      1075     33     1251
  SINCE DEC 1   2172                      2307   -135     2673
  SINCE JUL 1   3732                      3614    118     4041

 COOLING
  YESTERDAY        0                         0      0        0
  MONTH TO DATE    0                         0      0        0
  SINCE DEC 1      0                         0      0        0
  SINCE JAN 1      0                         0      0        0
..................................................................


WIND (MPH)
  HIGHEST WIND SPEED    25   HIGHEST WIND DIRECTION    NE (50)
  HIGHEST GUST SPEED    34   HIGHEST GUST DIRECTION    NE (50)
  AVERAGE WIND SPEED     9.6


SKY COVER
  POSSIBLE SUNSHINE  MM
  AVERAGE SKY COVER 0.9


WEATHER CONDITIONS
 THE FOLLOWING WEATHER WAS RECORDED YESTERDAY.
  LIGHT RAIN
  SNOW
  LIGHT SNOW
  FOG


RELATIVE HUMIDITY (PERCENT)
 HIGHEST    92           400 AM
 LOWEST     74           800 PM
 AVERAGE    83

..........................................................


THE IOWA CITY IA CLIMATE NORMALS FOR TODAY
                         NORMAL    RECORD    YEAR
 MAXIMUM TEMPERATURE (F)   31        MM        MM
 MINIMUM TEMPERATURE (F)   15        MM        MM


SUNRISE AND SUNSET
JANUARY 26 2015.......SUNRISE   724 AM CST   SUNSET   514 PM CST
JANUARY 27 2015.......SUNRISE   723 AM CST   SUNSET   515 PM CST


-  INDICATES NEGATIVE NUMBERS.
R  INDICATES RECORD WAS SET OR TIED.
MM INDICATES DATA IS MISSING.
T  INDICATES TRACE AMOUNT.




$$
