000
CDUS43 KDVN 300936
CLIIOW


CLIMATE REPORT
NATIONAL WEATHER SERVICE QUAD CITIES IA IL
435 AM CDT THU MAR 30 2017


...................................

...THE IOWA CITY IA CLIMATE SUMMARY FOR MARCH 29 2017...

CLIMATE NORMAL PERIOD 1981 TO 2010
CLIMATE RECORD PERIOD 9999 TO 9999


WEATHER ITEM   OBSERVED TIME   RECORD YEAR NORMAL DEPARTURE LAST
                VALUE   (LST)  VALUE       VALUE  FROM      YEAR
                                                  NORMAL
..................................................................
TEMPERATURE (F)
 YESTERDAY
  MAXIMUM         48    143 PM  MM      MM  55     -7       62
  MINIMUM         41   1258 AM  MM      MM  34      7       31
  AVERAGE         45                        45      0       47

PRECIPITATION (IN)
  YESTERDAY        0.75         MM      MM   0.08   0.67     0.00
  MONTH TO DATE    2.53                      2.08   0.45     2.02
  SINCE MAR 1      2.53                      2.08   0.45     2.02
  SINCE JAN 1      4.93                      4.24   0.69     2.77

DEGREE DAYS
 HEATING
  YESTERDAY       20                        20      0       18
  MONTH TO DATE  704                       778    -74      626
  SINCE MAR 1    704                       778    -74      626
  SINCE JUL 1   4599                      5728  -1129     4837

 COOLING
  YESTERDAY        0                         0      0        0
  MONTH TO DATE    0                         0      0        0
  SINCE MAR 1      0                         0      0        0
  SINCE JAN 1      0                         0      0        0
..................................................................


WIND (MPH)
  HIGHEST WIND SPEED    24   HIGHEST WIND DIRECTION     E (70)
  HIGHEST GUST SPEED    33   HIGHEST GUST DIRECTION     E (80)
  AVERAGE WIND SPEED    13.4


SKY COVER
  POSSIBLE SUNSHINE  MM
  AVERAGE SKY COVER 0.9


WEATHER CONDITIONS
 THE FOLLOWING WEATHER WAS RECORDED YESTERDAY.
  THUNDERSTORM
  HEAVY RAIN
  RAIN
  LIGHT RAIN
  FOG


RELATIVE HUMIDITY (PERCENT)
 HIGHEST    89           200 AM
 LOWEST     82          1200 AM
 AVERAGE    86

..........................................................


THE IOWA CITY IA CLIMATE NORMALS FOR TODAY
                         NORMAL    RECORD    YEAR
 MAXIMUM TEMPERATURE (F)   56        MM        MM
 MINIMUM TEMPERATURE (F)   35        MM        MM


SUNRISE AND SUNSET
MARCH 30 2017.........SUNRISE   652 AM CDT   SUNSET   730 PM CDT
MARCH 31 2017.........SUNRISE   650 AM CDT   SUNSET   731 PM CDT


-  INDICATES NEGATIVE NUMBERS.
R  INDICATES RECORD WAS SET OR TIED.
MM INDICATES DATA IS MISSING.
T  INDICATES TRACE AMOUNT.




$$
