000
CDUS43 KDVN 270911
CLIIOW


CLIMATE REPORT
NATIONAL WEATHER SERVICE QUAD CITIES IA IL
411 AM CDT WED JUL 27 2016


...................................

...THE IOWA CITY IA CLIMATE SUMMARY FOR JULY 26 2016...

CLIMATE NORMAL PERIOD 1981 TO 2010
CLIMATE RECORD PERIOD 9999 TO 9999


WEATHER ITEM   OBSERVED TIME   RECORD YEAR NORMAL DEPARTURE LAST
                VALUE   (LST)  VALUE       VALUE  FROM      YEAR
                                                  NORMAL
..................................................................
TEMPERATURE (F)
 YESTERDAY
  MAXIMUM         86    500 PM  MM      MM  84      2       84
  MINIMUM         65    518 AM  MM      MM  65      0       73
  AVERAGE         76                        75      1       79

PRECIPITATION (IN)
  YESTERDAY        0.00         MM      MM   0.11  -0.11     0.03
  MONTH TO DATE    3.34                      4.34  -1.00     1.55
  SINCE JUN 1     10.00                      8.95   1.05     7.43
  SINCE JAN 1     18.61                     21.04  -2.43    17.28

DEGREE DAYS
 HEATING
  YESTERDAY        0                         0      0        0
  MONTH TO DATE    2                         0      2        2
  SINCE JUN 1      4                        17    -13        9
  SINCE JUL 1      2                         0      2        2

 COOLING
  YESTERDAY       11                        10      1       14
  MONTH TO DATE  254                       260     -6      225
  SINCE JUN 1    542                       471     71      425
  SINCE JAN 1    614                       532     82      488
..................................................................


WIND (MPH)
  HIGHEST WIND SPEED    10   HIGHEST WIND DIRECTION     E (80)
  HIGHEST GUST SPEED    13   HIGHEST GUST DIRECTION     E (80)
  AVERAGE WIND SPEED     2.7


SKY COVER
  POSSIBLE SUNSHINE  MM
  AVERAGE SKY COVER 0.2


WEATHER CONDITIONS
 THE FOLLOWING WEATHER WAS RECORDED YESTERDAY.
  NO SIGNIFICANT WEATHER WAS OBSERVED.


RELATIVE HUMIDITY (PERCENT)
 HIGHEST   100           500 AM
 LOWEST     48           500 PM
 AVERAGE    74

..........................................................


THE IOWA CITY IA CLIMATE NORMALS FOR TODAY
                         NORMAL    RECORD    YEAR
 MAXIMUM TEMPERATURE (F)   84        MM        MM
 MINIMUM TEMPERATURE (F)   65        MM        MM


SUNRISE AND SUNSET
JULY 27 2016..........SUNRISE   556 AM CDT   SUNSET   829 PM CDT
JULY 28 2016..........SUNRISE   557 AM CDT   SUNSET   828 PM CDT


-  INDICATES NEGATIVE NUMBERS.
R  INDICATES RECORD WAS SET OR TIED.
MM INDICATES DATA IS MISSING.
T  INDICATES TRACE AMOUNT.




$$
