005
CDUS41 KCTP 300610
CLIIPT


CLIMATE REPORT
NATIONAL WEATHER SERVICE STATE COLLEGE PA
208 AM EDT TUE AUG 30 2016


...................................

...THE WILLIAMSPORT PA CLIMATE SUMMARY FOR AUGUST 29 2016...

CLIMATE NORMAL PERIOD 1981 TO 2010
CLIMATE RECORD PERIOD 1895 TO 2016


WEATHER ITEM   OBSERVED TIME   RECORD YEAR NORMAL DEPARTURE LAST
                VALUE   (LST)  VALUE       VALUE  FROM      YEAR
                                                  NORMAL
..................................................................
TEMPERATURE (F)
 YESTERDAY
  MAXIMUM         87    359 PM  97    1953  79      8       83
  MINIMUM         65   1159 PM  39    1982  59      6       54
  AVERAGE         76                        69      7       69

PRECIPITATION (IN)
  YESTERDAY        0.00          4.32 1988   0.12  -0.12     0.00
  MONTH TO DATE    4.52                      3.61   0.91     3.88
  SINCE JUN 1     12.08                     11.87   0.21    15.62
  SINCE JAN 1     23.42                     26.78  -3.36    28.04

DEGREE DAYS
 HEATING
  YESTERDAY        0                         1     -1        0
  MONTH TO DATE    0                         5     -5        0
  SINCE JUN 1      9                        46    -37       23
  SINCE JUL 1      0                         9     -9        2

 COOLING
  YESTERDAY       11                         5      6        4
  MONTH TO DATE  339                       192    147      207
  SINCE JUN 1    887                       582    305      635
  SINCE JAN 1    960                       625    335      763
..................................................................


WIND (MPH)
  HIGHEST WIND SPEED    12   HIGHEST WIND DIRECTION     N (340)
  HIGHEST GUST SPEED    19   HIGHEST GUST DIRECTION    NW (330)
  AVERAGE WIND SPEED     4.6


SKY COVER
  POSSIBLE SUNSHINE  MM
  AVERAGE SKY COVER 0.2


WEATHER CONDITIONS
 THE FOLLOWING WEATHER WAS RECORDED YESTERDAY.
  NO SIGNIFICANT WEATHER WAS OBSERVED.


RELATIVE HUMIDITY (PERCENT)
 HIGHEST    90           300 AM
 LOWEST     37           200 PM
 AVERAGE    64

..........................................................


THE WILLIAMSPORT PA CLIMATE NORMALS FOR TODAY
                         NORMAL    RECORD    YEAR
 MAXIMUM TEMPERATURE (F)   79        98      1953
 MINIMUM TEMPERATURE (F)   59        38      1965


SUNRISE AND SUNSET
AUGUST 30 2016........SUNRISE   633 AM EDT   SUNSET   743 PM EDT
AUGUST 31 2016........SUNRISE   634 AM EDT   SUNSET   741 PM EDT


-  INDICATES NEGATIVE NUMBERS.
R  INDICATES RECORD WAS SET OR TIED.
MM INDICATES DATA IS MISSING.
T  INDICATES TRACE AMOUNT.




$$
