000
CDUS41 KCTP 270625
CLIIPT


CLIMATE REPORT
NATIONAL WEATHER SERVICE STATE COLLEGE PA
224 AM EDT WED MAY 27 2015


...................................

...THE WILLIAMSPORT PA CLIMATE SUMMARY FOR MAY 26 2015...

CLIMATE NORMAL PERIOD 1981 TO 2010
CLIMATE RECORD PERIOD 1895 TO 2015


WEATHER ITEM   OBSERVED TIME   RECORD YEAR NORMAL DEPARTURE LAST
                VALUE   (LST)  VALUE       VALUE  FROM      YEAR
                                                  NORMAL
..................................................................
TEMPERATURE (F)
 YESTERDAY
  MAXIMUM         82    137 PM  93    1914  74      8       86
  MINIMUM         66    505 AM  35    1925  51     15       49
  AVERAGE         74                        63     11       68

PRECIPITATION (IN)
  YESTERDAY        0.32          1.52 1943   0.12   0.20     0.00
  MONTH TO DATE    1.98                      3.06  -1.08     4.90
  SINCE MAR 1      8.54                      9.27  -0.73    10.66
  SINCE JAN 1     11.33                     14.31  -2.98    14.46

SNOWFALL (IN)
  YESTERDAY        0.0           0.0  2002   0.0    0.0      0.0
                                      2001
  MONTH TO DATE    0.0                       0.0    0.0      0.0
  SINCE MAR 1     11.4                       8.0    3.4      0.1
  SINCE JUL 1     44.4                      36.0    8.4     45.9
  SNOW DEPTH       0

DEGREE DAYS
 HEATING
  YESTERDAY        0                         4     -4        0
  MONTH TO DATE   93                       185    -92      135
  SINCE MAR 1   1517                      1473     44     1618
  SINCE JUL 1   6154                      5940    214     6450

 COOLING
  YESTERDAY        9                         2      7        3
  MONTH TO DATE   91                        26     65       30
  SINCE MAR 1     91                        31     60       39
  SINCE JAN 1     91                        31     60       39
..................................................................


WIND (MPH)
  HIGHEST WIND SPEED    12   HIGHEST WIND DIRECTION     S (160)
  HIGHEST GUST SPEED    17   HIGHEST GUST DIRECTION    SE (150)
  AVERAGE WIND SPEED     3.0


SKY COVER
  POSSIBLE SUNSHINE  MM
  AVERAGE SKY COVER 0.5


WEATHER CONDITIONS
 THE FOLLOWING WEATHER WAS RECORDED YESTERDAY.
  HEAVY RAIN
  RAIN
  LIGHT RAIN
  FOG


RELATIVE HUMIDITY (PERCENT)
 HIGHEST    97           800 PM
 LOWEST     54          1200 PM
 AVERAGE    76

..........................................................


THE WILLIAMSPORT PA CLIMATE NORMALS FOR TODAY
                         NORMAL    RECORD    YEAR
 MAXIMUM TEMPERATURE (F)   75        94      1918
 MINIMUM TEMPERATURE (F)   52        33      1969


SUNRISE AND SUNSET
MAY 27 2015...........SUNRISE   540 AM EDT   SUNSET   830 PM EDT
MAY 28 2015...........SUNRISE   539 AM EDT   SUNSET   831 PM EDT


-  INDICATES NEGATIVE NUMBERS.
R  INDICATES RECORD WAS SET OR TIED.
MM INDICATES DATA IS MISSING.
T  INDICATES TRACE AMOUNT.




$$
