000
CDUS41 KCTP 010636
CLIIPT


CLIMATE REPORT
NATIONAL WEATHER SERVICE STATE COLLEGE PA
236 AM EDT TUE SEP 1 2015


...................................

...THE WILLIAMSPORT PA CLIMATE SUMMARY FOR AUGUST 31 2015...

CLIMATE NORMAL PERIOD 1981 TO 2010
CLIMATE RECORD PERIOD 1895 TO 2015


WEATHER ITEM   OBSERVED TIME   RECORD YEAR NORMAL DEPARTURE LAST
                VALUE   (LST)  VALUE       VALUE  FROM      YEAR
                                                  NORMAL
..................................................................
TEMPERATURE (F)
 YESTERDAY
  MAXIMUM         88    354 PM 101    1932  79      9       79
  MINIMUM         68    709 AM  40    1934  58     10       69
  AVERAGE         78                        69      9       74

PRECIPITATION (IN)
  YESTERDAY        0.00          1.89 2001   0.12  -0.12     0.29
  MONTH TO DATE    4.13                      3.86   0.27     6.58
  SINCE JUN 1     15.87                     12.12   3.75    14.06
  SINCE JAN 1     28.29                     27.03   1.26    28.81

DEGREE DAYS
 HEATING
  YESTERDAY        0                         1     -1        0
  MONTH TO DATE    0                         7     -7        5
  SINCE JUN 1     23                        51    -28       13
  SINCE JUL 1      2                        14    -12        5

 COOLING
  YESTERDAY       13                         5      8        9
  MONTH TO DATE  229                       201     28      158
  SINCE JUN 1    657                       591     66      565
  SINCE JAN 1    785                       634    151      617
..................................................................


WIND (MPH)
  HIGHEST WIND SPEED    14   HIGHEST WIND DIRECTION     W (250)
  HIGHEST GUST SPEED    17   HIGHEST GUST DIRECTION     W (250)
  AVERAGE WIND SPEED     3.7


SKY COVER
  POSSIBLE SUNSHINE  MM
  AVERAGE SKY COVER 0.4


WEATHER CONDITIONS
 THE FOLLOWING WEATHER WAS RECORDED YESTERDAY.
  FOG
  HAZE


RELATIVE HUMIDITY (PERCENT)
 HIGHEST    90          1200 AM
 LOWEST     50           300 PM
 AVERAGE    70

..........................................................


THE WILLIAMSPORT PA CLIMATE NORMALS FOR TODAY
                         NORMAL    RECORD    YEAR
 MAXIMUM TEMPERATURE (F)   79       100      1932
 MINIMUM TEMPERATURE (F)   58        45      1946
                                             1915
                                             1896


SUNRISE AND SUNSET
SEPTEMBER  1 2015.....SUNRISE   634 AM EDT   SUNSET   741 PM EDT
SEPTEMBER  2 2015.....SUNRISE   635 AM EDT   SUNSET   739 PM EDT


-  INDICATES NEGATIVE NUMBERS.
R  INDICATES RECORD WAS SET OR TIED.
MM INDICATES DATA IS MISSING.
T  INDICATES TRACE AMOUNT.




$$
