000
CDUS41 KCTP 260622
CLIIPT


CLIMATE REPORT
NATIONAL WEATHER SERVICE STATE COLLEGE PA
222 AM EDT SUN MAR 26 2017


...................................

...THE WILLIAMSPORT PA CLIMATE SUMMARY FOR MARCH 25 2017...

CLIMATE NORMAL PERIOD 1981 TO 2010
CLIMATE RECORD PERIOD 1895 TO 2017


WEATHER ITEM   OBSERVED TIME   RECORD YEAR NORMAL DEPARTURE LAST
                VALUE   (LST)  VALUE       VALUE  FROM      YEAR
                                                  NORMAL
..................................................................
TEMPERATURE (F)
 YESTERDAY
  MAXIMUM         64    146 PM  77    1988  52     12       62
                                      1939
  MINIMUM         38    244 AM   6    1906  32      6       37
  AVERAGE         51                        42      9       50

PRECIPITATION (IN)
  YESTERDAY        0.00          0.97 1909   0.11  -0.11     0.16
  MONTH TO DATE    2.38                      2.32   0.06     0.77
  SINCE MAR 1      2.38                      2.32   0.06     0.77
  SINCE JAN 1      7.68                      7.36   0.32     7.19

SNOWFALL (IN)
  YESTERDAY        0.0           2.4  1978   0.2   -0.2      0.0
  MONTH TO DATE   22.6                       6.1   16.5      0.2
  SINCE MAR 1     22.6                       6.1   16.5      0.2
  SINCE JUL 1     41.1                      34.1    7.0      5.9
  SNOW DEPTH       0

DEGREE DAYS
 HEATING
  YESTERDAY       14                        23     -9       15
  MONTH TO DATE  740                       697     43      479
  SINCE MAR 1    740                       697     43      479
  SINCE JUL 1   4376                      5164   -788     4122

 COOLING
  YESTERDAY        0                         0      0        0
  MONTH TO DATE    0                         0      0        0
  SINCE MAR 1      0                         0      0        0
  SINCE JAN 1      0                         0      0        0
..................................................................


WIND (MPH)
  HIGHEST WIND SPEED    18   HIGHEST WIND DIRECTION     N (10)
  HIGHEST GUST SPEED    25   HIGHEST GUST DIRECTION     N (10)
  AVERAGE WIND SPEED     2.8


SKY COVER
  POSSIBLE SUNSHINE  MM
  AVERAGE SKY COVER 0.5


WEATHER CONDITIONS
 THE FOLLOWING WEATHER WAS RECORDED YESTERDAY.
  NO SIGNIFICANT WEATHER WAS OBSERVED.


RELATIVE HUMIDITY (PERCENT)
 HIGHEST    85           100 AM
 LOWEST     55           100 PM
 AVERAGE    70

..........................................................


THE WILLIAMSPORT PA CLIMATE NORMALS FOR TODAY
                         NORMAL    RECORD    YEAR
 MAXIMUM TEMPERATURE (F)   52        78      1939
                                             1921
 MINIMUM TEMPERATURE (F)   32        15      1960


SUNRISE AND SUNSET
MARCH 26 2017.........SUNRISE   701 AM EDT   SUNSET   727 PM EDT
MARCH 27 2017.........SUNRISE   659 AM EDT   SUNSET   728 PM EDT


-  INDICATES NEGATIVE NUMBERS.
R  INDICATES RECORD WAS SET OR TIED.
MM INDICATES DATA IS MISSING.
T  INDICATES TRACE AMOUNT.




$$
