648
CDUS41 KCTP 140620
CLIIPT


CLIMATE REPORT
NATIONAL WEATHER SERVICE STATE COLLEGE PA
119 AM EST SUN FEB 14 2016


...................................

...THE WILLIAMSPORT PA CLIMATE SUMMARY FOR FEBRUARY 13 2016...

CLIMATE NORMAL PERIOD 1981 TO 2010
CLIMATE RECORD PERIOD 1895 TO 2016


WEATHER ITEM   OBSERVED TIME   RECORD YEAR NORMAL DEPARTURE LAST
                VALUE   (LST)  VALUE       VALUE  FROM      YEAR
                                                  NORMAL
..................................................................
TEMPERATURE (F)
 YESTERDAY
  MAXIMUM         20   1218 AM  54    1937  37    -17       21
                                      1918
  MINIMUM          6   1159 PM  -6    1917  21    -15        2
  AVERAGE         13                        29    -16       12

PRECIPITATION (IN)
  YESTERDAY        T             2.72 1971   0.08  -0.08     0.00
  MONTH TO DATE    1.18                      1.08   0.10     0.80
  SINCE DEC 1      6.60                      6.71  -0.11     5.11
  SINCE JAN 1      3.24                      3.78  -0.54     2.51

SNOWFALL (IN)
  YESTERDAY        T             6.7  2014   0.3   -0.3      0.0
  MONTH TO DATE    2.6                       4.1   -1.5      4.7
  SINCE DEC 1      3.5                      21.5  -18.0     23.4
  SINCE JUL 1      3.5                      23.3  -19.8     28.5
  SNOW DEPTH       1

DEGREE DAYS
 HEATING
  YESTERDAY       52                        36     16       53
  MONTH TO DATE  431                       477    -46      544
  SINCE DEC 1   2231                      2711   -480     2704
  SINCE JUL 1   3158                      3956   -798     3874

 COOLING
  YESTERDAY        0                         0      0        0
  MONTH TO DATE    0                         0      0        0
  SINCE DEC 1      0                         0      0        0
  SINCE JAN 1      0                         0      0        0
..................................................................


WIND (MPH)
  HIGHEST WIND SPEED    30   HIGHEST WIND DIRECTION    NW (300)
  HIGHEST GUST SPEED    40   HIGHEST GUST DIRECTION    NW (300)
  AVERAGE WIND SPEED    15.2


SKY COVER
  POSSIBLE SUNSHINE  MM
  AVERAGE SKY COVER 0.5


WEATHER CONDITIONS
 THE FOLLOWING WEATHER WAS RECORDED YESTERDAY.
  LIGHT SNOW


RELATIVE HUMIDITY (PERCENT)
 HIGHEST    73           200 AM
 LOWEST     31           100 PM
 AVERAGE    52

..........................................................


THE WILLIAMSPORT PA CLIMATE NORMALS FOR TODAY
                         NORMAL    RECORD    YEAR
 MAXIMUM TEMPERATURE (F)   38        56      1946
 MINIMUM TEMPERATURE (F)   21        -5      1979
                                             1970
                                             1905


SUNRISE AND SUNSET
FEBRUARY 14 2016......SUNRISE   704 AM EST   SUNSET   540 PM EST
FEBRUARY 15 2016......SUNRISE   703 AM EST   SUNSET   541 PM EST


-  INDICATES NEGATIVE NUMBERS.
R  INDICATES RECORD WAS SET OR TIED.
MM INDICATES DATA IS MISSING.
T  INDICATES TRACE AMOUNT.




$$
