000
CDUS41 KCTP 170608
CLIIPT


CLIMATE REPORT
NATIONAL WEATHER SERVICE STATE COLLEGE PA
208 AM EDT WED SEP 17 2014


...................................

...THE WILLIAMSPORT PA CLIMATE SUMMARY FOR SEPTEMBER 16 2014...

CLIMATE NORMAL PERIOD 1981 TO 2010
CLIMATE RECORD PERIOD 1895 TO 2014


WEATHER ITEM   OBSERVED TIME   RECORD YEAR NORMAL DEPARTURE LAST
                VALUE   (LST)  VALUE       VALUE  FROM      YEAR
                                                  NORMAL
..................................................................
TEMPERATURE (F)
 YESTERDAY
  MAXIMUM         70    502 PM  92    1991  74     -4       71
  MINIMUM         50   1159 PM  38    1966  53     -3       46
                                      1923
  AVERAGE         60                        63     -3       59

PRECIPITATION (IN)
  YESTERDAY        0.02          2.38 1999   0.15  -0.13     0.03
  MONTH TO DATE    0.69                      2.22  -1.53     1.30
  SINCE SEP 1      0.69                      2.22  -1.53     1.30
  SINCE JAN 1     29.50                     29.25   0.25    22.92

DEGREE DAYS
 HEATING
  YESTERDAY        5                         4      1        6
  MONTH TO DATE   34                        33      1       43
  SINCE SEP 1     34                        33      1       43
  SINCE JUL 1     39                        47     -8       48

 COOLING
  YESTERDAY        0                         2     -2        0
  MONTH TO DATE   76                        48     28       73
  SINCE SEP 1     76                        48     28       73
  SINCE JAN 1    693                       682     11      832
..................................................................


WIND (MPH)
  HIGHEST WIND SPEED    15   HIGHEST WIND DIRECTION     N (340)
  HIGHEST GUST SPEED    20   HIGHEST GUST DIRECTION     N (360)
  AVERAGE WIND SPEED     3.3


SKY COVER
  POSSIBLE SUNSHINE  MM
  AVERAGE SKY COVER 0.8


WEATHER CONDITIONS
 THE FOLLOWING WEATHER WAS RECORDED YESTERDAY.
  LIGHT RAIN


RELATIVE HUMIDITY (PERCENT)
 HIGHEST    93           700 AM
 LOWEST     45           200 PM
 AVERAGE    69

..........................................................


THE WILLIAMSPORT PA CLIMATE NORMALS FOR TODAY
                         NORMAL    RECORD    YEAR
 MAXIMUM TEMPERATURE (F)   73        90      1991
 MINIMUM TEMPERATURE (F)   53        35      1959


SUNRISE AND SUNSET
SEPTEMBER 17 2014.....SUNRISE   650 AM EDT   SUNSET   713 PM EDT
SEPTEMBER 18 2014.....SUNRISE   651 AM EDT   SUNSET   712 PM EDT


-  INDICATES NEGATIVE NUMBERS.
R  INDICATES RECORD WAS SET OR TIED.
MM INDICATES DATA IS MISSING.
T  INDICATES TRACE AMOUNT.




$$
