000
CDUS43 KEAX 300632
CLIIRK


CLIMATE REPORT
NATIONAL WEATHER SERVICE KANSAS CITY/PLEASANT HILL MO
131 AM CDT FRI SEP 30 2016


...................................

...THE KIRKSVILLE MO CLIMATE SUMMARY FOR SEPTEMBER 29 2016...

CLIMATE NORMAL PERIOD 1981 TO 2010
CLIMATE RECORD PERIOD 9999 TO 9999


WEATHER ITEM   OBSERVED TIME   NORMAL DEPARTURE LAST
                VALUE   (LST)  VALUE  FROM      YEAR
                                      NORMAL
......................................................
TEMPERATURE (F)
 YESTERDAY
  MAXIMUM         75    326 PM  70      5       72
  MINIMUM         48    107 AM  48      0       54
  AVERAGE         62            59      3       63

PRECIPITATION (IN)
  YESTERDAY        0.00          0.10  -0.10     0.02
  MONTH TO DATE    2.12          4.01  -1.89     1.60
  SINCE SEP 1      2.12          4.01  -1.89     1.60
  SINCE JAN 1     25.26         31.42  -6.16    32.83

DEGREE DAYS
 HEATING
  YESTERDAY        3             7     -4        2
  MONTH TO DATE   24            92    -68       31
  SINCE SEP 1     24            92    -68       31
  SINCE JUL 1     30            99    -69       44

 COOLING
  YESTERDAY        0             1     -1        0
  MONTH TO DATE  176            80     96      207
  SINCE SEP 1    176            80     96      207
  SINCE JAN 1   1254           924    330     1084
......................................................


WIND (MPH)
  HIGHEST WIND SPEED    20   HIGHEST WIND DIRECTION     N (360)
  HIGHEST GUST SPEED    27   HIGHEST GUST DIRECTION     N (20)
  AVERAGE WIND SPEED    10.1


SKY COVER
  AVERAGE SKY COVER 0.0


WEATHER CONDITIONS
 THE FOLLOWING WEATHER WAS RECORDED YESTERDAY.
  NO SIGNIFICANT WEATHER WAS OBSERVED.


RELATIVE HUMIDITY (PERCENT)
 HIGHEST    93           300 AM
 LOWEST     41           300 PM
 AVERAGE    67

..........................................................


THE KIRKSVILLE MO CLIMATE NORMALS FOR TODAY
                         NORMAL
 MAXIMUM TEMPERATURE (F)   70
 MINIMUM TEMPERATURE (F)   47


SUNRISE AND SUNSET
SEPTEMBER 30 2016.....SUNRISE   706 AM CDT   SUNSET   653 PM CDT
OCTOBER  1 2016.......SUNRISE   707 AM CDT   SUNSET   652 PM CDT


-  INDICATES NEGATIVE NUMBERS.
R  INDICATES RECORD WAS SET OR TIED.
MM INDICATES DATA IS MISSING.
T  INDICATES TRACE AMOUNT.




$$
