000
CDUS43 KEAX 200634
CLIIRK


CLIMATE REPORT
NATIONAL WEATHER SERVICE KANSAS CITY/PLEASANT HILL MO
134 AM CDT SUN AUG 20 2017


...................................

...THE KIRKSVILLE MO CLIMATE SUMMARY FOR AUGUST 19 2017...

CLIMATE NORMAL PERIOD 1981 TO 2010
CLIMATE RECORD PERIOD 9999 TO 9999


WEATHER ITEM   OBSERVED TIME   NORMAL DEPARTURE LAST
                VALUE   (LST)  VALUE  FROM      YEAR
                                      NORMAL
......................................................
TEMPERATURE (F)
 YESTERDAY
  MAXIMUM         92    348 PM  84      8       86
  MINIMUM         60    551 AM  63     -3       67
  AVERAGE         76            74      2       77

PRECIPITATION (IN)
  YESTERDAY        0.00          0.12  -0.12     0.71
  MONTH TO DATE    0.46          2.17  -1.71     3.04
  SINCE JUN 1      6.38         11.61  -5.23     6.75
  SINCE JAN 1     19.80         25.76  -5.96    19.04

DEGREE DAYS
 HEATING
  YESTERDAY        0             0      0        0
  MONTH TO DATE    1             0      1        0
  SINCE JUN 1      8            17     -9        6
  SINCE JUL 1      1             1      0        6

 COOLING
  YESTERDAY       11             9      2       12
  MONTH TO DATE  127           186    -59      228
  SINCE JUN 1    780           691     89      910
  SINCE JAN 1    872           753    119      982
......................................................


WIND (MPH)
  HIGHEST WIND SPEED    14   HIGHEST WIND DIRECTION     W (280)
  HIGHEST GUST SPEED    18   HIGHEST GUST DIRECTION     W (280)
  AVERAGE WIND SPEED     4.0


SKY COVER
  AVERAGE SKY COVER 0.1


WEATHER CONDITIONS
 THE FOLLOWING WEATHER WAS RECORDED YESTERDAY.
  FOG
  FOG W/VISIBILITY <= 1/4 MILE


RELATIVE HUMIDITY (PERCENT)
 HIGHEST   100           200 AM
 LOWEST     26           100 PM
 AVERAGE    63

..........................................................


THE KIRKSVILLE MO CLIMATE NORMALS FOR TODAY
                         NORMAL
 MAXIMUM TEMPERATURE (F)   84
 MINIMUM TEMPERATURE (F)   63


SUNRISE AND SUNSET
AUGUST 20 2017........SUNRISE   627 AM CDT   SUNSET   800 PM CDT
AUGUST 21 2017........SUNRISE   628 AM CDT   SUNSET   758 PM CDT


-  INDICATES NEGATIVE NUMBERS.
R  INDICATES RECORD WAS SET OR TIED.
MM INDICATES DATA IS MISSING.
T  INDICATES TRACE AMOUNT.




$$
