000
CDUS43 KEAX 192124
CLIIRK


CLIMATE REPORT
NATIONAL WEATHER SERVICE KANSAS CITY/PLEASANT HILL MO
424 PM CDT SAT APR 19 2014


...................................

...THE KIRKSVILLE MO CLIMATE SUMMARY FOR APRIL 19 2014...
VALID AS OF 0400 PM LOCAL TIME.

CLIMATE NORMAL PERIOD 1981 TO 2010
CLIMATE RECORD PERIOD 9999 TO 9999


WEATHER ITEM   OBSERVED TIME   NORMAL DEPARTURE LAST
                VALUE   (LST)  VALUE  FROM      YEAR
                                      NORMAL
......................................................
TEMPERATURE (F)
 TODAY
  MAXIMUM         78    207 PM  64     14       47
  MINIMUM         44    540 AM  42      2       33
  AVERAGE         61            53      8       40

PRECIPITATION (IN)
  TODAY            0.00          0.15  -0.15     0.00
  MONTH TO DATE    1.25          2.04  -0.79     6.49
  SINCE MAR 1      2.32          4.59  -2.27     9.83
  SINCE JAN 1      5.87          7.39  -1.52    15.28

DEGREE DAYS
 HEATING
  TODAY            4            12     -8       25
  MONTH TO DATE  320           288     32      333
  SINCE MAR 1   1222          1042    180     1315
  SINCE JUL 1   6192          5575    617     5695

 COOLING
  TODAY            0             0      0        0
  MONTH TO DATE    1             0      1        3
  SINCE MAR 1      1             0      1        3
  SINCE JAN 1      1             0      1        3
......................................................


WIND (MPH)
  HIGHEST WIND SPEED    22   HIGHEST WIND DIRECTION     S (160)
  HIGHEST GUST SPEED    28   HIGHEST GUST DIRECTION     S (160)
  AVERAGE WIND SPEED    11.9


SKY COVER
  AVERAGE SKY COVER 0.0


WEATHER CONDITIONS
 THE FOLLOWING WEATHER WAS RECORDED TODAY.
  NO SIGNIFICANT WEATHER WAS OBSERVED.


RELATIVE HUMIDITY (PERCENT)
 HIGHEST    70           500 AM
 LOWEST     31           100 PM
 AVERAGE    51

..........................................................


THE KIRKSVILLE MO CLIMATE NORMALS FOR TOMORROW
                         NORMAL
 MAXIMUM TEMPERATURE (F)   64
 MINIMUM TEMPERATURE (F)   42


SUNRISE AND SUNSET
APRIL 19 2014.........SUNRISE   626 AM CDT   SUNSET   753 PM CDT
APRIL 20 2014.........SUNRISE   625 AM CDT   SUNSET   754 PM CDT


-  INDICATES NEGATIVE NUMBERS.
R  INDICATES RECORD WAS SET OR TIED.
MM INDICATES DATA IS MISSING.
T  INDICATES TRACE AMOUNT.




$$
