000
CDUS43 KEAX 240034
CLIIRK


CLIMATE REPORT
NATIONAL WEATHER SERVICE KANSAS CITY/PLEASANT HILL MO
734 PM CDT THU MAR 23 2017


...................................

...THE KIRKSVILLE MO CLIMATE SUMMARY FOR MARCH 23 2017...
VALID TODAY AS OF 0700 PM LOCAL TIME.

CLIMATE NORMAL PERIOD 1981 TO 2010
CLIMATE RECORD PERIOD 9999 TO 9999


WEATHER ITEM   OBSERVED TIME   NORMAL DEPARTURE LAST
                VALUE   (LST)  VALUE  FROM      YEAR
                                      NORMAL
......................................................
TEMPERATURE (F)
 TODAY
  MAXIMUM         65    416 PM  54     11       67
  MINIMUM         39    817 AM  33      6       49
  AVERAGE         52            44      8       58

PRECIPITATION (IN)
  TODAY            0.02          0.08  -0.06     0.31
  MONTH TO DATE    0.49          1.93  -1.44     1.47
  SINCE MAR 1      0.49          1.93  -1.44     1.47
  SINCE JAN 1      2.35          4.73  -2.38     4.06

DEGREE DAYS
 HEATING
  TODAY           13            21     -8        7
  MONTH TO DATE  519           596    -77      387
  SINCE MAR 1    519           596    -77      387
  SINCE JUL 1   4048          5129  -1081     4094

 COOLING
  TODAY            0             0      0        0
  MONTH TO DATE    0             0      0        0
  SINCE MAR 1      0             0      0        0
  SINCE JAN 1      0             0      0        0
......................................................


WIND (MPH)
  HIGHEST WIND SPEED    24   HIGHEST WIND DIRECTION    SE (140)
  HIGHEST GUST SPEED    29   HIGHEST GUST DIRECTION    SE (140)
  AVERAGE WIND SPEED    16.3


SKY COVER
  AVERAGE SKY COVER 0.7


WEATHER CONDITIONS
 THE FOLLOWING WEATHER WAS RECORDED TODAY.
  LIGHT RAIN
  HAZE


RELATIVE HUMIDITY (PERCENT)
 HIGHEST    79           700 AM
 LOWEST     29          1200 AM
 AVERAGE    54

..........................................................


THE KIRKSVILLE MO CLIMATE NORMALS FOR TOMORROW
                         NORMAL
 MAXIMUM TEMPERATURE (F)   55
 MINIMUM TEMPERATURE (F)   33


SUNRISE AND SUNSET
MARCH 23 2017.........SUNRISE   708 AM CDT   SUNSET   726 PM CDT
MARCH 24 2017.........SUNRISE   707 AM CDT   SUNSET   727 PM CDT


-  INDICATES NEGATIVE NUMBERS.
R  INDICATES RECORD WAS SET OR TIED.
MM INDICATES DATA IS MISSING.
T  INDICATES TRACE AMOUNT.




$$
