000
CDUS43 KEAX 230033
CLIIRK


CLIMATE REPORT
NATIONAL WEATHER SERVICE KANSAS CITY/PLEASANT HILL MO
733 PM CDT THU JUN 22 2017


...................................

...THE KIRKSVILLE MO CLIMATE SUMMARY FOR JUNE 22 2017...
VALID TODAY AS OF 0700 PM LOCAL TIME.

CLIMATE NORMAL PERIOD 1981 TO 2010
CLIMATE RECORD PERIOD 9999 TO 9999


WEATHER ITEM   OBSERVED TIME   NORMAL DEPARTURE LAST
                VALUE   (LST)  VALUE  FROM      YEAR
                                      NORMAL
......................................................
TEMPERATURE (F)
 TODAY
  MAXIMUM         86    255 PM  83      3       93
  MINIMUM         69    530 AM  62      7       71
  AVERAGE         78            72      6       82

PRECIPITATION (IN)
  TODAY            0.00          0.15  -0.15     0.00
  MONTH TO DATE    2.19          3.83  -1.64     1.49
  SINCE JUN 1      2.19          3.83  -1.64     1.49
  SINCE JAN 1     15.61         17.98  -2.37    13.78

DEGREE DAYS
 HEATING
  TODAY            0             0      0        0
  MONTH TO DATE    0            12    -12        0
  SINCE JUN 1      0            12    -12        0
  SINCE JUL 1   4613          5852  -1239     4738

 COOLING
  TODAY           13             8      5       17
  MONTH TO DATE  214           125     89      237
  SINCE JUN 1    214           125     89      237
  SINCE JAN 1    306           187    119      309
......................................................


WIND (MPH)
  HIGHEST WIND SPEED    23   HIGHEST WIND DIRECTION     S (180)
  HIGHEST GUST SPEED    33   HIGHEST GUST DIRECTION     S (160)
  AVERAGE WIND SPEED    11.4


SKY COVER
  AVERAGE SKY COVER 0.2


WEATHER CONDITIONS
 THE FOLLOWING WEATHER WAS RECORDED TODAY.
  NO SIGNIFICANT WEATHER WAS OBSERVED.


RELATIVE HUMIDITY (PERCENT)
 HIGHEST    84           400 AM
 LOWEST     61           100 PM
 AVERAGE    73

..........................................................


THE KIRKSVILLE MO CLIMATE NORMALS FOR TOMORROW
                         NORMAL
 MAXIMUM TEMPERATURE (F)   83
 MINIMUM TEMPERATURE (F)   62


SUNRISE AND SUNSET
JUNE 22 2017..........SUNRISE   542 AM CDT   SUNSET   843 PM CDT
JUNE 23 2017..........SUNRISE   542 AM CDT   SUNSET   843 PM CDT


-  INDICATES NEGATIVE NUMBERS.
R  INDICATES RECORD WAS SET OR TIED.
MM INDICATES DATA IS MISSING.
T  INDICATES TRACE AMOUNT.




$$
