000
CDUS43 KBIS 290028
CLIISN


CLIMATE REPORT
NATIONAL WEATHER SERVICE BISMARCK ND
627 PM CST FRI NOV 28 2014


...................................

...THE WILLISTON ND CLIMATE SUMMARY FOR NOVEMBER 28 2014...
VALID TODAY AS OF 0600 PM LOCAL TIME.

CLIMATE NORMAL PERIOD 1981 TO 2010
CLIMATE RECORD PERIOD 1894 TO 2014


WEATHER ITEM   OBSERVED TIME   RECORD YEAR NORMAL DEPARTURE LAST
                VALUE   (LST)  VALUE       VALUE  FROM      YEAR
                                                  NORMAL
..................................................................
TEMPERATURE (F)
 TODAY
  MAXIMUM         26    400 PM  56    2002  31     -5       25
  MINIMUM         15    912 AM -22    1896  10      5       20
  AVERAGE         21                        20      1       23

PRECIPITATION (IN)
  TODAY            0.09          0.39 1975   0.01   0.08     0.00
  MONTH TO DATE    0.60                      0.61  -0.01     0.35
  SINCE SEP 1      2.19                      2.59  -0.40     4.32
  SINCE JAN 1     10.62                     13.71  -3.09    20.21

SNOWFALL (IN)
  TODAY           MM

DEGREE DAYS
 HEATING
  TODAY           44                        45     -1       42
  MONTH TO DATE 1192                      1045    147     1092
  SINCE SEP 1   2003                      2001      2     1955
  SINCE JUL 1   2060                      2072    -12     2001

 COOLING
  TODAY            0                         0      0        0
  MONTH TO DATE    0                         0      0        0
  SINCE SEP 1     34                        27      7       78
  SINCE JAN 1    425                       456    -31      405
..................................................................


WIND (MPH)
  HIGHEST WIND SPEED    14   HIGHEST WIND DIRECTION    SE (120)
  HIGHEST GUST SPEED    17   HIGHEST GUST DIRECTION     E (110)
  AVERAGE WIND SPEED     7.6


SKY COVER
  POSSIBLE SUNSHINE  MM
  AVERAGE SKY COVER 0.8


WEATHER CONDITIONS
 THE FOLLOWING WEATHER WAS RECORDED TODAY.
  LIGHT SNOW
  FOG
  HAZE


RELATIVE HUMIDITY (PERCENT)
 HIGHEST    88          1200 AM
 LOWEST     77           100 PM
 AVERAGE    83

..........................................................


THE WILLISTON ND CLIMATE NORMALS FOR TOMORROW
                         NORMAL    RECORD    YEAR
 MAXIMUM TEMPERATURE (F)   30        52      1969
 MINIMUM TEMPERATURE (F)   10       -24      1985


SUNRISE AND SUNSET
NOVEMBER 28 2014......SUNRISE   820 AM CST   SUNSET   505 PM CST
NOVEMBER 29 2014......SUNRISE   821 AM CST   SUNSET   504 PM CST


-  INDICATES NEGATIVE NUMBERS.
R  INDICATES RECORD WAS SET OR TIED.
MM INDICATES DATA IS MISSING.
T  INDICATES TRACE AMOUNT.




$$
