000
CDUS43 KBIS 302228
CLIISN


CLIMATE REPORT
NATIONAL WEATHER SERVICE BISMARCK ND
528 PM CDT SAT JUL 30 2016


...................................

...THE WILLISTON ND CLIMATE SUMMARY FOR JULY 30 2016...
VALID TODAY AS OF 0500 PM LOCAL TIME.

CLIMATE NORMAL PERIOD 1981 TO 2010
CLIMATE RECORD PERIOD 1894 TO 2016


WEATHER ITEM   OBSERVED TIME   RECORD YEAR NORMAL DEPARTURE LAST
                VALUE   (LST)  VALUE       VALUE  FROM      YEAR
                                                  NORMAL
..................................................................
TEMPERATURE (F)
 TODAY
  MAXIMUM         90    344 PM 102    2007  86      4       86
                                      2000
  MINIMUM         53    546 AM  39    1903  57     -4       51
  AVERAGE         72                        72      0       69

PRECIPITATION (IN)
  TODAY            0.00          0.41 1975   0.06  -0.06     0.00
                                      1961
  MONTH TO DATE    2.38                      2.48  -0.10     1.55
  SINCE JUN 1      4.22                      5.00  -0.78     3.45
  SINCE JAN 1      9.29                      9.61  -0.32     6.95

SNOWFALL (IN)
  TODAY           MM

DEGREE DAYS
 HEATING
  TODAY            0                         0      0        0
  MONTH TO DATE    1                        21    -20        8
  SINCE JUN 1     17                       141   -124       62
  SINCE JUL 1      1                        21    -20        8

 COOLING
  TODAY            7                         7      0        4
  MONTH TO DATE  194                       175     19      240
  SINCE JUN 1    290                       243     47      343
  SINCE JAN 1    300                       256     44      344
..................................................................


WIND (MPH)
  HIGHEST WIND SPEED    12   HIGHEST WIND DIRECTION     S (170)
  HIGHEST GUST SPEED    17   HIGHEST GUST DIRECTION    SE (150)
  AVERAGE WIND SPEED     3.9


SKY COVER
  POSSIBLE SUNSHINE  MM
  AVERAGE SKY COVER 0.0


WEATHER CONDITIONS
 THE FOLLOWING WEATHER WAS RECORDED TODAY.
  NO SIGNIFICANT WEATHER WAS OBSERVED.


RELATIVE HUMIDITY (PERCENT)
 HIGHEST    93           500 AM
 LOWEST     24           300 PM
 AVERAGE    59

..........................................................


THE WILLISTON ND CLIMATE NORMALS FOR TOMORROW
                         NORMAL    RECORD    YEAR
 MAXIMUM TEMPERATURE (F)   86       105      1989
 MINIMUM TEMPERATURE (F)   57        40      1898


SUNRISE AND SUNSET
JULY 30 2016..........SUNRISE   628 AM CDT   SUNSET   933 PM CDT
JULY 31 2016..........SUNRISE   630 AM CDT   SUNSET   931 PM CDT


-  INDICATES NEGATIVE NUMBERS.
R  INDICATES RECORD WAS SET OR TIED.
MM INDICATES DATA IS MISSING.
T  INDICATES TRACE AMOUNT.




$$
