000
CDUS43 KBIS 310744
CLIISN


CLIMATE REPORT
NATIONAL WEATHER SERVICE BISMARCK ND
243 AM CDT WED AUG 31 2016


...................................

...THE WILLISTON ND CLIMATE SUMMARY FOR AUGUST 30 2016...

CLIMATE NORMAL PERIOD 1981 TO 2010
CLIMATE RECORD PERIOD 1894 TO 2016


WEATHER ITEM   OBSERVED TIME   RECORD YEAR NORMAL DEPARTURE LAST
                VALUE   (LST)  VALUE       VALUE  FROM      YEAR
                                                  NORMAL
..................................................................
TEMPERATURE (F)
 YESTERDAY
  MAXIMUM         86    358 PM  97    2008  79      7       88
                                      1983
                                      1981
  MINIMUM         49    612 AM  37    1935  50     -1       60
  AVERAGE         68                        64      4       74

PRECIPITATION (IN)
  YESTERDAY        0.00          0.96 1952   0.05  -0.05      T
  MONTH TO DATE    0.45                      1.41  -0.96     0.82
  SINCE JUN 1      4.68                      6.47  -1.79     4.27
  SINCE JAN 1      9.75                     11.08  -1.33     7.77

SNOWFALL (IN)
  YESTERDAY       MM
  SNOW DEPTH      MM

DEGREE DAYS
 HEATING
  YESTERDAY        0                         3     -3        0
  MONTH TO DATE    9                        45    -36       31
  SINCE JUN 1     26                       189   -163       93
  SINCE JUL 1     10                        69    -59       39

 COOLING
  YESTERDAY        3                         3      0        9
  MONTH TO DATE  159                       163     -4      210
  SINCE JUN 1    464                       413     51      560
  SINCE JAN 1    474                       426     48      561
..................................................................


WIND (MPH)
  HIGHEST WIND SPEED    18   HIGHEST WIND DIRECTION    SE (130)
  HIGHEST GUST SPEED    25   HIGHEST GUST DIRECTION    SE (130)
  AVERAGE WIND SPEED     6.7


SKY COVER
  POSSIBLE SUNSHINE  MM
  AVERAGE SKY COVER 0.0


WEATHER CONDITIONS
 THE FOLLOWING WEATHER WAS RECORDED YESTERDAY.
  HAZE


RELATIVE HUMIDITY (PERCENT)
 HIGHEST    80           600 AM
 LOWEST     28          1200 PM
 AVERAGE    54

..........................................................


THE WILLISTON ND CLIMATE NORMALS FOR TODAY
                         NORMAL    RECORD    YEAR
 MAXIMUM TEMPERATURE (F)   79       103      1983
 MINIMUM TEMPERATURE (F)   49        34      1994
                                             1895


SUNRISE AND SUNSET
AUGUST 31 2016........SUNRISE   712 AM CDT   SUNSET   837 PM CDT
SEPTEMBER  1 2016.....SUNRISE   713 AM CDT   SUNSET   835 PM CDT


-  INDICATES NEGATIVE NUMBERS.
R  INDICATES RECORD WAS SET OR TIED.
MM INDICATES DATA IS MISSING.
T  INDICATES TRACE AMOUNT.




$$
