000
CDUS43 KBIS 201231
CLIISN


CLIMATE REPORT
NATIONAL WEATHER SERVICE BISMARCK ND
631 AM CST MON FEB 20 2017


...................................

...THE WILLISTON ND CLIMATE SUMMARY FOR FEBRUARY 19 2017...

CLIMATE NORMAL PERIOD 1981 TO 2010
CLIMATE RECORD PERIOD 1894 TO 2017


WEATHER ITEM   OBSERVED TIME   RECORD YEAR NORMAL DEPARTURE LAST
                VALUE   (LST)  VALUE       VALUE  FROM      YEAR
                                                  NORMAL
..................................................................
TEMPERATURE (F)
 YESTERDAY
  MAXIMUM         39    454 PM  55    1981  29     10       46
  MINIMUM         32    722 AM -38    1929   8     24       32
  AVERAGE         36                        18     18       39

PRECIPITATION (IN)
  YESTERDAY        0.00          0.30 2002   0.01  -0.01     0.02
  MONTH TO DATE    0.41                      0.24   0.17     0.69
  SINCE DEC 1      1.81                      1.45   0.36     1.62
  SINCE JAN 1      0.85                      0.83   0.02     1.07

SNOWFALL (IN)
  YESTERDAY        0.0
  SNOW DEPTH      MM

DEGREE DAYS
 HEATING
  YESTERDAY       29                        47    -18       26
  MONTH TO DATE  870                       943    -73      710
  SINCE DEC 1   4056                      4202   -146     3539
  SINCE JUL 1   5635                      6364   -729     5289

 COOLING
  YESTERDAY        0                         0      0        0
  MONTH TO DATE    0                         0      0        0
  SINCE DEC 1      0                         0      0        0
  SINCE JAN 1      0                         0      0        0
..................................................................


WIND (MPH)
  HIGHEST WIND SPEED    13   HIGHEST WIND DIRECTION     E (100)
  HIGHEST GUST SPEED    16   HIGHEST GUST DIRECTION     E (90)
  AVERAGE WIND SPEED     5.9


SKY COVER
  POSSIBLE SUNSHINE  MM
  AVERAGE SKY COVER 0.6


WEATHER CONDITIONS
 THE FOLLOWING WEATHER WAS RECORDED YESTERDAY.
  FOG
  FOG W/VISIBILITY <= 1/4 MILE
  HAZE


RELATIVE HUMIDITY (PERCENT)
 HIGHEST    96          1100 AM
 LOWEST     76           500 PM
 AVERAGE    86

..........................................................


THE WILLISTON ND CLIMATE NORMALS FOR TODAY
                         NORMAL    RECORD    YEAR
 MAXIMUM TEMPERATURE (F)   29        56      1930
 MINIMUM TEMPERATURE (F)    8       -33      1918


SUNRISE AND SUNSET
FEBRUARY 20 2017......SUNRISE   752 AM CST   SUNSET   625 PM CST
FEBRUARY 21 2017......SUNRISE   750 AM CST   SUNSET   627 PM CST


-  INDICATES NEGATIVE NUMBERS.
R  INDICATES RECORD WAS SET OR TIED.
MM INDICATES DATA IS MISSING.
T  INDICATES TRACE AMOUNT.




$$
