000
CDUS43 KBIS 300022
CLIISN


CLIMATE REPORT
NATIONAL WEATHER SERVICE BISMARCK ND
722 PM CDT MON MAY 29 2017


...................................

...THE WILLISTON ND CLIMATE SUMMARY FOR MAY 29 2017...
VALID TODAY AS OF 0700 PM LOCAL TIME.

CLIMATE NORMAL PERIOD 1981 TO 2010
CLIMATE RECORD PERIOD 1894 TO 2017


WEATHER ITEM   OBSERVED TIME   RECORD YEAR NORMAL DEPARTURE LAST
                VALUE   (LST)  VALUE       VALUE  FROM      YEAR
                                                  NORMAL
..................................................................
TEMPERATURE (F)
 TODAY
  MAXIMUM         70    454 PM  99    1988  71     -1       79
                                      1934
  MINIMUM         44    446 AM  26    1947  45     -1       41
  AVERAGE         57                        58     -1       60

PRECIPITATION (IN)
  TODAY            T             1.44 1929   0.07  -0.07     0.00
  MONTH TO DATE    0.98                      1.76  -0.78     0.65
  SINCE MAR 1      2.33                      3.47  -1.14     2.78
  SINCE JAN 1      3.47                      4.45  -0.98     3.91

SNOWFALL (IN)
  TODAY           MM

DEGREE DAYS
 HEATING
  TODAY            8                         8      0        5
  MONTH TO DATE  231                       335   -104      249
  SINCE MAR 1   1889                      2092   -203     1716
  SINCE JUL 1   7911                      8860   -949     7326

 COOLING
  TODAY            0                         1     -1        0
  MONTH TO DATE   23                         5     18       10
  SINCE MAR 1     23                         6     17       10
  SINCE JAN 1     23                         6     17       10
..................................................................


WIND (MPH)
  HIGHEST WIND SPEED    26   HIGHEST WIND DIRECTION    NW (330)
  HIGHEST GUST SPEED    38   HIGHEST GUST DIRECTION    NW (330)
  AVERAGE WIND SPEED    16.8


SKY COVER
  POSSIBLE SUNSHINE  MM
  AVERAGE SKY COVER 0.5


WEATHER CONDITIONS
 THE FOLLOWING WEATHER WAS RECORDED TODAY.
  NO SIGNIFICANT WEATHER WAS OBSERVED.


RELATIVE HUMIDITY (PERCENT)
 HIGHEST    76           500 AM
 LOWEST     22           600 PM
 AVERAGE    49

..........................................................


THE WILLISTON ND CLIMATE NORMALS FOR TOMORROW
                         NORMAL    RECORD    YEAR
 MAXIMUM TEMPERATURE (F)   72        98      1984
 MINIMUM TEMPERATURE (F)   45        30      1907


SUNRISE AND SUNSET
MAY 29 2017...........SUNRISE   600 AM CDT   SUNSET   944 PM CDT
MAY 30 2017...........SUNRISE   600 AM CDT   SUNSET   945 PM CDT


-  INDICATES NEGATIVE NUMBERS.
R  INDICATES RECORD WAS SET OR TIED.
MM INDICATES DATA IS MISSING.
T  INDICATES TRACE AMOUNT.




$$
