000
CDUS43 KBIS 040727
CLIISN


CLIMATE REPORT
NATIONAL WEATHER SERVICE BISMARCK ND
227 AM CDT SAT JUL 4 2015


...................................

...THE WILLISTON ND CLIMATE SUMMARY FOR JULY 3 2015...

CLIMATE NORMAL PERIOD 1981 TO 2010
CLIMATE RECORD PERIOD 1894 TO 2015


WEATHER ITEM   OBSERVED TIME   RECORD YEAR NORMAL DEPARTURE LAST
                VALUE   (LST)  VALUE       VALUE  FROM      YEAR
                                                  NORMAL
..................................................................
TEMPERATURE (F)
 YESTERDAY
  MAXIMUM         88    420 PM  99    1933  82      6       81
  MINIMUM         59    418 AM  34    1967  54      5       49
  AVERAGE         74                        68      6       65

PRECIPITATION (IN)
  YESTERDAY        0.00          1.81 1993   0.09  -0.09     0.00
  MONTH TO DATE    0.10                      0.27  -0.17     0.05
  SINCE JUN 1      2.00                      2.79  -0.79     1.49
  SINCE JAN 1      5.50                      7.40  -1.90     5.58

SNOWFALL (IN)
  YESTERDAY       MM             0.0  2002   0.0   MM       MM
                                      2001
  MONTH TO DATE   MM                         0.0   MM       MM
  SINCE JUN 1     MM                         0.0   MM       MM
  SINCE JUL 1     MM                         0.0   MM       MM
  SNOW DEPTH      MM

DEGREE DAYS
 HEATING
  YESTERDAY        0                         1     -1        0
  MONTH TO DATE    0                         5     -5        8
  SINCE JUN 1     54                       125    -71      118
  SINCE JUL 1      0                         5     -5        8

 COOLING
  YESTERDAY        9                         4      5        0
  MONTH TO DATE   19                        12      7        0
  SINCE JUN 1    122                        80     42       28
  SINCE JAN 1    123                        93     30       49
..................................................................


WIND (MPH)
  HIGHEST WIND SPEED    14   HIGHEST WIND DIRECTION     S (160)
  HIGHEST GUST SPEED    17   HIGHEST GUST DIRECTION    SE (150)
  AVERAGE WIND SPEED     5.3


SKY COVER
  POSSIBLE SUNSHINE  MM
  AVERAGE SKY COVER 0.1


WEATHER CONDITIONS
 THE FOLLOWING WEATHER WAS RECORDED YESTERDAY.
  FOG
  HAZE


RELATIVE HUMIDITY (PERCENT)
 HIGHEST    97           300 AM
 LOWEST     32           500 PM
 AVERAGE    65

..........................................................


THE WILLISTON ND CLIMATE NORMALS FOR TODAY
                         NORMAL    RECORD    YEAR
 MAXIMUM TEMPERATURE (F)   82       107      1989
 MINIMUM TEMPERATURE (F)   54        38      1972


SUNRISE AND SUNSET
JULY  4 2015..........SUNRISE   600 AM CDT   SUNSET   957 PM CDT
JULY  5 2015..........SUNRISE   601 AM CDT   SUNSET   957 PM CDT


-  INDICATES NEGATIVE NUMBERS.
R  INDICATES RECORD WAS SET OR TIED.
MM INDICATES DATA IS MISSING.
T  INDICATES TRACE AMOUNT.




$$
