000
CDUS43 KBIS 310733
CLIISN


CLIMATE REPORT
NATIONAL WEATHER SERVICE BISMARCK ND
233 AM CDT TUE MAY 31 2016


...................................

...THE WILLISTON ND CLIMATE SUMMARY FOR MAY 30 2016...

CLIMATE NORMAL PERIOD 1981 TO 2010
CLIMATE RECORD PERIOD 1894 TO 2016


WEATHER ITEM   OBSERVED TIME   RECORD YEAR NORMAL DEPARTURE LAST
                VALUE   (LST)  VALUE       VALUE  FROM      YEAR
                                                  NORMAL
..................................................................
TEMPERATURE (F)
 YESTERDAY
  MAXIMUM         60    151 PM  98    1984  72    -12       64
  MINIMUM         44    220 AM  30    1907  45     -1       40
  AVERAGE         52                        58     -6       52

PRECIPITATION (IN)
  YESTERDAY        0.35          1.21 1965   0.08   0.27      T
  MONTH TO DATE    1.00                      1.84  -0.84     1.82
  SINCE MAR 1      3.13                      3.55  -0.42     2.56
  SINCE JAN 1      4.26                      4.53  -0.27     3.50

SNOWFALL (IN)
  YESTERDAY       MM
  SNOW DEPTH      MM

DEGREE DAYS
 HEATING
  YESTERDAY       13                         7      6       13
  MONTH TO DATE  262                       342    -80      365
  SINCE MAR 1   1729                      2099   -370     1837
  SINCE JUL 1   7339                      8867  -1528     8353

 COOLING
  YESTERDAY        0                         1     -1        0
  MONTH TO DATE   10                         6      4        1
  SINCE MAR 1     10                         7      3        1
  SINCE JAN 1     10                         7      3        1
..................................................................


WIND (MPH)
  HIGHEST WIND SPEED    15   HIGHEST WIND DIRECTION     W (270)
  HIGHEST GUST SPEED    18   HIGHEST GUST DIRECTION     W (280)
  AVERAGE WIND SPEED     6.1


SKY COVER
  POSSIBLE SUNSHINE  MM
  AVERAGE SKY COVER 0.6


WEATHER CONDITIONS
 THE FOLLOWING WEATHER WAS RECORDED YESTERDAY.
  RAIN
  LIGHT RAIN
  FOG


RELATIVE HUMIDITY (PERCENT)
 HIGHEST    93           800 PM
 LOWEST     62          1000 AM
 AVERAGE    78

..........................................................


THE WILLISTON ND CLIMATE NORMALS FOR TODAY
                         NORMAL    RECORD    YEAR
 MAXIMUM TEMPERATURE (F)   72        93      1986
                                             1933
 MINIMUM TEMPERATURE (F)   45        31      2012
                                             1998


SUNRISE AND SUNSET
MAY 31 2016...........SUNRISE   559 AM CDT   SUNSET   946 PM CDT
JUNE  1 2016..........SUNRISE   558 AM CDT   SUNSET   947 PM CDT


-  INDICATES NEGATIVE NUMBERS.
R  INDICATES RECORD WAS SET OR TIED.
MM INDICATES DATA IS MISSING.
T  INDICATES TRACE AMOUNT.




$$
