000
CDUS43 KBIS 300726
CLIISN


CLIMATE REPORT
NATIONAL WEATHER SERVICE BISMARCK ND
226 AM CDT MON MAR 30 2015


...................................

...THE WILLISTON ND CLIMATE SUMMARY FOR MARCH 29 2015...

CLIMATE NORMAL PERIOD 1981 TO 2010
CLIMATE RECORD PERIOD 1894 TO 2015


WEATHER ITEM   OBSERVED TIME   RECORD YEAR NORMAL DEPARTURE LAST
                VALUE   (LST)  VALUE       VALUE  FROM      YEAR
                                                  NORMAL
..................................................................
TEMPERATURE (F)
 YESTERDAY
  MAXIMUM         62    434 PM  71    2010  48     14       59
  MINIMUM         35    642 AM -16    1964  23     12       21
  AVERAGE         49                        36     13       40

PRECIPITATION (IN)
  YESTERDAY        T             0.31 1996   0.02  -0.02     0.00
  MONTH TO DATE    0.47                      0.65  -0.18     0.28
  SINCE MAR 1      0.47                      0.65  -0.18     0.28
  SINCE JAN 1      1.41                      1.63  -0.22     0.72

SNOWFALL (IN)
  YESTERDAY       MM             5.1  1996   0.2   MM       MM
  MONTH TO DATE   MM                         5.9   MM       MM
  SINCE MAR 1     MM                         5.9   MM       MM
  SINCE JUL 1     MM                        40.0   MM       MM
  SNOW DEPTH      MM

DEGREE DAYS
 HEATING
  YESTERDAY       16                        29    -13       25
  MONTH TO DATE  844                      1049   -205     1125
  SINCE MAR 1    844                      1049   -205     1125
  SINCE JUL 1   7360                      7817   -457     8074

 COOLING
  YESTERDAY        0                         0      0        0
  MONTH TO DATE    0                         0      0        0
  SINCE MAR 1      0                         0      0        0
  SINCE JAN 1      0                         0      0        0
..................................................................


WIND (MPH)
  HIGHEST WIND SPEED    33   HIGHEST WIND DIRECTION     N (340)
  HIGHEST GUST SPEED    42   HIGHEST GUST DIRECTION     N (350)
  AVERAGE WIND SPEED    14.1


SKY COVER
  POSSIBLE SUNSHINE  MM
  AVERAGE SKY COVER 0.3


WEATHER CONDITIONS
 THE FOLLOWING WEATHER WAS RECORDED YESTERDAY.
  LIGHT RAIN


RELATIVE HUMIDITY (PERCENT)
 HIGHEST    89           600 AM
 LOWEST     32           500 PM
 AVERAGE    61

..........................................................


THE WILLISTON ND CLIMATE NORMALS FOR TODAY
                         NORMAL    RECORD    YEAR
 MAXIMUM TEMPERATURE (F)   48        78      1978
 MINIMUM TEMPERATURE (F)   24        -9      1996


SUNRISE AND SUNSET
MARCH 30 2015.........SUNRISE   737 AM CDT   SUNSET   822 PM CDT
MARCH 31 2015.........SUNRISE   735 AM CDT   SUNSET   823 PM CDT


-  INDICATES NEGATIVE NUMBERS.
R  INDICATES RECORD WAS SET OR TIED.
MM INDICATES DATA IS MISSING.
T  INDICATES TRACE AMOUNT.




$$
