000
CDUS43 KBIS 020745
CLIISN


CLIMATE REPORT
NATIONAL WEATHER SERVICE BISMARCK ND
244 AM CDT TUE SEP 2 2014


...................................

...THE WILLISTON ND CLIMATE SUMMARY FOR SEPTEMBER 1 2014...

CLIMATE NORMAL PERIOD 1981 TO 2010
CLIMATE RECORD PERIOD 1894 TO 2014


WEATHER ITEM   OBSERVED TIME   RECORD YEAR NORMAL DEPARTURE LAST
                VALUE   (LST)  VALUE       VALUE  FROM      YEAR
                                                  NORMAL
..................................................................
TEMPERATURE (F)
 YESTERDAY
  MAXIMUM         74    251 PM 104    1983  78     -4       77
  MINIMUM         46    440 AM  34    1946  49     -3       58
  AVERAGE         60                        64     -4       68

PRECIPITATION (IN)
  YESTERDAY        T             0.62 1973   0.04  -0.04     0.00
  MONTH TO DATE    T                         0.04  -0.04     0.00
  SINCE SEP 1      T                         0.04  -0.04     0.00
  SINCE JAN 1      8.43                     11.16  -2.73    15.89

SNOWFALL (IN)
  YESTERDAY       MM             0.0  2002   0.0   MM       MM
                                      2001
  MONTH TO DATE   MM                         0.0   MM       MM
  SINCE SEP 1     MM                         0.0   MM       MM
  SINCE JUL 1     MM                         0.0   MM       MM
  SNOW DEPTH      MM

DEGREE DAYS
 HEATING
  YESTERDAY        5                         4      1        0
  MONTH TO DATE    5                         4      1        0
  SINCE SEP 1      5                         4      1        0
  SINCE JUL 1     62                        75    -13       46

 COOLING
  YESTERDAY        0                         2     -2        3
  MONTH TO DATE    0                         2     -2        3
  SINCE SEP 1      0                         2     -2        3
  SINCE JAN 1    391                       431    -40      330
..................................................................


WIND (MPH)
  HIGHEST WIND SPEED    24   HIGHEST WIND DIRECTION     W (250)
  HIGHEST GUST SPEED    32   HIGHEST GUST DIRECTION     W (260)
  AVERAGE WIND SPEED     7.3


SKY COVER
  POSSIBLE SUNSHINE  MM
  AVERAGE SKY COVER 0.3


WEATHER CONDITIONS
 THE FOLLOWING WEATHER WAS RECORDED YESTERDAY.
  LIGHT RAIN


RELATIVE HUMIDITY (PERCENT)
 HIGHEST    93          1200 AM
 LOWEST     31           200 PM
 AVERAGE    62

..........................................................


THE WILLISTON ND CLIMATE NORMALS FOR TODAY
                         NORMAL    RECORD    YEAR
 MAXIMUM TEMPERATURE (F)   78        99      1901
 MINIMUM TEMPERATURE (F)   48        32      1974


SUNRISE AND SUNSET
SEPTEMBER  2 2014.....SUNRISE   714 AM CDT   SUNSET   834 PM CDT
SEPTEMBER  3 2014.....SUNRISE   715 AM CDT   SUNSET   832 PM CDT


-  INDICATES NEGATIVE NUMBERS.
R  INDICATES RECORD WAS SET OR TIED.
MM INDICATES DATA IS MISSING.
T  INDICATES TRACE AMOUNT.




$$
