000
CDUS43 KBIS 180724
CLIISN


CLIMATE REPORT
NATIONAL WEATHER SERVICE BISMARCK ND
124 AM CST MON DEC 18 2017


...................................

...THE WILLISTON ND CLIMATE SUMMARY FOR DECEMBER 17 2017...

CLIMATE NORMAL PERIOD 1981 TO 2010
CLIMATE RECORD PERIOD 1894 TO 2017


WEATHER ITEM   OBSERVED TIME   RECORD YEAR NORMAL DEPARTURE LAST
                VALUE   (LST)  VALUE       VALUE  FROM      YEAR
                                                  NORMAL
..................................................................
TEMPERATURE (F)
 YESTERDAY
  MAXIMUM         38    433 PM  52    1998  24     14       -6
                                      1923
  MINIMUM         14    710 AM -37    1906   3     11      -24
  AVERAGE         26                        13     13      -15

PRECIPITATION (IN)
  YESTERDAY        0.00          0.29 1970   0.01  -0.01      T
  MONTH TO DATE    0.13                      0.32  -0.19     0.40
  SINCE DEC 1      0.13                      0.32  -0.19     0.40
  SINCE JAN 1     11.93                     14.07  -2.14    14.99

DEGREE DAYS
 HEATING
  YESTERDAY       39                        52    -13       80
  MONTH TO DATE  599                       838   -239      881
  SINCE DEC 1    599                       838   -239      881
  SINCE JUL 1   2613                      3000   -387     2460

 COOLING
  YESTERDAY        0                         0      0        0
  MONTH TO DATE    0                         0      0        0
  SINCE DEC 1      0                         0      0        0
  SINCE JAN 1    643                       456    187      521
..................................................................


WIND (MPH)
  HIGHEST WIND SPEED    22   HIGHEST WIND DIRECTION    SW (220)
  HIGHEST GUST SPEED    27   HIGHEST GUST DIRECTION    SW (220)
  AVERAGE WIND SPEED     6.5


SKY COVER
  POSSIBLE SUNSHINE  MM
  AVERAGE SKY COVER 0.2


WEATHER CONDITIONS
 THE FOLLOWING WEATHER WAS RECORDED YESTERDAY.
  NO SIGNIFICANT WEATHER WAS OBSERVED.


RELATIVE HUMIDITY (PERCENT)
 HIGHEST    92           500 AM
 LOWEST     48           400 PM
 AVERAGE    70

..........................................................


THE WILLISTON ND CLIMATE NORMALS FOR TODAY
                         NORMAL    RECORD    YEAR
 MAXIMUM TEMPERATURE (F)   23        56      1979
 MINIMUM TEMPERATURE (F)    2       -36      1929


SUNRISE AND SUNSET
DECEMBER 18 2017......SUNRISE   841 AM CST   SUNSET   502 PM CST
DECEMBER 19 2017......SUNRISE   841 AM CST   SUNSET   502 PM CST


-  INDICATES NEGATIVE NUMBERS.
R  INDICATES RECORD WAS SET OR TIED.
MM INDICATES DATA IS MISSING.
T  INDICATES TRACE AMOUNT.




$$
