000
CDUS43 KBIS 150020
CLIISN


CLIMATE REPORT
NATIONAL WEATHER SERVICE BISMARCK ND
719 PM CDT SUN SEP 14 2014


...................................

...THE WILLISTON ND CLIMATE SUMMARY FOR SEPTEMBER 14 2014...
VALID TODAY AS OF 0700 PM LOCAL TIME.

CLIMATE NORMAL PERIOD 1981 TO 2010
CLIMATE RECORD PERIOD 1894 TO 2014


WEATHER ITEM   OBSERVED TIME   RECORD YEAR NORMAL DEPARTURE LAST
                VALUE   (LST)  VALUE       VALUE  FROM      YEAR
                                                  NORMAL
..................................................................
TEMPERATURE (F)
 TODAY
  MAXIMUM         59        MM  94    1946  72    -13       77
  MINIMUM         28        MM  22    2007  43    -15       51
                                      1993
  AVERAGE         44                        57    -13       64

PRECIPITATION (IN)
  TODAY            0.00          0.83 1927   0.04  -0.04     0.00
  MONTH TO DATE    0.39                      0.52  -0.13     1.32
  SINCE SEP 1      0.39                      0.52  -0.13     1.32
  SINCE JAN 1      8.82                     11.64  -2.82    17.21

SNOWFALL (IN)
  TODAY           MM

DEGREE DAYS
 HEATING
  TODAY           21                         8     13        1
  MONTH TO DATE  156                        84     72        8
  SINCE SEP 1    156                        84     72        8
  SINCE JUL 1    213                       155     58       54

 COOLING
  TODAY            0                         1     -1        0
  MONTH TO DATE    0                        21    -21       68
  SINCE SEP 1      0                        21    -21       68
  SINCE JAN 1    391                       450    -59      395
..................................................................


WIND (MPH)
  HIGHEST WIND SPEED    10   HIGHEST WIND DIRECTION    NW (320)
  HIGHEST GUST SPEED    MM   HIGHEST GUST DIRECTION    MM
  AVERAGE WIND SPEED     2.7


SKY COVER
  POSSIBLE SUNSHINE   0 PERCENT
  AVERAGE SKY COVER 0.0


WEATHER CONDITIONS
 THE FOLLOWING WEATHER WAS RECORDED TODAY.
  NO SIGNIFICANT WEATHER WAS OBSERVED.


RELATIVE HUMIDITY (PERCENT)
 HIGHEST     0          1200 AM
 LOWEST      0          1200 AM
 AVERAGE     0

..........................................................


THE WILLISTON ND CLIMATE NORMALS FOR TOMORROW
                         NORMAL    RECORD    YEAR
 MAXIMUM TEMPERATURE (F)   72       100      1948
 MINIMUM TEMPERATURE (F)   42        24      1934


SUNRISE AND SUNSET
SEPTEMBER 14 2014.....SUNRISE   730 AM CDT   SUNSET   809 PM CDT
SEPTEMBER 15 2014.....SUNRISE   732 AM CDT   SUNSET   807 PM CDT


-  INDICATES NEGATIVE NUMBERS.
R  INDICATES RECORD WAS SET OR TIED.
MM INDICATES DATA IS MISSING.
T  INDICATES TRACE AMOUNT.




$$
