000
CDUS43 KBIS 230732
CLIISN


CLIMATE REPORT
NATIONAL WEATHER SERVICE BISMARCK ND
232 AM CDT SUN APR 23 2017


...................................

...THE WILLISTON ND CLIMATE SUMMARY FOR APRIL 22 2017...

CLIMATE NORMAL PERIOD 1981 TO 2010
CLIMATE RECORD PERIOD 1894 TO 2017


WEATHER ITEM   OBSERVED TIME   RECORD YEAR NORMAL DEPARTURE LAST
                VALUE   (LST)  VALUE       VALUE  FROM      YEAR
                                                  NORMAL
..................................................................
TEMPERATURE (F)
 YESTERDAY
  MAXIMUM         54    402 PM  89    1989  60     -6       70
  MINIMUM         36    316 AM  12    1909  32      4       40
  AVERAGE         45                        46     -1       55

PRECIPITATION (IN)
  YESTERDAY        T             0.43 1960   0.03  -0.03     0.00
  MONTH TO DATE    0.38                      0.66  -0.28     0.69
  SINCE MAR 1      1.23                      1.37  -0.14     0.87
  SINCE JAN 1      2.37                      2.35   0.02     2.00

SNOWFALL (IN)
  YESTERDAY       MM
  SNOW DEPTH      MM

DEGREE DAYS
 HEATING
  YESTERDAY       20                        19      1       10
  MONTH TO DATE  418                       512    -94      440
  SINCE MAR 1   1458                      1619   -161     1310
  SINCE JUL 1   7480                      8387   -907     6920

 COOLING
  YESTERDAY        0                         0      0        0
  MONTH TO DATE    0                         0      0        0
  SINCE MAR 1      0                         0      0        0
  SINCE JAN 1      0                         0      0        0
..................................................................


WIND (MPH)
  HIGHEST WIND SPEED    20   HIGHEST WIND DIRECTION     E (80)
  HIGHEST GUST SPEED    23   HIGHEST GUST DIRECTION     E (80)
  AVERAGE WIND SPEED     8.3


SKY COVER
  POSSIBLE SUNSHINE  MM
  AVERAGE SKY COVER 0.8


WEATHER CONDITIONS
 THE FOLLOWING WEATHER WAS RECORDED YESTERDAY.
  FOG
  HAZE


RELATIVE HUMIDITY (PERCENT)
 HIGHEST    96           600 AM
 LOWEST     59           300 PM
 AVERAGE    78

..........................................................


THE WILLISTON ND CLIMATE NORMALS FOR TODAY
                         NORMAL    RECORD    YEAR
 MAXIMUM TEMPERATURE (F)   61        87      2012
 MINIMUM TEMPERATURE (F)   32        14      2008


SUNRISE AND SUNSET
APRIL 23 2017.........SUNRISE   649 AM CDT   SUNSET   857 PM CDT
APRIL 24 2017.........SUNRISE   647 AM CDT   SUNSET   859 PM CDT


-  INDICATES NEGATIVE NUMBERS.
R  INDICATES RECORD WAS SET OR TIED.
MM INDICATES DATA IS MISSING.
T  INDICATES TRACE AMOUNT.




$$
