000
CDUS43 KBIS 200730
CLIISN


CLIMATE REPORT
NATIONAL WEATHER SERVICE BISMARCK ND
229 AM CDT WED SEP 20 2017


...................................

...THE WILLISTON ND CLIMATE SUMMARY FOR SEPTEMBER 19 2017...

CLIMATE NORMAL PERIOD 1981 TO 2010
CLIMATE RECORD PERIOD 1894 TO 2017


WEATHER ITEM   OBSERVED TIME   RECORD YEAR NORMAL DEPARTURE LAST
                VALUE   (LST)  VALUE       VALUE  FROM      YEAR
                                                  NORMAL
..................................................................
TEMPERATURE (F)
 YESTERDAY
  MAXIMUM         65    214 PM  93    2009  70     -5       75
                                      1981
  MINIMUM         47   1159 PM  22    1918  40      7       43
  AVERAGE         56                        55      1       59

PRECIPITATION (IN)
  YESTERDAY        0.02          1.11 1925   0.04  -0.02     0.00
  MONTH TO DATE    1.46                      0.68   0.78     1.44
  SINCE SEP 1      1.46                      0.68   0.78     1.44
  SINCE JAN 1     10.74                     11.80  -1.06    11.19

DEGREE DAYS
 HEATING
  YESTERDAY        9                        10     -1        6
  MONTH TO DATE  100                       132    -32      104
  SINCE SEP 1    100                       132    -32      104
  SINCE JUL 1    119                       203    -84      114

 COOLING
  YESTERDAY        0                         0      0        0
  MONTH TO DATE   38                        24     14       31
  SINCE SEP 1     38                        24     14       31
  SINCE JAN 1    643                       453    190      521
..................................................................


WIND (MPH)
  HIGHEST WIND SPEED    21   HIGHEST WIND DIRECTION     W (260)
  HIGHEST GUST SPEED    26   HIGHEST GUST DIRECTION     W (260)
  AVERAGE WIND SPEED    10.6


SKY COVER
  POSSIBLE SUNSHINE  MM
  AVERAGE SKY COVER 0.6


WEATHER CONDITIONS
 THE FOLLOWING WEATHER WAS RECORDED YESTERDAY.
  LIGHT RAIN


RELATIVE HUMIDITY (PERCENT)
 HIGHEST    80           800 AM
 LOWEST     46           500 PM
 AVERAGE    63

..........................................................


THE WILLISTON ND CLIMATE NORMALS FOR TODAY
                         NORMAL    RECORD    YEAR
 MAXIMUM TEMPERATURE (F)   69        90      1922
 MINIMUM TEMPERATURE (F)   40        26      1997


SUNRISE AND SUNSET
SEPTEMBER 20 2017.....SUNRISE   739 AM CDT   SUNSET   756 PM CDT
SEPTEMBER 21 2017.....SUNRISE   740 AM CDT   SUNSET   754 PM CDT


-  INDICATES NEGATIVE NUMBERS.
R  INDICATES RECORD WAS SET OR TIED.
MM INDICATES DATA IS MISSING.
T  INDICATES TRACE AMOUNT.




$$
