000
CDUS43 KBIS 230722
CLIISN


CLIMATE REPORT
NATIONAL WEATHER SERVICE BISMARCK ND
221 AM CDT WED JUL 23 2014


...................................

...THE WILLISTON ND CLIMATE SUMMARY FOR JULY 22 2014...

CLIMATE NORMAL PERIOD 1981 TO 2010
CLIMATE RECORD PERIOD 1894 TO 2014


WEATHER ITEM   OBSERVED TIME   RECORD YEAR NORMAL DEPARTURE LAST
                VALUE   (LST)  VALUE       VALUE  FROM      YEAR
                                                  NORMAL
..................................................................
TEMPERATURE (F)
 YESTERDAY
  MAXIMUM         88    505 PM 103    1988  86      2       73
  MINIMUM         54    525 AM  38    1896  57     -3       53
  AVERAGE         71                        71      0       63

PRECIPITATION (IN)
  YESTERDAY        0.00          1.30 1999   0.07  -0.07     0.00
  MONTH TO DATE    0.07                      1.98  -1.91     1.61
  SINCE JUN 1      1.51                      4.50  -2.99     5.77
  SINCE JAN 1      5.60                      9.11  -3.51    13.58

SNOWFALL (IN)
  YESTERDAY       MM             0.0    MM   0.0   MM       MM
  MONTH TO DATE   MM                         0.0   MM       MM
  SINCE JUN 1      0.0                       0.0    0.0     MM
  SINCE JUL 1     MM                         0.0   MM       MM
  SNOW DEPTH      MM

DEGREE DAYS
 HEATING
  YESTERDAY        0                         0      0        2
  MONTH TO DATE   17                        21     -4        5
  SINCE JUN 1    127                       141    -14      133
  SINCE JUL 1     17                        21     -4        5

 COOLING
  YESTERDAY        6                         7     -1        0
  MONTH TO DATE  114                       119     -5      121
  SINCE JUN 1    142                       187    -45      148
  SINCE JAN 1    163                       200    -37      156
..................................................................


WIND (MPH)
  HIGHEST WIND SPEED    15   HIGHEST WIND DIRECTION     E (70)
  HIGHEST GUST SPEED    19   HIGHEST GUST DIRECTION    NW (310)
  AVERAGE WIND SPEED     5.1


SKY COVER
  POSSIBLE SUNSHINE  MM
  AVERAGE SKY COVER 0.4


WEATHER CONDITIONS
 THE FOLLOWING WEATHER WAS RECORDED YESTERDAY.
  FOG
  HAZE


RELATIVE HUMIDITY (PERCENT)
 HIGHEST    97           700 AM
 LOWEST     27           600 PM
 AVERAGE    62

..........................................................


THE WILLISTON ND CLIMATE NORMALS FOR TODAY
                         NORMAL    RECORD    YEAR
 MAXIMUM TEMPERATURE (F)   86       107      1980
 MINIMUM TEMPERATURE (F)   57        40      2004


SUNRISE AND SUNSET
JULY 23 2014..........SUNRISE   619 AM CDT   SUNSET   942 PM CDT
JULY 24 2014..........SUNRISE   620 AM CDT   SUNSET   941 PM CDT


-  INDICATES NEGATIVE NUMBERS.
R  INDICATES RECORD WAS SET OR TIED.
MM INDICATES DATA IS MISSING.
T  INDICATES TRACE AMOUNT.




$$
