000
CDUS43 KBIS 090738
CLIISN


CLIMATE REPORT
NATIONAL WEATHER SERVICE BISMARCK ND
138 AM CST FRI DEC 9 2016


...................................

...THE WILLISTON ND CLIMATE SUMMARY FOR DECEMBER 8 2016...

CLIMATE NORMAL PERIOD 1981 TO 2010
CLIMATE RECORD PERIOD 1894 TO 2016


WEATHER ITEM   OBSERVED TIME   RECORD YEAR NORMAL DEPARTURE LAST
                VALUE   (LST)  VALUE       VALUE  FROM      YEAR
                                                  NORMAL
..................................................................
TEMPERATURE (F)
 YESTERDAY
  MAXIMUM          1    700 AM  52    1925  26    -25       51
  MINIMUM        -18   1146 PM -31    1927   6    -24       30
  AVERAGE         -8                        16    -24       41

PRECIPITATION (IN)
  YESTERDAY        0.00          0.26 1966   0.01  -0.01     0.00
  MONTH TO DATE    0.17                      0.15   0.02     0.00
  SINCE DEC 1      0.17                      0.15   0.02     0.00
  SINCE JAN 1     14.76                     13.90   0.86    11.49

SNOWFALL (IN)
  YESTERDAY        0.0
  SNOW DEPTH       0

DEGREE DAYS
 HEATING
  YESTERDAY       73                        49     24       24
  MONTH TO DATE  392                       382     10      268
  SINCE DEC 1    392                       382     10      268
  SINCE JUL 1   1971                      2544   -573     2018

 COOLING
  YESTERDAY        0                         0      0        0
  MONTH TO DATE    0                         0      0        0
  SINCE DEC 1      0                         0      0        0
  SINCE JAN 1    521                       456     65      612
..................................................................


WIND (MPH)
  HIGHEST WIND SPEED    17   HIGHEST WIND DIRECTION     W (280)
  HIGHEST GUST SPEED    21   HIGHEST GUST DIRECTION     W (280)
  AVERAGE WIND SPEED     7.4


SKY COVER
  POSSIBLE SUNSHINE  MM
  AVERAGE SKY COVER 0.5


WEATHER CONDITIONS
 THE FOLLOWING WEATHER WAS RECORDED YESTERDAY.
  HAZE


RELATIVE HUMIDITY (PERCENT)
 HIGHEST    81          1100 PM
 LOWEST     65           200 AM
 AVERAGE    73

..........................................................


THE WILLISTON ND CLIMATE NORMALS FOR TODAY
                         NORMAL    RECORD    YEAR
 MAXIMUM TEMPERATURE (F)   26        56      1939
 MINIMUM TEMPERATURE (F)    5       -37      1977


SUNRISE AND SUNSET
DECEMBER  9 2016......SUNRISE   834 AM CST   SUNSET   501 PM CST
DECEMBER 10 2016......SUNRISE   835 AM CST   SUNSET   501 PM CST


-  INDICATES NEGATIVE NUMBERS.
R  INDICATES RECORD WAS SET OR TIED.
MM INDICATES DATA IS MISSING.
T  INDICATES TRACE AMOUNT.




$$
