000
CDUS43 KBIS 220735
CLIISN


CLIMATE REPORT
NATIONAL WEATHER SERVICE BISMARCK ND
235 AM CDT FRI AUG 22 2014


...................................

...THE WILLISTON ND CLIMATE SUMMARY FOR AUGUST 21 2014...

CLIMATE NORMAL PERIOD 1981 TO 2010
CLIMATE RECORD PERIOD 1894 TO 2014


WEATHER ITEM   OBSERVED TIME   RECORD YEAR NORMAL DEPARTURE LAST
                VALUE   (LST)  VALUE       VALUE  FROM      YEAR
                                                  NORMAL
..................................................................
TEMPERATURE (F)
 YESTERDAY
  MAXIMUM         77    549 PM  99    1971  83     -6       80
                                      1969
  MINIMUM         54    518 AM  34    1907  53      1       57
  AVERAGE         66                        68     -2       69

PRECIPITATION (IN)
  YESTERDAY        T             3.04 1993   0.04  -0.04     0.00
  MONTH TO DATE    0.58                      1.00  -0.42     1.76
  SINCE JUN 1      2.68                      6.06  -3.38     7.67
  SINCE JAN 1      6.77                     10.67  -3.90    15.48

SNOWFALL (IN)
  YESTERDAY        0.0           0.0  2002   0.0    0.0     MM
                                      2001
  MONTH TO DATE    0.0                       0.0    0.0     MM
  SINCE JUN 1      0.0                       0.0    0.0     MM
  SINCE JUL 1      0.0                       0.0    0.0     MM
  SNOW DEPTH       0

DEGREE DAYS
 HEATING
  YESTERDAY        0                         2     -2        0
  MONTH TO DATE    1                        23    -22       21
  SINCE JUN 1    128                       167    -39      174
  SINCE JUL 1     18                        47    -29       46

 COOLING
  YESTERDAY        1                         5     -4        4
  MONTH TO DATE  168                       131     37       66
  SINCE JUN 1    360                       381    -21      219
  SINCE JAN 1    381                       394    -13      227
..................................................................


WIND (MPH)
  HIGHEST WIND SPEED    16   HIGHEST WIND DIRECTION     N (360)
  HIGHEST GUST SPEED    19   HIGHEST GUST DIRECTION     N (10)
  AVERAGE WIND SPEED     5.7


SKY COVER
  POSSIBLE SUNSHINE  MM
  AVERAGE SKY COVER 0.6


WEATHER CONDITIONS
 THE FOLLOWING WEATHER WAS RECORDED YESTERDAY.
  LIGHT RAIN
  FOG
  FOG W/VISIBILITY <= 1/4 MILE


RELATIVE HUMIDITY (PERCENT)
 HIGHEST   100           300 AM
 LOWEST     50           500 PM
 AVERAGE    75

..........................................................


THE WILLISTON ND CLIMATE NORMALS FOR TODAY
                         NORMAL    RECORD    YEAR
 MAXIMUM TEMPERATURE (F)   83       103      1969
 MINIMUM TEMPERATURE (F)   53        32      1911
                                             1908


SUNRISE AND SUNSET
AUGUST 22 2014........SUNRISE   659 AM CDT   SUNSET   855 PM CDT
AUGUST 23 2014........SUNRISE   700 AM CDT   SUNSET   853 PM CDT


-  INDICATES NEGATIVE NUMBERS.
R  INDICATES RECORD WAS SET OR TIED.
MM INDICATES DATA IS MISSING.
T  INDICATES TRACE AMOUNT.




$$
