000
CDUS41 KOKX 010616
CLIISP


CLIMATE REPORT
NATIONAL WEATHER SERVICE NEW YORK NY
216 AM EDT WED OCT 1 2014


...................................

...THE ISLIP NY CLIMATE SUMMARY FOR SEPTEMBER 30 2014...

CLIMATE NORMAL PERIOD 1981 TO 2010
CLIMATE RECORD PERIOD 1986 TO 2014


WEATHER ITEM   OBSERVED TIME   RECORD YEAR NORMAL DEPARTURE LAST
                VALUE   (LST)  VALUE       VALUE  FROM      YEAR
                                                  NORMAL
..................................................................
TEMPERATURE (F)
 YESTERDAY
  MAXIMUM         68    140 AM  82    1986  69     -1       72
  MINIMUM         61   1159 PM  40    2000  51     10       50
                                      1992
  AVERAGE         65                        60      5       61

PRECIPITATION (IN)
  YESTERDAY        T             1.05 2001   0.13  -0.13     0.00
  MONTH TO DATE    1.62                      3.58  -1.96     1.83
  SINCE SEP 1      1.62                      3.58  -1.96     1.83
  SINCE JAN 1     42.18                     34.72   7.46    30.39

SNOWFALL (IN)
  YESTERDAY        0.0          MM      MM   0.0    0.0      0.0
  MONTH TO DATE    0.0                       0.0    0.0      0.0
  SINCE OCT 1     63.7                      24.8   38.9     46.9
  SINCE JUL 1      0.0                       0.0    0.0      0.0
  SNOW DEPTH       0

DEGREE DAYS
 HEATING
  YESTERDAY        0                         6     -6        4
  MONTH TO DATE   44                        72    -28       83
  SINCE SEP 1     44                        72    -28       83
  SINCE JUL 1     44                        77    -33       83

 COOLING
  YESTERDAY        0                         1     -1        0
  MONTH TO DATE  124                        91     33       84
  SINCE SEP 1    124                        91     33       84
  SINCE JAN 1    871                       777     94      931
..................................................................


WIND (MPH)
  HIGHEST WIND SPEED    13   HIGHEST WIND DIRECTION    NE (50)
  HIGHEST GUST SPEED    17   HIGHEST GUST DIRECTION     E (70)
  AVERAGE WIND SPEED     6.9


SKY COVER
  AVERAGE SKY COVER 1.0


WEATHER CONDITIONS
 THE FOLLOWING WEATHER WAS RECORDED YESTERDAY.
  LIGHT RAIN
  FOG


RELATIVE HUMIDITY (PERCENT)
 HIGHEST    93           200 AM
 LOWEST     78           300 PM
 AVERAGE    86

..........................................................


THE ISLIP NY CLIMATE NORMALS FOR TODAY
                         NORMAL    RECORD    YEAR
 MAXIMUM TEMPERATURE (F)   68        83      1986
 MINIMUM TEMPERATURE (F)   51        37      1992


SUNRISE AND SUNSET
OCTOBER  1 2014.......SUNRISE   649 AM EDT   SUNSET   635 PM EDT
OCTOBER  2 2014.......SUNRISE   650 AM EDT   SUNSET   633 PM EDT


-  INDICATES NEGATIVE NUMBERS.
R  INDICATES RECORD WAS SET OR TIED.
MM INDICATES DATA IS MISSING.
T  INDICATES TRACE AMOUNT.




$$
