000
CDUS41 KOKX 230616
CLIISP


CLIMATE REPORT
NATIONAL WEATHER SERVICE NEW YORK NY
215 AM EDT THU OCT 23 2014


...................................

...THE ISLIP NY CLIMATE SUMMARY FOR OCTOBER 22 2014...

CLIMATE NORMAL PERIOD 1981 TO 2010
CLIMATE RECORD PERIOD 1986 TO 2014


WEATHER ITEM   OBSERVED TIME   RECORD YEAR NORMAL DEPARTURE LAST
                VALUE   (LST)  VALUE       VALUE  FROM      YEAR
                                                  NORMAL
..................................................................
TEMPERATURE (F)
 YESTERDAY
  MAXIMUM         59    111 AM  73    1990  61     -2       69
  MINIMUM         51   1024 PM  36    2010  43      8       46
                                      2006
                                      2002
  AVERAGE         55                        52      3       58

PRECIPITATION (IN)
  YESTERDAY        0.59          0.85 1984   0.13   0.46     0.00
  MONTH TO DATE    3.57                      2.71   0.86     0.19
  SINCE SEP 1      5.19                      6.29  -1.10     2.02
  SINCE JAN 1     45.75                     37.43   8.32    30.58

SNOWFALL (IN)
  YESTERDAY        0.0          MM      MM   0.0    0.0      0.0
  MONTH TO DATE    0.0                       0.0    0.0      0.0
  SINCE OCT 1      0.0                       0.0    0.0      0.0
  SINCE JUL 1      0.0                       0.0    0.0      0.0
  SNOW DEPTH       0

DEGREE DAYS
 HEATING
  YESTERDAY       10                        13     -3        7
  MONTH TO DATE  147                       214    -67       89
  SINCE SEP 1    191                       286    -95      172
  SINCE JUL 1    191                       291   -100      172

 COOLING
  YESTERDAY        0                         0      0        0
  MONTH TO DATE   16                         9      7       26
  SINCE SEP 1    140                       100     40      110
  SINCE JAN 1    887                       786    101      957
..................................................................


WIND (MPH)
  HIGHEST WIND SPEED    36   HIGHEST WIND DIRECTION     N (10)
  HIGHEST GUST SPEED    46   HIGHEST GUST DIRECTION    NE (30)
  AVERAGE WIND SPEED    18.8


SKY COVER
  AVERAGE SKY COVER 1.0


WEATHER CONDITIONS
 THE FOLLOWING WEATHER WAS RECORDED YESTERDAY.
  THUNDERSTORM
  HEAVY RAIN
  RAIN
  LIGHT RAIN
  FOG


RELATIVE HUMIDITY (PERCENT)
 HIGHEST    93          1200 AM
 LOWEST     83           200 PM
 AVERAGE    88

..........................................................


THE ISLIP NY CLIMATE NORMALS FOR TODAY
                         NORMAL    RECORD    YEAR
 MAXIMUM TEMPERATURE (F)   61        75      1995
 MINIMUM TEMPERATURE (F)   43        30      1997


SUNRISE AND SUNSET
OCTOBER 23 2014.......SUNRISE   712 AM EDT   SUNSET   600 PM EDT
OCTOBER 24 2014.......SUNRISE   714 AM EDT   SUNSET   559 PM EDT


-  INDICATES NEGATIVE NUMBERS.
R  INDICATES RECORD WAS SET OR TIED.
MM INDICATES DATA IS MISSING.
T  INDICATES TRACE AMOUNT.




$$
