000
CDCA42 TJSJ 310425
CLIIST


CLIMATE REPORT
NATIONAL WEATHER SERVICE SAN JUAN, PR
1225 AM AST THU JUL 31 2014


...................................

...THE CYRIL E. KING AIRPORT/USVI CLIMATE SUMMARY FOR JULY 30 2014...

CLIMATE NORMAL PERIOD 1981 TO 2010
CLIMATE RECORD PERIOD 1956 TO 2014


WEATHER ITEM   OBSERVED TIME   RECORD YEAR NORMAL DEPARTURE LAST
                VALUE   (LST)  VALUE       VALUE  FROM      YEAR
                                                  NORMAL
..................................................................
TEMPERATURE (F)
 YESTERDAY
  MAXIMUM         88    156 PM  97    1993  90     -2       90
  MINIMUM         78    503 AM  70    1972  78      0       79
  AVERAGE         83                        84     -1       85

PRECIPITATION (IN)
  YESTERDAY        0.01          1.03 1955   0.10  -0.09     0.01
  MONTH TO DATE    0.75                      2.75  -2.00     4.24
  SINCE JUN 1      0.89                      5.28  -4.39     8.62
  SINCE JAN 1     14.13                     16.31  -2.18    17.24

SNOWFALL (IN)
  YESTERDAY        0.0
  MONTH TO DATE    0.0
  SINCE JUN 1      0.0
  SINCE JUL 1      0.0

DEGREE DAYS
 HEATING
  YESTERDAY        0                         0      0        0
  MONTH TO DATE    0                         0      0        0
  SINCE JUN 1      0                         0      0        0
  SINCE JUL 1      0                         0      0        0

 COOLING
  YESTERDAY       18                        19     -1       20
  MONTH TO DATE  587                       570     17      558
  SINCE JUN 1   1162                      1125     37     1094
  SINCE JAN 1   3385                      3377      8     3288
..................................................................


WIND (MPH)
  RESULTANT WIND SPEED   8   RESULTANT WIND DIRECTION  SE (120)
  HIGHEST WIND SPEED    17   HIGHEST WIND DIRECTION    SE (140)
  HIGHEST GUST SPEED    22   HIGHEST GUST DIRECTION    SE (140)
  AVERAGE WIND SPEED     9.2


SKY COVER
  POSSIBLE SUNSHINE  MM
  AVERAGE SKY COVER 0.1


WEATHER CONDITIONS
 THE FOLLOWING WEATHER WAS RECORDED YESTERDAY.
  NO SIGNIFICANT WEATHER WAS OBSERVED.


RELATIVE HUMIDITY (PERCENT)
 HIGHEST    91
 LOWEST     63
 AVERAGE    77

..........................................................


THE CYRIL E. KING AIRPORT/USVI CLIMATE NORMALS FOR TODAY
                         NORMAL    RECORD    YEAR
 MAXIMUM TEMPERATURE (F)   90        97      1993
 MINIMUM TEMPERATURE (F)   78        72      1955


SUNRISE AND SUNSET
JULY 31 2014..........SUNRISE   557 AM AST   SUNSET   655 PM AST
AUGUST  1 2014........SUNRISE   558 AM AST   SUNSET   654 PM AST


-  INDICATES NEGATIVE NUMBERS.
R  INDICATES RECORD WAS SET OR TIED.
MM INDICATES DATA IS MISSING.
T  INDICATES TRACE AMOUNT.




$$
