000
CDCA42 TJSJ 262126
CLIISX


CLIMATE REPORT
NATIONAL WEATHER SERVICE SAN JUAN, PR
526 PM AST THU MAY 26 2016


...................................

...THE HENRY E. ROHLSEN AP/ST CROIX CLIMATE SUMMARY FOR MAY 26 2016...
VALID TODAY AS OF 0500 PM LOCAL TIME.

CLIMATE NORMAL PERIOD 1981 TO 2010
CLIMATE RECORD PERIOD 1951 TO 2016


WEATHER ITEM   OBSERVED TIME   RECORD YEAR NORMAL DEPARTURE LAST
                VALUE   (LST)  VALUE       VALUE  FROM      YEAR
                                                  NORMAL
..................................................................
TEMPERATURE (F)
 TODAY
  MAXIMUM         86    128 PM  92    1972  87     -1       85
  MINIMUM         74    607 AM  72    2015  77     -3       72
                                      2012
                                      1983
  AVERAGE         80                        82     -2       79

PRECIPITATION (IN)
  TODAY            0.01          0.22 2013   0.12  -0.11     0.22
                                      2013
                                      2015
  MONTH TO DATE    2.32                      3.60  -1.28     0.64
  SINCE MAR 1      7.93                      7.29   0.64     1.99
  SINCE JAN 1      9.90                     11.08  -1.18     4.95

SNOWFALL (IN)
  TODAY           MM                         0.0   MM        0.0
  MONTH TO DATE    0.0                       0.0    0.0      0.0
  SINCE MAR 1      0.0                       0.0    0.0      0.0
  SINCE JUL 1      0.0                       0.0    0.0      0.0

DEGREE DAYS
 HEATING
  TODAY            0                         0      0        0
  MONTH TO DATE    0                         0      0        0
  SINCE MAR 1      0                         0      0        0
  SINCE JUL 1      0                         0      0        0

 COOLING
  TODAY           15                        17     -2       14
  MONTH TO DATE  453                       424     29      463
  SINCE MAR 1   1400                      1292    108     1362
  SINCE JAN 1   2250                      2069    181     2165
..................................................................


WIND (MPH)
  HIGHEST WIND SPEED    17   HIGHEST WIND DIRECTION     E (90)
  HIGHEST GUST SPEED    22   HIGHEST GUST DIRECTION     E (90)
  AVERAGE WIND SPEED     7.7


SKY COVER
  AVERAGE SKY COVER 0.4


WEATHER CONDITIONS
 THE FOLLOWING WEATHER WAS RECORDED TODAY.
  LIGHT RAIN


RELATIVE HUMIDITY (PERCENT)
 HIGHEST    87
 LOWEST     61
 AVERAGE    74

..........................................................


THE HENRY E. ROHLSEN AP/ST CROIX CLIMATE NORMALS FOR TOMORROW
                         NORMAL    RECORD    YEAR
 MAXIMUM TEMPERATURE (F)   87        93      1972
 MINIMUM TEMPERATURE (F)   77        70      2015


SUNRISE AND SUNSET
MAY 26 2016...........SUNRISE   544 AM AST   SUNSET   649 PM AST
MAY 27 2016...........SUNRISE   544 AM AST   SUNSET   649 PM AST


-  INDICATES NEGATIVE NUMBERS.
R  INDICATES RECORD WAS SET OR TIED.
MM INDICATES DATA IS MISSING.
T  INDICATES TRACE AMOUNT.




$$
