000
CDHW43 PHFO 041245
CLIITO


CLIMATE REPORT
NATIONAL WEATHER SERVICE HONOLULU HI
245 AM HST WED MAR 4 2015


...................................

...THE HILO HI CLIMATE SUMMARY FOR MARCH 3 2015...

CLIMATE NORMAL PERIOD 1981 TO 2010
CLIMATE RECORD PERIOD 1946 TO 2015


WEATHER ITEM   OBSERVED TIME   RECORD YEAR NORMAL DEPARTURE LAST
                VALUE   (LST)  VALUE       VALUE  FROM      YEAR
                                                  NORMAL
..................................................................
TEMPERATURE (F)
 YESTERDAY
  MAXIMUM         82    252 PM  87    1989  79      3       75
  MINIMUM         66   1253 AM  54    1983  64      2       66
  AVERAGE         74                        72      2       71

PRECIPITATION (IN)
  YESTERDAY        1.06          7.10 1969   0.41   0.65     0.06
  MONTH TO DATE    2.98                      1.20   1.78     0.37
  SINCE MAR 1      2.98                      1.20   1.78     0.37
  SINCE JAN 1     11.07                     20.02  -8.95     8.60

SNOWFALL (IN)
  YESTERDAY        0.0
  MONTH TO DATE    0.0
  SINCE MAR 1      0.0
  SINCE JUL 1      0.0
  SNOW DEPTH       0

DEGREE DAYS
 HEATING
  YESTERDAY        0                         0      0        0
  MONTH TO DATE    0                         0      0        0
  SINCE MAR 1      0                         0      0        0
  SINCE JUL 1      0                         0      0        0

 COOLING
  YESTERDAY        9                         6      3        6
  MONTH TO DATE   26                        18      8       18
  SINCE MAR 1     26                        18      8       18
  SINCE JAN 1    552                       388    164      476
..................................................................


WIND (MPH)
  HIGHEST WIND SPEED    13   HIGHEST WIND DIRECTION    NE (50)
  HIGHEST GUST SPEED    16   HIGHEST GUST DIRECTION    NE (50)
  AVERAGE WIND SPEED     6.3


SKY COVER
  POSSIBLE SUNSHINE  MM
  AVERAGE SKY COVER 0.8


WEATHER CONDITIONS
 THE FOLLOWING WEATHER WAS RECORDED YESTERDAY.
  HEAVY RAIN
  RAIN
  LIGHT RAIN


RELATIVE HUMIDITY (PERCENT)
 HIGHEST    93           900 PM
 LOWEST     67           900 AM
 AVERAGE    80

..........................................................


THE HILO HI CLIMATE NORMALS FOR TODAY
                         NORMAL    RECORD    YEAR
 MAXIMUM TEMPERATURE (F)   79        86      1972
 MINIMUM TEMPERATURE (F)   64        58      1985
                                             1971


SUNRISE AND SUNSET
MARCH  4 2015.........SUNRISE   638 AM HST   SUNSET   627 PM HST
MARCH  5 2015.........SUNRISE   637 AM HST   SUNSET   627 PM HST


-  INDICATES NEGATIVE NUMBERS.
R  INDICATES RECORD WAS SET OR TIED.
MM INDICATES DATA IS MISSING.
T  INDICATES TRACE AMOUNT.




$$
