000
CDHW43 PHFO 220246
CLIITO


CLIMATE REPORT
NATIONAL WEATHER SERVICE HONOLULU HI
445 PM HST WED FEB 21 2018


...................................

...THE HILO HI CLIMATE SUMMARY FOR FEBRUARY 21 2018...
VALID TODAY AS OF 0400 PM LOCAL TIME.

CLIMATE NORMAL PERIOD 1981 TO 2010
CLIMATE RECORD PERIOD 1946 TO 2018


WEATHER ITEM   OBSERVED TIME   RECORD YEAR NORMAL DEPARTURE LAST
                VALUE   (LST)  VALUE       VALUE  FROM      YEAR
                                                  NORMAL
..................................................................
TEMPERATURE (F)
 TODAY
  MAXIMUM         80    112 PM  87    1986  79      1       78
                                      1963
  MINIMUM         68    110 AM  53    1962  64      4       64
  AVERAGE         74                        71      3       71

PRECIPITATION (IN)
  TODAY            0.11          4.81 1999   0.33  -0.22      T
  MONTH TO DATE    4.46                      6.99  -2.53     1.04
  SINCE DEC 1     28.99                     27.82   1.17    33.78
  SINCE JAN 1     19.09                     16.25   2.84    13.38

SNOWFALL (IN)
  TODAY            0.0
  MONTH TO DATE    0.0
  SINCE DEC 1      0.0
  SINCE JUL 1      0.0
  SNOW DEPTH      MM

DEGREE DAYS
 HEATING
  TODAY            0                         0      0        0
  MONTH TO DATE    0                         0      0        0
  SINCE DEC 1      0                         0      0        0
  SINCE JUL 1      0                         0      0        0

 COOLING
  TODAY            9                         6      3        6
  MONTH TO DATE  194                       126     68      156
  SINCE DEC 1    647                       549     98      596
  SINCE JAN 1    447                       324    123      366
..................................................................


WIND (MPH)
  HIGHEST WIND SPEED    10   HIGHEST WIND DIRECTION    SE (130)
  HIGHEST GUST SPEED    13   HIGHEST GUST DIRECTION    SE (140)
  AVERAGE WIND SPEED    MM


SKY COVER
  POSSIBLE SUNSHINE  MM
  AVERAGE SKY COVER  MM


WEATHER CONDITIONS
 THE FOLLOWING WEATHER WAS RECORDED TODAY.
  FOG


RELATIVE HUMIDITY (PERCENT)
 HIGHEST    MM
 LOWEST     MM
 AVERAGE    MM

..........................................................


THE HILO HI CLIMATE NORMALS FOR TOMORROW
                         NORMAL    RECORD    YEAR
 MAXIMUM TEMPERATURE (F)   79        87      1968
                                             1963
 MINIMUM TEMPERATURE (F)   64        57      1962


SUNRISE AND SUNSET
FEBRUARY 21 2018......SUNRISE   645 AM HST   SUNSET   623 PM HST
FEBRUARY 22 2018......SUNRISE   645 AM HST   SUNSET   623 PM HST


-  INDICATES NEGATIVE NUMBERS.
R  INDICATES RECORD WAS SET OR TIED.
MM INDICATES DATA IS MISSING.
T  INDICATES TRACE AMOUNT.




$$
