000
CDHW43 PHFO 041247
CLIITO


CLIMATE REPORT
NATIONAL WEATHER SERVICE
1245 PM UTC TUE AUG 4 2015


...................................

...THE HILO HI CLIMATE SUMMARY FOR AUGUST 3 2015...

CLIMATE NORMAL PERIOD 1981 TO 2010
CLIMATE RECORD PERIOD 1946 TO 2015


WEATHER ITEM   OBSERVED TIME   RECORD YEAR NORMAL DEPARTURE LAST
                VALUE   (LST)  VALUE       VALUE  FROM      YEAR
                                                  NORMAL
..................................................................
TEMPERATURE (F)
 YESTERDAY
  MAXIMUM         84    154 PM  87    1986  83      1       86
  MINIMUM         74   1159 PM  66    1985  70      4       72
                                      1970
  AVERAGE         79                        76      3       79

PRECIPITATION (IN)
  YESTERDAY        0.68          9.64 1991   0.36   0.32     0.05
  MONTH TO DATE    3.70                      1.10   2.60     2.37
  SINCE JUN 1     11.57                     19.28  -7.71    24.93
  SINCE JAN 1     48.59                     71.19 -22.60    72.67

SNOWFALL (IN)
  YESTERDAY        0.0
  MONTH TO DATE    0.0
  SINCE JUN 1      0.0
  SINCE JUL 1      0.0
  SNOW DEPTH      MM

DEGREE DAYS
 HEATING
  YESTERDAY        0                         0      0        0
  MONTH TO DATE    0                         0      0        0
  SINCE JUN 1      0                         0      0        0
  SINCE JUL 1      0                         0      0        0

 COOLING
  YESTERDAY       14                        11      3       14
  MONTH TO DATE   35                        33      2       38
  SINCE JUN 1    368                       682   -314      650
  SINCE JAN 1   1543                      1750   -207     1906
..................................................................


WIND (MPH)
  HIGHEST WIND SPEED    12   HIGHEST WIND DIRECTION     E (70)
  HIGHEST GUST SPEED    13   HIGHEST GUST DIRECTION     E (70)
  AVERAGE WIND SPEED     4.6


SKY COVER
  POSSIBLE SUNSHINE  MM
  AVERAGE SKY COVER  MM


WEATHER CONDITIONS
 THE FOLLOWING WEATHER WAS RECORDED YESTERDAY.
  FOG
  HAZE


RELATIVE HUMIDITY (PERCENT)
 HIGHEST    MM
 LOWEST     MM
 AVERAGE    MM

..........................................................


THE HILO HI CLIMATE NORMALS FOR TODAY
                         NORMAL    RECORD    YEAR
 MAXIMUM TEMPERATURE (F)   83        89      1986
 MINIMUM TEMPERATURE (F)   70        65      1970
                                             1955


SUNRISE AND SUNSET
AUGUST  4 2015........SUNRISE   557 AM HST   SUNSET   655 PM HST
AUGUST  5 2015........SUNRISE   558 AM HST   SUNSET   655 PM HST


-  INDICATES NEGATIVE NUMBERS.
R  INDICATES RECORD WAS SET OR TIED.
MM INDICATES DATA IS MISSING.
T  INDICATES TRACE AMOUNT.




$$
