000
CDHW43 PHFO 071245
CLIITO


CLIMATE REPORT
NATIONAL WEATHER SERVICE HONOLULU HI
245 AM HST WED DEC 7 2016


...................................

...THE HILO HI CLIMATE SUMMARY FOR DECEMBER 6 2016...

CLIMATE NORMAL PERIOD 1981 TO 2010
CLIMATE RECORD PERIOD 1946 TO 2016


WEATHER ITEM   OBSERVED TIME   RECORD YEAR NORMAL DEPARTURE LAST
                VALUE   (LST)  VALUE       VALUE  FROM      YEAR
                                                  NORMAL
..................................................................
TEMPERATURE (F)
 YESTERDAY
  MAXIMUM         80    214 PM  91    1977  80      0       84
  MINIMUM         67    509 AM  60    2010  66      1       66
                                      1962
  AVERAGE         74                        73      1       75

PRECIPITATION (IN)
  YESTERDAY        0.00          8.00 1950   0.40  -0.40      T
  MONTH TO DATE   11.94                      2.44   9.50     0.34
  SINCE DEC 1     11.94                      2.44   9.50     0.34
  SINCE JAN 1    119.94                    117.59   2.35   131.37

SNOWFALL (IN)
  YESTERDAY        0.0
  MONTH TO DATE    0.0
  SINCE DEC 1      0.0
  SINCE JUL 1      0.0
  SNOW DEPTH       0

DEGREE DAYS
 HEATING
  YESTERDAY        0                         0      0        0
  MONTH TO DATE    0                         0      0        0
  SINCE DEC 1      0                         0      0        0
  SINCE JUL 1      0                         0      0        0

 COOLING
  YESTERDAY        9                         8      1       10
  MONTH TO DATE   40                        48     -8       63
  SINCE DEC 1     40                        48     -8       63
  SINCE JAN 1   3801                      3055    746     3733
..................................................................


WIND (MPH)
  HIGHEST WIND SPEED     9   HIGHEST WIND DIRECTION    NE (30)
  HIGHEST GUST SPEED    12   HIGHEST GUST DIRECTION     N (20)
  AVERAGE WIND SPEED     3.4


SKY COVER
  POSSIBLE SUNSHINE  MM
  AVERAGE SKY COVER 0.4


WEATHER CONDITIONS
 THE FOLLOWING WEATHER WAS RECORDED YESTERDAY.
  NO SIGNIFICANT WEATHER WAS OBSERVED.


RELATIVE HUMIDITY (PERCENT)
 HIGHEST    97          1200 AM
 LOWEST     69          1200 PM
 AVERAGE    83

..........................................................


THE HILO HI CLIMATE NORMALS FOR TODAY
                         NORMAL    RECORD    YEAR
 MAXIMUM TEMPERATURE (F)   80        86      1995
                                             1988
 MINIMUM TEMPERATURE (F)   66        58      1959


SUNRISE AND SUNSET
DECEMBER  7 2016......SUNRISE   643 AM HST   SUNSET   542 PM HST
DECEMBER  8 2016......SUNRISE   643 AM HST   SUNSET   542 PM HST


-  INDICATES NEGATIVE NUMBERS.
R  INDICATES RECORD WAS SET OR TIED.
MM INDICATES DATA IS MISSING.
T  INDICATES TRACE AMOUNT.




$$
