000
CDHW43 PHFO 290230
CLIITO


CLIMATE REPORT
NATIONAL WEATHER SERVICE HONOLULU HI
428 PM HST SUN MAY 28 2017


...................................

...THE HILO HI CLIMATE SUMMARY FOR MAY 28 2017...
VALID TODAY AS OF 0400 PM LOCAL TIME.

CLIMATE NORMAL PERIOD 1981 TO 2010
CLIMATE RECORD PERIOD 1946 TO 2017


WEATHER ITEM   OBSERVED TIME   RECORD YEAR NORMAL DEPARTURE LAST
                VALUE   (LST)  VALUE       VALUE  FROM      YEAR
                                                  NORMAL
..................................................................
TEMPERATURE (F)
 TODAY
  MAXIMUM         83   1249 PM  87    2007  82      1       83
                                      1992
                                      1980
  MINIMUM         67    612 AM  62    1972  68     -1       69
  AVERAGE         75                        75      0       76

PRECIPITATION (IN)
  TODAY            0.30          1.32 1987   0.21   0.09     0.03
  MONTH TO DATE    7.50                      7.50   0.00     5.21
  SINCE MAR 1     15.98                     32.47 -16.49    19.67
  SINCE JAN 1     34.47                     51.29 -16.82    24.24

SNOWFALL (IN)
  TODAY            0.0
  MONTH TO DATE    0.0
  SINCE MAR 1      0.0
  SINCE JUL 1      0.0
  SNOW DEPTH      MM

DEGREE DAYS
 HEATING
  TODAY            0                         0      0        0
  MONTH TO DATE    0                         0      0        0
  SINCE MAR 1      0                         0      0        0
  SINCE JUL 1      0                         0      0        0

 COOLING
  TODAY           10                        10      0       11
  MONTH TO DATE  278                       241     37      322
  SINCE MAR 1    863                       668    195      948
  SINCE JAN 1   1272                      1038    234     1512
..................................................................


WIND (MPH)
  HIGHEST WIND SPEED    15   HIGHEST WIND DIRECTION    NE (30)
  HIGHEST GUST SPEED    17   HIGHEST GUST DIRECTION    NE (40)
  AVERAGE WIND SPEED    MM


SKY COVER
  POSSIBLE SUNSHINE  MM
  AVERAGE SKY COVER  MM


WEATHER CONDITIONS
 THE FOLLOWING WEATHER WAS RECORDED TODAY.
  THUNDERSTORM
  FOG


RELATIVE HUMIDITY (PERCENT)
 HIGHEST    MM
 LOWEST     MM
 AVERAGE    MM

..........................................................


THE HILO HI CLIMATE NORMALS FOR TOMORROW
                         NORMAL    RECORD    YEAR
 MAXIMUM TEMPERATURE (F)   82        89      1992
 MINIMUM TEMPERATURE (F)   68        64      2001
                                             1998
                                             1977


SUNRISE AND SUNSET
MAY 28 2017...........SUNRISE   541 AM HST   SUNSET   654 PM HST
MAY 29 2017...........SUNRISE   541 AM HST   SUNSET   655 PM HST


-  INDICATES NEGATIVE NUMBERS.
R  INDICATES RECORD WAS SET OR TIED.
MM INDICATES DATA IS MISSING.
T  INDICATES TRACE AMOUNT.




$$
