000
CDHW43 PHFO 230230
CLIITO


CLIMATE REPORT
NATIONAL WEATHER SERVICE HONOLULU HI
429 PM HST WED NOV 22 2017


...................................

...THE HILO HI CLIMATE SUMMARY FOR NOVEMBER 22 2017...
VALID TODAY AS OF 0400 PM LOCAL TIME.

CLIMATE NORMAL PERIOD 1981 TO 2010
CLIMATE RECORD PERIOD 1946 TO 2017


WEATHER ITEM   OBSERVED TIME   RECORD YEAR NORMAL DEPARTURE LAST
                VALUE   (LST)  VALUE       VALUE  FROM      YEAR
                                                  NORMAL
..................................................................
TEMPERATURE (F)
 TODAY
  MAXIMUM         79    243 PM  87    2015  80     -1       80
  MINIMUM         61    618 AM  59    1956  67     -6       67
  AVERAGE         70                        74     -4       74

PRECIPITATION (IN)
  TODAY            0.00          3.72 1966   0.52  -0.52     0.18
  MONTH TO DATE    8.37                     11.59  -3.22     4.84
  SINCE SEP 1     29.47                     31.30  -1.83    34.71
  SINCE JAN 1     83.09                    111.24 -28.15   102.80

SNOWFALL (IN)
  TODAY            0.0
  MONTH TO DATE    0.0
  SINCE SEP 1      0.0
  SINCE JUL 1      0.0
  SNOW DEPTH      MM

DEGREE DAYS
 HEATING
  TODAY            0                         0      0        0
  MONTH TO DATE    0                         0      0        0
  SINCE SEP 1      0                         0      0        0
  SINCE JUL 1      0                         0      0        0

 COOLING
  TODAY            5                         9     -4        9
  MONTH TO DATE  183                       206    -23      216
  SINCE SEP 1    911                       869     42      942
  SINCE JAN 1   3327                      2941    386     3693
..................................................................


WIND (MPH)
  HIGHEST WIND SPEED    18   HIGHEST WIND DIRECTION     N (340)
  HIGHEST GUST SPEED    22   HIGHEST GUST DIRECTION     N (340)
  AVERAGE WIND SPEED    MM


SKY COVER
  POSSIBLE SUNSHINE  MM
  AVERAGE SKY COVER  MM


WEATHER CONDITIONS
 THE FOLLOWING WEATHER WAS RECORDED TODAY.
  HAZE


RELATIVE HUMIDITY (PERCENT)
 HIGHEST    MM
 LOWEST     MM
 AVERAGE    MM

..........................................................


THE HILO HI CLIMATE NORMALS FOR TOMORROW
                         NORMAL    RECORD    YEAR
 MAXIMUM TEMPERATURE (F)   80        87      2015
 MINIMUM TEMPERATURE (F)   67        62      1975


SUNRISE AND SUNSET
NOVEMBER 22 2017......SUNRISE   633 AM HST   SUNSET   540 PM HST
NOVEMBER 23 2017......SUNRISE   634 AM HST   SUNSET   540 PM HST


-  INDICATES NEGATIVE NUMBERS.
R  INDICATES RECORD WAS SET OR TIED.
MM INDICATES DATA IS MISSING.
T  INDICATES TRACE AMOUNT.




$$
