000
CDUS43 KGLD 250038 RRA
CLIITR

CLIMATE REPORT
NATIONAL WEATHER SERVICE GOODLAND
636 PM MDT SAT JUN 24 2017

...................................

...THE BURLINGTON CO CLIMATE SUMMARY FOR JUNE 24 2017...
VALID TODAY AS OF 0600 PM LOCAL TIME.

CLIMATE NORMAL PERIOD 1981 TO 2010
CLIMATE RECORD PERIOD 1896 TO 2017


WEATHER ITEM   OBSERVED TIME   RECORD YEAR NORMAL DEPARTURE LAST
                VALUE   (LST)  VALUE       VALUE  FROM      YEAR
                                                  NORMAL
..................................................................
TEMPERATURE (F)
 TODAY
  MAXIMUM         77    401 PM 107    1954  85     -8       98
  MINIMUM         48    423 AM  42    1940  57     -9       63
  AVERAGE         63                        71     -8       81

PRECIPITATION (IN)
  TODAY            0.00                      0.10  -0.10      T
  MONTH TO DATE    3.21                      2.34   0.87     1.05
  SINCE JUN 1      3.21                      2.34   0.87     1.05
  SINCE JAN 1     14.55                      8.07   6.48     9.29

..................................................................


THE BURLINGTON CO CLIMATE NORMALS FOR TOMORROW
                         NORMAL    RECORD    YEAR
 MAXIMUM TEMPERATURE (F)   86       104      1954
 MINIMUM TEMPERATURE (F)   57        41      1968



-  INDICATES NEGATIVE NUMBERS.
R  INDICATES RECORD WAS SET OR TIED.
MM INDICATES DATA IS MISSING.
T  INDICATES TRACE AMOUNT.

$$
