000
CDUS43 KGLD 200756
CLIITR

CLIMATE REPORT
NATIONAL WEATHER SERVICE GOODLAND
1255 AM MST THU NOV 20 2014


...................................

...THE BURLINGTON CO CLIMATE SUMMARY FOR NOVEMBER 19 2014...

CLIMATE NORMAL PERIOD 1981 TO 2010
CLIMATE RECORD PERIOD 1896 TO 2014


WEATHER ITEM   OBSERVED TIME   RECORD YEAR NORMAL DEPARTURE LAST
                VALUE   (LST)  VALUE       VALUE  FROM      YEAR
                                                  NORMAL
..................................................................
TEMPERATURE (F)
 YESTERDAY
  MAXIMUM         MM        MM  81    2007  51     MM       62
  MINIMUM         22    512 AM   3    1937  22      0       22
  AVERAGE         MM                        37     MM       42

PRECIPITATION (IN)
  YESTERDAY        0.00                      0.02  -0.02     0.00
  MONTH TO DATE    T                         0.46  -0.46     0.19
  SINCE SEP 1      1.76                      2.75  -0.99     6.26
  SINCE JAN 1     11.66                     16.90  -5.24    16.71

..................................................................







THE BURLINGTON CO CLIMATE NORMALS FOR TODAY
                         NORMAL    RECORD    YEAR
 MAXIMUM TEMPERATURE (F)   50        75      1989
 MINIMUM TEMPERATURE (F)   22         3      1929



-  INDICATES NEGATIVE NUMBERS.
R  INDICATES RECORD WAS SET OR TIED.
MM INDICATES DATA IS MISSING.
T  INDICATES TRACE AMOUNT.




$$
