000
CDUS44 KJAN 050808
CLIJAN


CLIMATE REPORT
NATIONAL WEATHER SERVICE JACKSON MS
306 AM CDT SUN JUL 5 2015


...................................

...THE JACKSON CLIMATE SUMMARY FOR JULY 4 2015...

CLIMATE NORMAL PERIOD 1981 TO 2010
CLIMATE RECORD PERIOD 1896 TO 2015


WEATHER ITEM   OBSERVED TIME   RECORD YEAR NORMAL DEPARTURE LAST
                VALUE   (LST)  VALUE       VALUE  FROM      YEAR
                                                  NORMAL
..................................................................
TEMPERATURE (F)
 YESTERDAY
  MAXIMUM         87   1003 AM 105    1902  91     -4       86
  MINIMUM         71   1122 PM  58    1924  71      0       67
  AVERAGE         79                        81     -2       77

PRECIPITATION (IN)
  YESTERDAY        0.15          2.12 1922   0.15   0.00     0.00
  MONTH TO DATE    0.15                      0.63  -0.48      T
  SINCE JUN 1      6.59                      4.75   1.84     6.43
  SINCE JAN 1     34.87                     28.86   6.01    38.03

SNOWFALL (IN)
  YESTERDAY        0.0           0.0    MM   0.0    0.0      0.0
  MONTH TO DATE    0.0                       0.0    0.0      0.0
  SINCE JUN 1      0.0                       0.0    0.0      0.0
  SINCE JUL 1      0.0                       0.0    0.0      0.0

DEGREE DAYS
 HEATING
  YESTERDAY        0                         0      0        0
  MONTH TO DATE    0                         0      0        0
  SINCE JUN 1      0                         0      0        0
  SINCE JUL 1      0                         0      0        0

 COOLING
  YESTERDAY       14                        16     -2       12
  MONTH TO DATE   64                        64      0       64
  SINCE JUN 1    546                       486     60      507
  SINCE JAN 1    999                       844    155      838
..................................................................


WIND (MPH)
  HIGHEST WIND SPEED    25   HIGHEST WIND DIRECTION    NW (330)
  HIGHEST GUST SPEED    37   HIGHEST GUST DIRECTION    NW (330)
  AVERAGE WIND SPEED     7.6


SKY COVER
  POSSIBLE SUNSHINE  MM
  AVERAGE SKY COVER 0.6


WEATHER CONDITIONS
 THE FOLLOWING WEATHER WAS RECORDED YESTERDAY.
  THUNDERSTORM
  RAIN
  LIGHT RAIN
  FOG


RELATIVE HUMIDITY (PERCENT)
 HIGHEST    93          1100 PM
 LOWEST     65          1000 AM
 AVERAGE    79

..........................................................


THE JACKSON CLIMATE NORMALS FOR TODAY
                         NORMAL    RECORD    YEAR
 MAXIMUM TEMPERATURE (F)   92       102      1948
 MINIMUM TEMPERATURE (F)   71        59      1922


SUNRISE AND SUNSET
JULY  5 2015..........SUNRISE   559 AM CDT   SUNSET   811 PM CDT
JULY  6 2015..........SUNRISE   559 AM CDT   SUNSET   811 PM CDT


-  INDICATES NEGATIVE NUMBERS.
R  INDICATES RECORD WAS SET OR TIED.
MM INDICATES DATA IS MISSING.
T  INDICATES TRACE AMOUNT.

&&

AT 3 AM:

THE PEARL RIVER STAGE AT JACKSON WAS 4.2 FEET. THE RIVER ROSE 0.4 FEET
OVER THE PAST 24 HOURS.

THE MISSISSIPPI RIVER STAGE AT VICKSBURG WAS 42.2 FEET. THE RIVER ROSE
0.4 FEET OVER THE PAST 24 HOURS.


$$
