000
CDUS44 KJAN 240736
CLIJAN


CLIMATE REPORT
NATIONAL WEATHER SERVICE JACKSON MS
134 AM CST FRI NOV 24 2017


...................................

...THE JACKSON CLIMATE SUMMARY FOR NOVEMBER 23 2017...

CLIMATE NORMAL PERIOD 1981 TO 2010
CLIMATE RECORD PERIOD 1896 TO 2017


WEATHER ITEM   OBSERVED TIME   RECORD YEAR NORMAL DEPARTURE LAST
                VALUE   (LST)  VALUE       VALUE  FROM      YEAR
                                                  NORMAL
..................................................................
TEMPERATURE (F)
 YESTERDAY
  MAXIMUM         62    258 PM  85    1921  65     -3       70
                                      1913
  MINIMUM         30    637 AM  22    1903  42    -12       55
  AVERAGE         46                        53     -7       63

PRECIPITATION (IN)
  YESTERDAY        0.00          1.95 1983   0.17  -0.17     0.11
  MONTH TO DATE    0.94                      3.50  -2.56     0.81
  SINCE SEP 1      4.19                     10.45  -6.26     1.63
  SINCE JAN 1     58.08                     47.73  10.35    54.83

SNOWFALL (IN)
  YESTERDAY        0.0           T    1971   0.0    0.0      0.0
                                      1964
  MONTH TO DATE    0.0                       0.0    0.0      0.0
  SINCE SEP 1      0.0                       0.0    0.0      0.0
  SINCE JUL 1      0.0                       0.0    0.0      0.0

DEGREE DAYS
 HEATING
  YESTERDAY       19                        12      7        2
  MONTH TO DATE  131                       209    -78      125
  SINCE SEP 1    198                       316   -118      140
  SINCE JUL 1    198                       316   -118      140

 COOLING
  YESTERDAY        0                         0      0        0
  MONTH TO DATE   73                        21     52       29
  SINCE SEP 1    612                       453    159      725
  SINCE JAN 1   2537                      2252    285     2799
..................................................................


WIND (MPH)
  HIGHEST WIND SPEED    15   HIGHEST WIND DIRECTION     N (10)
  HIGHEST GUST SPEED    19   HIGHEST GUST DIRECTION    NE (30)
  AVERAGE WIND SPEED     4.4


SKY COVER
  POSSIBLE SUNSHINE  MM
  AVERAGE SKY COVER 0.0


WEATHER CONDITIONS
 THE FOLLOWING WEATHER WAS RECORDED YESTERDAY.
  NO SIGNIFICANT WEATHER WAS OBSERVED.


RELATIVE HUMIDITY (PERCENT)
 HIGHEST    85           500 AM
 LOWEST     22           300 PM
 AVERAGE    54

..........................................................


THE JACKSON CLIMATE NORMALS FOR TODAY
                         NORMAL    RECORD    YEAR
 MAXIMUM TEMPERATURE (F)   64        86      1921
 MINIMUM TEMPERATURE (F)   42        19      1970


SUNRISE AND SUNSET
NOVEMBER 24 2017......SUNRISE   638 AM CST   SUNSET   456 PM CST
NOVEMBER 25 2017......SUNRISE   639 AM CST   SUNSET   456 PM CST


-  INDICATES NEGATIVE NUMBERS.
R  INDICATES RECORD WAS SET OR TIED.
MM INDICATES DATA IS MISSING.
T  INDICATES TRACE AMOUNT.

&&

AT 1 AM:

THE PEARL RIVER STAGE AT JACKSON WAS 3.5 FEET. THE RIVER REMAINED
STEADY OVER THE PAST 24 HOURS.

THE MISSISSIPPI RIVER STAGE AT VICKSBURG WAS 18.0 FEET. THE RIVER
FELL 1.3 FEET OVER THE PAST 24 HOURS.



$$
