000
CDUS44 KJAN 030644
CLIJAN


CLIMATE REPORT
NATIONAL WEATHER SERVICE JACKSON MS
141 AM CDT THU SEP 3 2015


...................................

...THE JACKSON CLIMATE SUMMARY FOR SEPTEMBER 2 2015...

CLIMATE NORMAL PERIOD 1981 TO 2010
CLIMATE RECORD PERIOD 1896 TO 2015


WEATHER ITEM   OBSERVED TIME   RECORD YEAR NORMAL DEPARTURE LAST
                VALUE   (LST)  VALUE       VALUE  FROM      YEAR
                                                  NORMAL
..................................................................
TEMPERATURE (F)
 YESTERDAY
  MAXIMUM         90    253 PM 103    1951  90      0       92
  MINIMUM         71   1151 PM  52    1903  69      2       72
  AVERAGE         81                        80      1       82

PRECIPITATION (IN)
  YESTERDAY        0.00          1.49 2014   0.11  -0.11     1.49
  MONTH TO DATE    0.35                      0.21   0.14     1.49
  SINCE SEP 1      0.35                      0.21   0.14     1.49
  SINCE JAN 1     36.96                     37.49  -0.53    45.17

SNOWFALL (IN)
  YESTERDAY        0.0           0.0  2002   0.0    0.0      0.0
                                      2001
  MONTH TO DATE    0.0                       0.0    0.0      0.0
  SINCE SEP 1      0.0                       0.0    0.0      0.0
  SINCE JUL 1      0.0                       0.0    0.0      0.0

DEGREE DAYS
 HEATING
  YESTERDAY        0                         0      0        0
  MONTH TO DATE    0                         0      0        0
  SINCE SEP 1      0                         0      0        0
  SINCE JUL 1      0                         0      0        0

 COOLING
  YESTERDAY       16                        15      1       17
  MONTH TO DATE   35                        30      5       36
  SINCE SEP 1     35                        30      5       36
  SINCE JAN 1   2164                      1829    335     1766
..................................................................


WIND (MPH)
  HIGHEST WIND SPEED    13   HIGHEST WIND DIRECTION    SE (140)
  HIGHEST GUST SPEED    16   HIGHEST GUST DIRECTION    SE (150)
  AVERAGE WIND SPEED     1.4


SKY COVER
  POSSIBLE SUNSHINE  MM
  AVERAGE SKY COVER 0.6


WEATHER CONDITIONS
 THE FOLLOWING WEATHER WAS RECORDED YESTERDAY.
  FOG


RELATIVE HUMIDITY (PERCENT)
 HIGHEST    93          1200 AM
 LOWEST     50           300 PM
 AVERAGE    72

..........................................................


THE JACKSON CLIMATE NORMALS FOR TODAY
                         NORMAL    RECORD    YEAR
 MAXIMUM TEMPERATURE (F)   90       102      2000
 MINIMUM TEMPERATURE (F)   69        54      1952


SUNRISE AND SUNSET
SEPTEMBER  3 2015.....SUNRISE   637 AM CDT   SUNSET   722 PM CDT
SEPTEMBER  4 2015.....SUNRISE   637 AM CDT   SUNSET   721 PM CDT


-  INDICATES NEGATIVE NUMBERS.
R  INDICATES RECORD WAS SET OR TIED.
MM INDICATES DATA IS MISSING.
T  INDICATES TRACE AMOUNT.


&&

AT 2 AM:

THE PEARL RIVER STAGE AT JACKSON WAS 3.4 FEET. THE RIVER HAS
FALLEN 0.8 FEET OVER THE PAST 24 HOURS.

THE MISSISSIPPI RIVER STAGE AT VICKSBURG WAS 16.4 FEET. THE RIVER
HAS REMAINED STEADY OVER THE PAST 24 HOURS.

$$
