000
CDUS44 KJAN 230659
CLIJAN


CLIMATE REPORT
NATIONAL WEATHER SERVICE JACKSON MS
158 AM CDT WED AUG 23 2017


...................................

...THE JACKSON CLIMATE SUMMARY FOR AUGUST 22 2017...

CLIMATE NORMAL PERIOD 1981 TO 2010
CLIMATE RECORD PERIOD 1896 TO 2017


WEATHER ITEM   OBSERVED TIME   RECORD YEAR NORMAL DEPARTURE LAST
                VALUE   (LST)  VALUE       VALUE  FROM      YEAR
                                                  NORMAL
..................................................................
TEMPERATURE (F)
 YESTERDAY
  MAXIMUM         93   1257 PM 101    2007  92      1       93
                                      1990
                                      1924
  MINIMUM         73    556 AM  55    1956  71      2       74
  AVERAGE         83                        81      2       84

PRECIPITATION (IN)
  YESTERDAY        0.00          3.11 1960   0.13  -0.13     1.36
  MONTH TO DATE    5.44                      3.22   2.22     8.48
  SINCE JUN 1     21.12                     12.15   8.97    19.81
  SINCE JAN 1     52.61                     36.26  16.35    52.26

SNOWFALL (IN)
  YESTERDAY        0.0           0.0  2002   0.0    0.0      0.0
                                      2001
  MONTH TO DATE    0.0                       0.0    0.0      0.0
  SINCE JUN 1      0.0                       0.0    0.0      0.0
  SINCE JUL 1      0.0                       0.0    0.0      0.0

DEGREE DAYS
 HEATING
  YESTERDAY        0                         0      0        0
  MONTH TO DATE    0                         0      0        0
  SINCE JUN 1      0                         0      0        0
  SINCE JUL 1      0                         0      0        0

 COOLING
  YESTERDAY       18                        16      2       19
  MONTH TO DATE  373                       367      6      406
  SINCE JUN 1   1308                      1304      4     1515
  SINCE JAN 1   1804                      1662    142     1903
..................................................................


WIND (MPH)
  HIGHEST WIND SPEED     9   HIGHEST WIND DIRECTION     S (200)
  HIGHEST GUST SPEED    13   HIGHEST GUST DIRECTION    SW (230)
  AVERAGE WIND SPEED     3.2


SKY COVER
  POSSIBLE SUNSHINE  MM
  AVERAGE SKY COVER 0.2


WEATHER CONDITIONS
 THE FOLLOWING WEATHER WAS RECORDED YESTERDAY.
  THUNDERSTORM
  FOG


RELATIVE HUMIDITY (PERCENT)
 HIGHEST   100           400 AM
 LOWEST     52           200 PM
 AVERAGE    76

..........................................................


THE JACKSON CLIMATE NORMALS FOR TODAY
                         NORMAL    RECORD    YEAR
 MAXIMUM TEMPERATURE (F)   92       103      1924
 MINIMUM TEMPERATURE (F)   71        54      1956


SUNRISE AND SUNSET
AUGUST 23 2017........SUNRISE   630 AM CDT   SUNSET   735 PM CDT
AUGUST 24 2017........SUNRISE   630 AM CDT   SUNSET   734 PM CDT


-  INDICATES NEGATIVE NUMBERS.
R  INDICATES RECORD WAS SET OR TIED.
MM INDICATES DATA IS MISSING.
T  INDICATES TRACE AMOUNT.

&&

AT 1 AM:

THE PEARL RIVER STAGE AT JACKSON WAS 4.0 FEET. THE RIVER FELL 0.4 FEET
OVER THE PAST 24 HOURS.

THE MISSISSIPPI RIVER STAGE AT VICKSBURG WAS 17.9 FEET. THE RIVER FELL
1.1 FEET OVER THE PAST 24 HOURS.


$$
