000
CDUS44 KJAN 191002
CLIJAN

CLIMATE REPORT
NATIONAL WEATHER SERVICE JACKSON MS
357 AM CST FRI DEC 19 2014

...................................

...THE JACKSON CLIMATE SUMMARY FOR DECEMBER 18 2014...

CLIMATE NORMAL PERIOD 1981 TO 2010
CLIMATE RECORD PERIOD 1896 TO 2014


WEATHER ITEM   OBSERVED TIME   RECORD YEAR NORMAL DEPARTURE LAST
                VALUE   (LST)  VALUE       VALUE  FROM      YEAR
                                                  NORMAL
..................................................................
TEMPERATURE (F)
 YESTERDAY
  MAXIMUM         51    439 PM  82    1908  57     -6       66
  MINIMUM         41   1226 AM  13    1901  37      4       31
  AVERAGE         46                        47     -1       49

PRECIPITATION (IN)
  YESTERDAY        0.03          2.19 1995   0.16  -0.13     0.00
  MONTH TO DATE    0.50                      3.11  -2.61     2.02
  SINCE DEC 1      0.50                      3.11  -2.61     2.02
  SINCE JAN 1     52.76                     52.10   0.66    61.78

SNOWFALL (IN)
  YESTERDAY        0.0           0.7  1996   0.0    0.0      0.0
  MONTH TO DATE    0.0                       0.2   -0.2      0.0
  SINCE DEC 1      0.0                       0.2   -0.2      0.0
  SINCE JUL 1      0.0                       0.2   -0.2      0.0

DEGREE DAYS
 HEATING
  YESTERDAY       19                        18      1       16
  MONTH TO DATE  223                       295    -72      327
  SINCE DEC 1    223                       295    -72      327
  SINCE JUL 1    723                       703     20      789

 COOLING
  YESTERDAY        0                         0      0        0
  MONTH TO DATE    2                         0      2        8
  SINCE DEC 1      2                         0      2        8
  SINCE JAN 1   2285                      2253     32     2355
..................................................................


WIND (MPH)
  HIGHEST WIND SPEED    10   HIGHEST WIND DIRECTION    SE (130)
  HIGHEST GUST SPEED    13   HIGHEST GUST DIRECTION    SE (130)
  AVERAGE WIND SPEED     3.8


SKY COVER
  POSSIBLE SUNSHINE  MM
  AVERAGE SKY COVER 0.8


WEATHER CONDITIONS
 THE FOLLOWING WEATHER WAS RECORDED YESTERDAY.
  LIGHT RAIN


RELATIVE HUMIDITY (PERCENT)
 HIGHEST    93           600 PM
 LOWEST     71          1000 AM
 AVERAGE    82

..........................................................


THE JACKSON CLIMATE NORMALS FOR TODAY
                         NORMAL    RECORD    YEAR
 MAXIMUM TEMPERATURE (F)   57        76      2012
                                             1984
 MINIMUM TEMPERATURE (F)   37        14      1901


SUNRISE AND SUNSET
DECEMBER 19 2014......SUNRISE   657 AM CST   SUNSET   458 PM CST
DECEMBER 20 2014......SUNRISE   657 AM CST   SUNSET   459 PM CST


-  INDICATES NEGATIVE NUMBERS.
R  INDICATES RECORD WAS SET OR TIED.
MM INDICATES DATA IS MISSING.
T  INDICATES TRACE AMOUNT.

&&

AT 4 AM:

THE PEARL RIVER STAGE AT JACKSON WAS 5.9 FEET. THE RIVER HAS RISEN 0.7 FEET
OVER THE PAST 24 HOURS.

THE MISSISSIPPI RIVER STAGE AT VICKSBURG WAS 25.4 FEET. THE RIVER
HAS FALLEN 0.3 FEET OVER THE PAST 24 HOURS.

$$
