000
CDUS44 KJAN 310808
CLIJAN


CLIMATE REPORT
NATIONAL WEATHER SERVICE JACKSON MS
204 AM CST SAT JAN 31 2015


...................................

...THE JACKSON CLIMATE SUMMARY FOR JANUARY 30 2015...

CLIMATE NORMAL PERIOD 1981 TO 2010
CLIMATE RECORD PERIOD 1896 TO 2015


WEATHER ITEM   OBSERVED TIME   RECORD YEAR NORMAL DEPARTURE LAST
                VALUE   (LST)  VALUE       VALUE  FROM      YEAR
                                                  NORMAL
..................................................................
TEMPERATURE (F)
 YESTERDAY
  MAXIMUM         58    257 PM  81    1917  57      1       50
  MINIMUM         39    716 AM   3    1904  36      3       14
  AVERAGE         49                        46      3       32

PRECIPITATION (IN)
  YESTERDAY        0.00          2.27 1999   0.18  -0.18     0.00
  MONTH TO DATE    4.72                      4.78  -0.06     1.61
  SINCE DEC 1      8.65                      9.93  -1.28     6.11
  SINCE JAN 1      4.72                      4.78  -0.06     1.61

SNOWFALL (IN)
  YESTERDAY        0.0           4.0  1949   0.0    0.0      0.0
  MONTH TO DATE    0.0                       0.3   -0.3      0.8
  SINCE DEC 1      0.0                       0.6   -0.6      0.8
  SINCE JUL 1      0.0                       0.6   -0.6      0.8

DEGREE DAYS
 HEATING
  YESTERDAY       16                        19     -3       33
  MONTH TO DATE  588                       589     -1      740
  SINCE DEC 1   1016                      1131   -115     1300
  SINCE JUL 1   1516                      1539    -23     1762

 COOLING
  YESTERDAY        0                         0      0        0
  MONTH TO DATE    0                         0      0        0
  SINCE DEC 1      2                         8     -6       12
  SINCE JAN 1      0                         0      0        0
..................................................................


WIND (MPH)
  HIGHEST WIND SPEED    18   HIGHEST WIND DIRECTION     N (360)
  HIGHEST GUST SPEED    24   HIGHEST GUST DIRECTION     N (340)
  AVERAGE WIND SPEED     9.1


SKY COVER
  POSSIBLE SUNSHINE  MM
  AVERAGE SKY COVER 0.2


WEATHER CONDITIONS
 THE FOLLOWING WEATHER WAS RECORDED YESTERDAY.
  NO SIGNIFICANT WEATHER WAS OBSERVED.


RELATIVE HUMIDITY (PERCENT)
 HIGHEST    76          1000 PM
 LOWEST     32           400 PM
 AVERAGE    54

..........................................................


THE JACKSON CLIMATE NORMALS FOR TODAY
                         NORMAL    RECORD    YEAR
 MAXIMUM TEMPERATURE (F)   57        83      2002
 MINIMUM TEMPERATURE (F)   36        16      1940


SUNRISE AND SUNSET
JANUARY 31 2015.......SUNRISE   655 AM CST   SUNSET   533 PM CST
FEBRUARY  1 2015......SUNRISE   655 AM CST   SUNSET   534 PM CST


-  INDICATES NEGATIVE NUMBERS.
R  INDICATES RECORD WAS SET OR TIED.
MM INDICATES DATA IS MISSING.
T  INDICATES TRACE AMOUNT.




$$
