000
CDUS44 KJAN 300655 CCA
CLIJAN

CLIMATE REPORT
NATIONAL WEATHER SERVICE JACKSON MS
146 AM CDT SAT MAY 30 2015


...................................

...THE JACKSON CLIMATE SUMMARY FOR MAY 29 2015...

CLIMATE NORMAL PERIOD 1981 TO 2010
CLIMATE RECORD PERIOD 1896 TO 2015


WEATHER ITEM   OBSERVED TIME   RECORD YEAR NORMAL DEPARTURE LAST
                VALUE   (LST)  VALUE       VALUE  FROM      YEAR
                                                  NORMAL
..................................................................
TEMPERATURE (F)
 YESTERDAY
  MAXIMUM         89    202 PM  99    1911  86      3       82
  MINIMUM         72   1153 PM  51    1961  65      7       69
  AVERAGE         81                        76      5       76

PRECIPITATION (IN)
  YESTERDAY        0.00          2.02 1912   0.15  -0.15     0.72
  MONTH TO DATE    4.82                      4.10   0.72     6.31
  SINCE MAR 1     15.84                     14.10   1.74    24.48
  SINCE JAN 1     26.04                     23.83   2.21    31.53

SNOWFALL (IN)
  YESTERDAY        0.0           0.0    MM   0.0    0.0      0.0
  MONTH TO DATE    0.0                       0.0    0.0      0.0
  SINCE MAR 1      0.3                       0.1    0.2       T
  SINCE JUL 1      0.3                       0.8   -0.5      0.8

DEGREE DAYS
 HEATING
  YESTERDAY        0                         0      0        0
  MONTH TO DATE    2                        10     -8       20
  SINCE MAR 1    227                       397   -170      478
  SINCE JUL 1   2353                      2389    -36     2744

 COOLING
  YESTERDAY       16                        11      5       11
  MONTH TO DATE  254                       218     36      219
  SINCE MAR 1    430                       326    104      302
  SINCE JAN 1    430                       336     94      308
..................................................................


WIND (MPH)
  HIGHEST WIND SPEED    22   HIGHEST WIND DIRECTION    SE (150)
  HIGHEST GUST SPEED    28   HIGHEST GUST DIRECTION    SE (150)
  AVERAGE WIND SPEED     9.3


SKY COVER
  POSSIBLE SUNSHINE  MM
  AVERAGE SKY COVER 0.5


WEATHER CONDITIONS
 THE FOLLOWING WEATHER WAS RECORDED YESTERDAY.
  NO SIGNIFICANT WEATHER WAS OBSERVED.


RELATIVE HUMIDITY (PERCENT)
 HIGHEST    93           100 AM
 LOWEST     53           100 PM
 AVERAGE    73

..........................................................


THE JACKSON CLIMATE NORMALS FOR TODAY
                         NORMAL    RECORD    YEAR
 MAXIMUM TEMPERATURE (F)   87        99      1911
                                             1896
 MINIMUM TEMPERATURE (F)   65        45      1984


SUNRISE AND SUNSET
MAY 30 2015...........SUNRISE   555 AM CDT   SUNSET   801 PM CDT
MAY 31 2015...........SUNRISE   555 AM CDT   SUNSET   802 PM CDT


-  INDICATES NEGATIVE NUMBERS.
R  INDICATES RECORD WAS SET OR TIED.
MM INDICATES DATA IS MISSING.
T  INDICATES TRACE AMOUNT.

&&

AT 1 AM:

THE PEARL RIVER STAGE AT JACKSON WAS 8.5 FEET. THE RIVER HAS RISEN 3.0 FEET
OVER THE LAST 24 HOURS.

THE MISSISSIPPI RIVER STAGE AT VICKSBURG WAS 33.6 FEET. THE RIVER HAS RISEN
0.3 FEET OVER THE LAST 24 HOURS.

$$
