000
CDUS44 KJAN 210811
CLIJAN


CLIMATE REPORT
NATIONAL WEATHER SERVICE JACKSON MS
309 AM CDT THU AUG 21 2014


...................................

...THE JACKSON CLIMATE SUMMARY FOR AUGUST 20 2014...

CLIMATE NORMAL PERIOD 1981 TO 2010
CLIMATE RECORD PERIOD 1896 TO 2014


WEATHER ITEM   OBSERVED TIME   RECORD YEAR NORMAL DEPARTURE LAST
                VALUE   (LST)  VALUE       VALUE  FROM      YEAR
                                                  NORMAL
..................................................................
TEMPERATURE (F)
 YESTERDAY
  MAXIMUM         95    234 PM 104    1925  92      3       90
  MINIMUM         72    545 AM  60    1976  71      1       66
                                      1927
  AVERAGE         84                        81      3       78

PRECIPITATION (IN)
  YESTERDAY        0.00          2.54 1942   0.14  -0.14     0.24
  MONTH TO DATE    2.90                      2.97  -0.07     1.81
  SINCE JUN 1     11.47                     11.90  -0.43     9.45
  SINCE JAN 1     43.07                     36.01   7.06    42.51

SNOWFALL (IN)
  YESTERDAY        0.0           0.0  2002   0.0    0.0      0.0
                                      2001
  MONTH TO DATE    0.0                       0.0    0.0      0.0
  SINCE JUN 1      0.0                       0.0    0.0      0.0
  SINCE JUL 1      0.0                       0.0    0.0      0.0

DEGREE DAYS
 HEATING
  YESTERDAY        0                         0      0        0
  MONTH TO DATE    0                         0      0        0
  SINCE JUN 1      0                         0      0        0
  SINCE JUL 1      0                         0      0        0

 COOLING
  YESTERDAY       19                        16      3       13
  MONTH TO DATE  322                       335    -13      356
  SINCE JUN 1   1205                      1272    -67     1279
  SINCE JAN 1   1536                      1630    -94     1597
..................................................................


WIND (MPH)
  HIGHEST WIND SPEED     9   HIGHEST WIND DIRECTION     S (200)
  HIGHEST GUST SPEED    12   HIGHEST GUST DIRECTION    SW (240)
  AVERAGE WIND SPEED     3.2


SKY COVER
  POSSIBLE SUNSHINE  MM
  AVERAGE SKY COVER 0.2


WEATHER CONDITIONS
 THE FOLLOWING WEATHER WAS RECORDED YESTERDAY.
  NO SIGNIFICANT WEATHER WAS OBSERVED.


RELATIVE HUMIDITY (PERCENT)
 HIGHEST    94           100 AM
 LOWEST     44           200 PM
 AVERAGE    69

..........................................................


THE JACKSON CLIMATE NORMALS FOR TODAY
                         NORMAL    RECORD    YEAR
 MAXIMUM TEMPERATURE (F)   92       103      2000
 MINIMUM TEMPERATURE (F)   71        55      1991


SUNRISE AND SUNSET
AUGUST 21 2014........SUNRISE   628 AM CDT   SUNSET   738 PM CDT
AUGUST 22 2014........SUNRISE   629 AM CDT   SUNSET   737 PM CDT


-  INDICATES NEGATIVE NUMBERS.
R  INDICATES RECORD WAS SET OR TIED.
MM INDICATES DATA IS MISSING.
T  INDICATES TRACE AMOUNT.

&&

AT 3 AM:

THE PEARL RIVER STAGE AT JACKSON WAS 3.8 FEET. THE RIVER HAS LOWERED 0.1
FEET OVER THE LAST 24 HOURS.

THE MISSISSIPPI RIVER STAGE AT VICKSBURG WAS 11.9 FEET. THE RIVER
HAS RISEN 0.1 FEET OVER THE LAST 24 HOURS.



$$
