000
CDUS44 KJAN 280821
CLIJAN


CLIMATE REPORT
NATIONAL WEATHER SERVICE JACKSON MS
319 AM CDT SAT MAR 28 2015


...................................

...THE JACKSON CLIMATE SUMMARY FOR MARCH 27 2015...

CLIMATE NORMAL PERIOD 1981 TO 2010
CLIMATE RECORD PERIOD 1896 TO 2015


WEATHER ITEM   OBSERVED TIME   RECORD YEAR NORMAL DEPARTURE LAST
                VALUE   (LST)  VALUE       VALUE  FROM      YEAR
                                                  NORMAL
..................................................................
TEMPERATURE (F)
 YESTERDAY
  MAXIMUM         63    154 PM  88    1935  71     -8       75
  MINIMUM         42    635 AM  23    1955  48     -6       48
  AVERAGE         53                        60     -7       62

PRECIPITATION (IN)
  YESTERDAY        0.00          6.28 1902   0.17  -0.17     1.40
  MONTH TO DATE    7.27                      4.35   2.92     3.35
  SINCE MAR 1      7.27                      4.35   2.92     3.35
  SINCE JAN 1     17.47                     14.08   3.39    10.40

SNOWFALL (IN)
  YESTERDAY        0.0           T    1982   0.0    0.0      0.0
  MONTH TO DATE    0.3                       0.1    0.2       T
  SINCE MAR 1      0.3                       0.1    0.2       T
  SINCE JUL 1      0.3                       0.8   -0.5      0.8

DEGREE DAYS
 HEATING
  YESTERDAY       12                         7      5        3
  MONTH TO DATE  173                       253    -80      319
  SINCE MAR 1    173                       253    -80      319
  SINCE JUL 1   2299                      2245     54     2585

 COOLING
  YESTERDAY        0                         1     -1        0
  MONTH TO DATE   28                        24      4        1
  SINCE MAR 1     28                        24      4        1
  SINCE JAN 1     28                        34     -6        7
..................................................................


WIND (MPH)
  HIGHEST WIND SPEED    22   HIGHEST WIND DIRECTION     N (340)
  HIGHEST GUST SPEED    28   HIGHEST GUST DIRECTION     N (350)
  AVERAGE WIND SPEED    10.1


SKY COVER
  POSSIBLE SUNSHINE  MM
  AVERAGE SKY COVER 0.3


WEATHER CONDITIONS
 THE FOLLOWING WEATHER WAS RECORDED YESTERDAY.
  NO SIGNIFICANT WEATHER WAS OBSERVED.


RELATIVE HUMIDITY (PERCENT)
 HIGHEST    89           500 AM
 LOWEST     34           200 PM
 AVERAGE    62

..........................................................


THE JACKSON CLIMATE NORMALS FOR TODAY
                         NORMAL    RECORD    YEAR
 MAXIMUM TEMPERATURE (F)   72        90      1910
 MINIMUM TEMPERATURE (F)   48        31      1978
                                             1937
                                             1913


SUNRISE AND SUNSET
MARCH 28 2015.........SUNRISE   654 AM CDT   SUNSET   717 PM CDT
MARCH 29 2015.........SUNRISE   653 AM CDT   SUNSET   718 PM CDT


-  INDICATES NEGATIVE NUMBERS.
R  INDICATES RECORD WAS SET OR TIED.
MM INDICATES DATA IS MISSING.
T  INDICATES TRACE AMOUNT.

&&

AT 3 AM:

THE PEARL RIVER STAGE AT JACKSON WAS AT 19.4 FEET. THE RIVER HAS FALLEN
1.6 FEET OVER THE LAST 24 HOURS.

THE MISSISSIPPI RIVER STAGE AT VICKSBURG WAS 42.3 FEET. THE RIVER HAS RISEN
0.2 FEET OVER THE LAST 24 HOURS.

$$
