000
CDUS44 KJAN 032217
CLIJAN


CLIMATE REPORT
NATIONAL WEATHER SERVICE JACKSON MS
415 PM CST TUE MAR 3 2015


...................................

...THE JACKSON CLIMATE SUMMARY FOR MARCH 3 2015...
VALID TODAY AS OF 0400 PM LOCAL TIME.

CLIMATE NORMAL PERIOD 1981 TO 2010
CLIMATE RECORD PERIOD 1896 TO 2015


WEATHER ITEM   OBSERVED TIME   RECORD YEAR NORMAL DEPARTURE LAST
                VALUE   (LST)  VALUE       VALUE  FROM      YEAR
                                                  NORMAL
..................................................................
TEMPERATURE (F)
 TODAY
  MAXIMUM         76    227 PM  84    1953  65     11       44
  MINIMUM         52    149 AM  15    1980  43      9       26
  AVERAGE         64                        54     10       35

PRECIPITATION (IN)
  TODAY            0.02          2.93 1934   0.16  -0.14     0.12
  MONTH TO DATE    0.96                      0.49   0.47     0.15
  SINCE MAR 1      0.96                      0.49   0.47     0.15
  SINCE JAN 1     11.16                     10.22   0.94     7.20

SNOWFALL (IN)
  TODAY            0.0           T    2014   0.0    0.0       T
                                      1978
                                      1975
  MONTH TO DATE    0.0                       0.0    0.0       T
  SINCE MAR 1      0.0                       0.0    0.0       T
  SINCE JUL 1      T                         0.7   -0.7      0.8

DEGREE DAYS
 HEATING
  TODAY            1                        12    -11       30
  MONTH TO DATE   23                        36    -13       33
  SINCE MAR 1     23                        36    -13       33
  SINCE JUL 1   2149                      2028    121     2299

 COOLING
  TODAY            0                         0      0        0
  MONTH TO DATE    0                         0      0        0
  SINCE MAR 1      0                         0      0        0
  SINCE JAN 1      0                        10    -10        6
..................................................................


WIND (MPH)
  HIGHEST WIND SPEED    20   HIGHEST WIND DIRECTION     S (170)
  HIGHEST GUST SPEED    28   HIGHEST GUST DIRECTION     S (170)
  AVERAGE WIND SPEED     5.1


SKY COVER
  POSSIBLE SUNSHINE  MM
  AVERAGE SKY COVER 0.9


WEATHER CONDITIONS
 THE FOLLOWING WEATHER WAS RECORDED TODAY.
  LIGHT RAIN
  FOG
  FOG W/VISIBILITY <= 1/4 MILE


RELATIVE HUMIDITY (PERCENT)
 HIGHEST   100           500 AM
 LOWEST     73          1200 PM
 AVERAGE    87

..........................................................


THE JACKSON CLIMATE NORMALS FOR TOMORROW
                         NORMAL    RECORD    YEAR
 MAXIMUM TEMPERATURE (F)   65        88      1910
 MINIMUM TEMPERATURE (F)   43        19      1968


SUNRISE AND SUNSET
MARCH  3 2015.........SUNRISE   626 AM CST   SUNSET   559 PM CST
MARCH  4 2015.........SUNRISE   624 AM CST   SUNSET   600 PM CST


-  INDICATES NEGATIVE NUMBERS.
R  INDICATES RECORD WAS SET OR TIED.
MM INDICATES DATA IS MISSING.
T  INDICATES TRACE AMOUNT.

&&

AT 4 PM:

THE PEARL RIVER STAGE AT JACKSON WAS 25.0 FEET. THE RIVER HAS
FALLEN 1.3 FEET OVER THE PAST 24 HOURS.

THE MISSISSIPPI RIVER STAGE AT VICKSBURG WAS 23.9 FEET. THE
RIVER HAS RISEN 1.2 FEET OVER THE PAST 24 HOURS.

THE AIR QUALITY INDEX AT JACKSON WAS GOOD.



$$
