000
CDUS42 KJAX 220535
CLIJAX


CLIMATE REPORT
NATIONAL WEATHER SERVICE JACKSONVILLE FL
1234 AM EST SUN JAN 22 2017


...................................

...THE JACKSONVILLE CLIMATE SUMMARY FOR JANUARY 21 2017...

CLIMATE NORMAL PERIOD 1981 TO 2010
CLIMATE RECORD PERIOD 1871 TO 2017


WEATHER ITEM   OBSERVED TIME   RECORD YEAR NORMAL DEPARTURE LAST
                VALUE   (LST)  VALUE       VALUE  FROM      YEAR
                                                  NORMAL
..................................................................
TEMPERATURE (F)
 YESTERDAY
  MAXIMUM         84R   214 PM  83    1929  65     19       70
  MINIMUM         62    757 PM   7    1985  41     21       35
  AVERAGE         73                        53     20       53

PRECIPITATION (IN)
  YESTERDAY        0.62          1.71 2010   0.12   0.50     0.00
  MONTH TO DATE    3.14                      2.14   1.00     2.36
  SINCE DEC 1      5.43                      4.94   0.49     2.92
  SINCE JAN 1      3.14                      2.14   1.00     2.36

SNOWFALL (IN)
  YESTERDAY        0.0           T    1985   0.0    0.0      0.0
  MONTH TO DATE    0.0                       0.0    0.0      0.0
  SINCE DEC 1      0.0                       T      0.0      0.0
  SINCE JUL 1      0.0                       T      0.0      0.0
  SNOW DEPTH       0

DEGREE DAYS
 HEATING
  YESTERDAY        0                        12    -12       12
  MONTH TO DATE  103                       265   -162      293
  SINCE DEC 1    283                       588   -305      380
  SINCE JUL 1    413                       761   -348      434

 COOLING
  YESTERDAY        8                         0      8        0
  MONTH TO DATE   31                         0     31        0
  SINCE DEC 1     74                        21     53      141
  SINCE JAN 1     31                         0     31        0
..................................................................


WIND (MPH)
  HIGHEST WIND SPEED    31   HIGHEST WIND DIRECTION    NW (310)
  HIGHEST GUST SPEED    41   HIGHEST GUST DIRECTION    NW (310)
  AVERAGE WIND SPEED     9.9


SKY COVER
  POSSIBLE SUNSHINE  MM
  AVERAGE SKY COVER 0.8


WEATHER CONDITIONS
 THE FOLLOWING WEATHER WAS RECORDED YESTERDAY.
  THUNDERSTORM
  HEAVY RAIN
  RAIN
  LIGHT RAIN
  FOG


RELATIVE HUMIDITY (PERCENT)
 HIGHEST   100           100 AM
 LOWEST     47           200 PM
 AVERAGE    74

..........................................................


THE JACKSONVILLE CLIMATE NORMALS FOR TODAY
                         NORMAL    RECORD    YEAR
 MAXIMUM TEMPERATURE (F)   65        82      1999
 MINIMUM TEMPERATURE (F)   42        16      1985


SUNRISE AND SUNSET
JANUARY 22 2017.......SUNRISE   723 AM EST   SUNSET   555 PM EST
JANUARY 23 2017.......SUNRISE   722 AM EST   SUNSET   556 PM EST


-  INDICATES NEGATIVE NUMBERS.
R  INDICATES RECORD WAS SET OR TIED.
MM INDICATES DATA IS MISSING.
T  INDICATES TRACE AMOUNT.




$$
