000
CDUS42 KJAX 270531
CLIJAX


CLIMATE REPORT
NATIONAL WEATHER SERVICE JACKSONVILLE FL
1231 AM EST FRI FEB 27 2015


...................................

...THE JACKSONVILLE CLIMATE SUMMARY FOR FEBRUARY 26 2015...

CLIMATE NORMAL PERIOD 1981 TO 2010
CLIMATE RECORD PERIOD 1871 TO 2015


WEATHER ITEM   OBSERVED TIME   RECORD YEAR NORMAL DEPARTURE LAST
                VALUE   (LST)  VALUE       VALUE  FROM      YEAR
                                                  NORMAL
..................................................................
TEMPERATURE (F)
 YESTERDAY
  MAXIMUM         67    216 AM  88    1962  70     -3       62
  MINIMUM         47   1159 PM  22    1967  47      0       49
  AVERAGE         57                        58     -1       56

PRECIPITATION (IN)
  YESTERDAY        0.62          1.19 1958   0.12   0.50     0.51
  MONTH TO DATE    3.30                      2.95   0.35     2.74
  SINCE DEC 1     10.12                      9.05   1.07    10.57
  SINCE JAN 1      6.38                      6.25   0.13     9.71

SNOWFALL (IN)
  YESTERDAY        0.0           0.0  2002   0.0    0.0      0.0
  MONTH TO DATE    0.0                       0.0    0.0      0.0
  SINCE DEC 1      T                         T      0.0      0.0
  SINCE JUL 1      T                         T      0.0      0.0
  SNOW DEPTH       0

DEGREE DAYS
 HEATING
  YESTERDAY        8                         7      1        9
  MONTH TO DATE  344                       242    102      198
  SINCE DEC 1    934                       945    -11      891
  SINCE JUL 1   1218                      1118    100     1047

 COOLING
  YESTERDAY        0                         1     -1        0
  MONTH TO DATE    0                        21    -21       21
  SINCE DEC 1     37                        53    -16       80
  SINCE JAN 1     13                        32    -19       30
..................................................................


WIND (MPH)
  HIGHEST WIND SPEED    29   HIGHEST WIND DIRECTION     W (250)
  HIGHEST GUST SPEED    36   HIGHEST GUST DIRECTION    SW (240)
  AVERAGE WIND SPEED    10.6


SKY COVER
  POSSIBLE SUNSHINE  MM
  AVERAGE SKY COVER 0.9


WEATHER CONDITIONS
 THE FOLLOWING WEATHER WAS RECORDED YESTERDAY.
  THUNDERSTORM
  HEAVY RAIN
  RAIN
  LIGHT RAIN
  FOG


RELATIVE HUMIDITY (PERCENT)
 HIGHEST   100          1200 AM
 LOWEST     55           400 PM
 AVERAGE    78

..........................................................


THE JACKSONVILLE CLIMATE NORMALS FOR TODAY
                         NORMAL    RECORD    YEAR
 MAXIMUM TEMPERATURE (F)   70        86      1962
 MINIMUM TEMPERATURE (F)   47        25      1974


SUNRISE AND SUNSET
FEBRUARY 27 2015......SUNRISE   655 AM EST   SUNSET   624 PM EST
FEBRUARY 28 2015......SUNRISE   654 AM EST   SUNSET   625 PM EST


-  INDICATES NEGATIVE NUMBERS.
R  INDICATES RECORD WAS SET OR TIED.
MM INDICATES DATA IS MISSING.
T  INDICATES TRACE AMOUNT.




$$
