082
CDUS42 KJAX 290531
CLIJAX


CLIMATE REPORT
NATIONAL WEATHER SERVICE JACKSONVILLE FL
131 AM EDT SUN MAY 29 2016


...................................

...THE JACKSONVILLE CLIMATE SUMMARY FOR MAY 28 2016...

CLIMATE NORMAL PERIOD 1981 TO 2010
CLIMATE RECORD PERIOD 1871 TO 2016


WEATHER ITEM   OBSERVED TIME   RECORD YEAR NORMAL DEPARTURE LAST
                VALUE   (LST)  VALUE       VALUE  FROM      YEAR
                                                  NORMAL
..................................................................
TEMPERATURE (F)
 YESTERDAY
  MAXIMUM         86   1249 PM  99    1967  88     -2       84
  MINIMUM         63    422 AM  52    1988  66     -3       62
  AVERAGE         75                        77     -2       73

PRECIPITATION (IN)
  YESTERDAY        0.03          4.47 1922   0.10  -0.07     0.00
  MONTH TO DATE    2.29                      2.12   0.17     0.14
  SINCE MAR 1      6.81                      8.71  -1.90     5.10
  SINCE JAN 1     14.46                     15.20  -0.74    11.50

SNOWFALL (IN)
  YESTERDAY        0.0           0.0  2002   0.0    0.0      0.0
                                      2001
  MONTH TO DATE    0.0                       0.0    0.0      0.0
  SINCE MAR 1      0.0                       T      0.0      0.0
  SINCE JUL 1      0.0                       T      0.0       T
  SNOW DEPTH       0

DEGREE DAYS
 HEATING
  YESTERDAY        0                         0      0        0
  MONTH TO DATE    6                         3      3        2
  SINCE MAR 1    101                       214   -113       89
  SINCE JUL 1    949                      1347   -398     1337

 COOLING
  YESTERDAY       10                        12     -2        8
  MONTH TO DATE  260                       251      9      280
  SINCE MAR 1    512                       418     94      603
  SINCE JAN 1    536                       447     89      616
..................................................................


WIND (MPH)
  HIGHEST WIND SPEED    20   HIGHEST WIND DIRECTION     N (20)
  HIGHEST GUST SPEED    26   HIGHEST GUST DIRECTION    NE (60)
  AVERAGE WIND SPEED     7.0


SKY COVER
  POSSIBLE SUNSHINE  MM
  AVERAGE SKY COVER 0.4


WEATHER CONDITIONS
 THE FOLLOWING WEATHER WAS RECORDED YESTERDAY.
  HAZE


RELATIVE HUMIDITY (PERCENT)
 HIGHEST   100           200 AM
 LOWEST     61          1200 PM
 AVERAGE    81

..........................................................


THE JACKSONVILLE CLIMATE NORMALS FOR TODAY
                         NORMAL    RECORD    YEAR
 MAXIMUM TEMPERATURE (F)   88        97      1967
 MINIMUM TEMPERATURE (F)   67        53      1988


SUNRISE AND SUNSET
MAY 29 2016...........SUNRISE   626 AM EDT   SUNSET   823 PM EDT
MAY 30 2016...........SUNRISE   625 AM EDT   SUNSET   824 PM EDT


-  INDICATES NEGATIVE NUMBERS.
R  INDICATES RECORD WAS SET OR TIED.
MM INDICATES DATA IS MISSING.
T  INDICATES TRACE AMOUNT.




$$
