000
CDUS42 KJAX 020531
CLIJAX


CLIMATE REPORT
NATIONAL WEATHER SERVICE JACKSONVILLE FL
131 AM EDT THU OCT 2 2014


...................................

...THE JACKSONVILLE CLIMATE SUMMARY FOR OCTOBER 1 2014...

CLIMATE NORMAL PERIOD 1981 TO 2010
CLIMATE RECORD PERIOD 1871 TO 2014


WEATHER ITEM   OBSERVED TIME   RECORD YEAR NORMAL DEPARTURE LAST
                VALUE   (LST)  VALUE       VALUE  FROM      YEAR
                                                  NORMAL
..................................................................
TEMPERATURE (F)
 YESTERDAY
  MAXIMUM         82   1238 PM  94    1959  84     -2       81
                                      1958
  MINIMUM         70   1159 PM  48    1920  66      4       63
  AVERAGE         76                        75      1       72

PRECIPITATION (IN)
  YESTERDAY        0.00          5.14 1890   0.21  -0.21     0.00
  MONTH TO DATE    0.00                      0.21  -0.21     0.00
  SINCE SEP 1      9.80                      8.40   1.40     3.58
  SINCE JAN 1     45.89                     43.76   2.13    39.94

SNOWFALL (IN)
  YESTERDAY        0.0           0.0  2002   0.0    0.0      0.0
                                      2001
  MONTH TO DATE    0.0                       0.0    0.0      0.0
  SINCE SEP 1      0.0                       0.0    0.0      0.0
  SINCE JUL 1      0.0                       0.0    0.0      0.0
  SNOW DEPTH       0

DEGREE DAYS
 HEATING
  YESTERDAY        0                         0      0        0
  MONTH TO DATE    0                         0      0        0
  SINCE SEP 1      0                         0      0        0
  SINCE JUL 1      0                         0      0        0

 COOLING
  YESTERDAY       11                        10      1        7
  MONTH TO DATE   11                        10      1        7
  SINCE SEP 1    402                       406     -4      417
  SINCE JAN 1   2390                      2396     -6     2346
..................................................................


WIND (MPH)
  HIGHEST WIND SPEED    14   HIGHEST WIND DIRECTION    NE (60)
  HIGHEST GUST SPEED    16   HIGHEST GUST DIRECTION    NE (60)
  AVERAGE WIND SPEED     4.6


SKY COVER
  POSSIBLE SUNSHINE  MM
  AVERAGE SKY COVER 0.8


WEATHER CONDITIONS
 THE FOLLOWING WEATHER WAS RECORDED YESTERDAY.
  FOG


RELATIVE HUMIDITY (PERCENT)
 HIGHEST   100           900 PM
 LOWEST     74          1200 PM
 AVERAGE    87

..........................................................


THE JACKSONVILLE CLIMATE NORMALS FOR TODAY
                         NORMAL    RECORD    YEAR
 MAXIMUM TEMPERATURE (F)   84        93      1986
                                             1977
 MINIMUM TEMPERATURE (F)   65        43      1876


SUNRISE AND SUNSET
OCTOBER  2 2014.......SUNRISE   721 AM EDT   SUNSET   711 PM EDT
OCTOBER  3 2014.......SUNRISE   721 AM EDT   SUNSET   710 PM EDT


-  INDICATES NEGATIVE NUMBERS.
R  INDICATES RECORD WAS SET OR TIED.
MM INDICATES DATA IS MISSING.
T  INDICATES TRACE AMOUNT.




$$
